{"id":1803,"date":"2017-12-30T21:00:30","date_gmt":"2017-12-30T21:00:30","guid":{"rendered":"http:\/\/biblian.is\/biblian\/fimmta-m%c2%97seb%c2%97k-33-kafli\/"},"modified":"2024-05-06T22:32:00","modified_gmt":"2024-05-06T22:32:00","slug":"fimmta-mosebok-33-kafli","status":"publish","type":"page","link":"https:\/\/biblian.is\/biblian\/fimmta-mosebok-33-kafli\/","title":{"rendered":"Fimmta M\u00f3seb\u00f3k 33. kafli"},"content":{"rendered":"<h3 class=\"millifyrirsogn_2007\"> M\u00f3se blessar \u00e6ttkv\u00edslir \u00cdsraels<\/h3>\n<p><a name=\"1\"><span class=\"versanumer_2007\">1<\/span><\/a> \u00deannig blessa\u00f0i gu\u00f0sma\u00f0urinn M\u00f3se \u00cdsraelsmenn \u00e1\u00f0ur en hann d\u00f3:<br \/> <span class=\"ljodatexti\"> <a name=\"2\"><span class=\"versanumer_ljod\">2<\/span><\/a>Drottinn kom fr\u00e1 S\u00edna\u00ed,<br \/> hann l\u00fdsti \u00feeim fr\u00e1 Se\u00edr,<br \/> lj\u00f3ma\u00f0i fr\u00e1 Paranfj\u00f6llum.<br \/> Hann steig fram \u00far flokki \u00fe\u00fasunda heilagra,<br \/> \u00e1 h\u00e6gri h\u00f6nd honum brann eldur l\u00f6gm\u00e1lsins.<br \/> <\/span> <span class=\"ljodatexti\"> <a name=\"3\"><span class=\"versanumer_ljod\">3<\/span><\/a>\u00de\u00fa sem elskar \u00fej\u00f3\u00f0irnar,<br \/> allir \u00feeirra heil\u00f6gu eru \u00ed hendi \u00feinni.<br \/> \u00deeir hafa falli\u00f0 \u00fe\u00e9r til f\u00f3ta,<br \/> r\u00edsa \u00e1 f\u00e6tur er \u00fe\u00fa skipar.<br \/> <\/span> <span class=\"ljodatexti\"> <a name=\"4\"><span class=\"versanumer_ljod\">4<\/span><\/a>M\u00f3se setti oss l\u00f6g<br \/> sem eru eign safna\u00f0ar Jakobs.<br \/> <\/span> <span class=\"ljodatexti\"> <a name=\"5\"><span class=\"versanumer_ljod\">5<\/span><\/a>Jesj\u00far\u00fan f\u00e9kk konung<br \/> \u00feegar h\u00f6f\u00f0ingjar \u00fej\u00f3\u00f0arinnar komu saman,<br \/> \u00e6ttb\u00e1lkar \u00cdsraels sameina\u00f0ir.<br \/> <\/span> <span class=\"ljodatexti\"> <a name=\"6\"><span class=\"versanumer_ljod\">6<\/span><\/a>R\u00faben skal lifa en ekki deyja \u00fat<br \/> \u00fe\u00f3tt hann ver\u00f0i f\u00e1mennur.<br \/> <\/span> <a name=\"7\"><span class=\"versanumer_2007\">7<\/span><\/a> \u00deetta sag\u00f0i hann um J\u00fada:<br \/><span class=\"ljodatexti\"> Heyr, Drottinn, r\u00f6dd J\u00fada,<br \/> leiddu hann heim til \u00fej\u00f3\u00f0ar sinnar.<br \/> Hann bar\u00f0ist fyrir hana me\u00f0 h\u00f6ndum s\u00ednum,<br \/> hj\u00e1lpa honum gegn fjandm\u00f6nnum hans.<br \/><\/span> <a name=\"8\"><span class=\"versanumer_2007\">8<\/span><\/a> Um Lev\u00ed sag\u00f0i hann:<br \/><span class=\"ljodatexti\"> T\u00famm\u00edm \u00fe\u00edn hafa veri\u00f0 falin Lev\u00ed<br \/> og \u00far\u00edm \u00fe\u00edn \u00feeim sem \u00fe\u00fa treystir.<br \/> \u00de\u00fa reyndir hann hj\u00e1 Mara,<br \/> s\u00f3ttir hann til saka vi\u00f0 Mer\u00edbavatn,<br \/> <\/span> <span class=\"ljodatexti\"> <a name=\"9\"><span class=\"versanumer_ljod\">9<\/span><\/a>hann sem sag\u00f0i um f\u00f6\u00f0ur sinn og m\u00f3\u00f0ur:<br \/> \u201e\u00deau hef \u00e9g aldrei s\u00e9\u00f0,\u201c<br \/> og kanna\u00f0ist ekki vi\u00f0 br\u00e6\u00f0ur s\u00edna,<br \/> leit ekki vi\u00f0 b\u00f6rnum s\u00ednum.<br \/> \u00dev\u00ed a\u00f0 Lev\u00edtarnir h\u00e9ldu bo\u00f0 \u00feitt<br \/> og hafa var\u00f0veitt s\u00e1ttm\u00e1la \u00feinn.<br \/> <\/span> <span class=\"ljodatexti\"> <a name=\"10\"><span class=\"versanumer_ljod\">10<\/span><\/a>\u00deeir kenna Jakobi fyrirm\u00e6li \u00fe\u00edn<br \/> og \u00cdsrael l\u00f6g \u00fe\u00edn.<br \/> \u00deeir f\u00f3rna \u00fe\u00e9r reykelsisilmi<br \/> og leggja alf\u00f3rn \u00e1 altari \u00feitt.<br \/> <\/span> <span class=\"ljodatexti\"> <a name=\"11\"><span class=\"versanumer_ljod\">11<\/span><\/a>Blessa \u00fe\u00fa, Drottinn, eignir hans<br \/> og megi \u00fe\u00e9r \u00fe\u00f3knast verk hans.<br \/> Brj\u00f3t \u00fe\u00fa lendar fjandmanna hans<br \/> og hatursmanna svo a\u00f0 \u00feeir r\u00edsi ekki upp aftur.<br \/> <\/span> <a name=\"12\"><span class=\"versanumer_2007\">12<\/span><\/a> Um Benjam\u00edn sag\u00f0i hann:<br \/><span class=\"ljodatexti\"> S\u00e1 sem Drottinn elskar<br \/> skal vera \u00f3hultur hj\u00e1 honum.<br \/> Hinn h\u00e6sti verndar hann hvern dag,<br \/> hann b\u00fdr milli fjallshl\u00ed\u00f0a hans.<br \/> <\/span> <a name=\"13\"><span class=\"versanumer_2007\">13<\/span><\/a> Um J\u00f3sef sag\u00f0i hann:<br \/><span class=\"ljodatexti\"> Land hans s\u00e9 blessa\u00f0 af Drottni,<br \/> me\u00f0 g\u00e6\u00f0um himins, me\u00f0 d\u00f6gginni<br \/> og vatni dj\u00fapsins sem undir hv\u00edlir,<br \/> <\/span> <span class=\"ljodatexti\"> <a name=\"14\"><span class=\"versanumer_ljod\">14<\/span><\/a>me\u00f0 \u00feeim g\u00e6\u00f0um sem s\u00f3lin f\u00e6rir,<br \/> r\u00edkulegum gj\u00f6fum m\u00e1nans,<br \/> <\/span> <span class=\"ljodatexti\"> <a name=\"15\"><span class=\"versanumer_ljod\">15<\/span><\/a>hinu besta fr\u00e1 eldfornum fj\u00f6llum,<br \/> \u00fev\u00ed d\u00fdrm\u00e6tasta af eil\u00edfum h\u00e6\u00f0um,<br \/> <\/span> <span class=\"ljodatexti\"> <a name=\"16\"><span class=\"versanumer_ljod\">16<\/span><\/a>me\u00f0 n\u00e6gtum landsins og \u00f6llu sem \u00e1 \u00fev\u00ed er,<br \/> og n\u00e1\u00f0 hans sem \u00ed \u00feyrnirunnanum b\u00fdr.<br \/> \u00deessi blessun komi yfir h\u00f6fu\u00f0 J\u00f3sefs,<br \/> yfir hvirfil hans sem er h\u00f6f\u00f0ingi br\u00e6\u00f0ra sinna.<br \/> <\/span> <span class=\"ljodatexti\"> <a name=\"17\"><span class=\"versanumer_ljod\">17<\/span><\/a>Tignarlegur er frumbur\u00f0ur nautsins.<br \/> Horn hans eru v\u00edsundarhorn,<br \/> me\u00f0 \u00feeim rekur hann \u00fej\u00f3\u00f0ir undir,<br \/> hrekur \u00fe\u00e6r allar til endimarka jar\u00f0ar.<br \/> \u00deetta eru tug\u00fe\u00fasundir Efra\u00edms,<br \/> \u00fe\u00fasundir Manasse.<br \/> <\/span> <a name=\"18\"><span class=\"versanumer_2007\">18<\/span><\/a> Um Seb\u00falon sag\u00f0i hann:<br \/><span class=\"ljodatexti\"> Gle\u00f0stu, Seb\u00falon, \u00feegar \u00fe\u00fa heldur \u00far h\u00f6fn,<br \/> og \u00fe\u00fa, \u00cdssakar, \u00ed tj\u00f6ldum \u00fe\u00ednum.<br \/> <\/span> <span class=\"ljodatexti\"> <a name=\"19\"><span class=\"versanumer_ljod\">19<\/span><\/a>\u00deeir stefna \u00e6ttb\u00e1lkum til fjallsins<br \/> og f\u00e6ra \u00fear r\u00e9ttar f\u00f3rnir.<br \/> \u00deeir ausa af gn\u00f3tt hafsins<br \/> og fj\u00e1rsj\u00f3\u00f0um huldum sandi.<br \/> <\/span> <a name=\"20\"><span class=\"versanumer_2007\">20<\/span><\/a> Um Ga\u00f0 sag\u00f0i hann:<br \/><span class=\"ljodatexti\"> Lofa\u00f0ur s\u00e9 s\u00e1 sem eykur vi\u00f0 land Ga\u00f0s.<br \/> Hann liggur \u00ed leyni sem lj\u00f3nynja,<br \/> sl\u00edtur s\u00ed\u00f0an af arm og h\u00f6fu\u00f0.<br \/> <\/span> <span class=\"ljodatexti\"> <a name=\"21\"><span class=\"versanumer_ljod\">21<\/span><\/a>Hann valdi s\u00e9r landi\u00f0 sem fyrst var teki\u00f0,<br \/> landi\u00f0 sem \u00e6tla\u00f0 var lei\u00f0toganum.<br \/> \u00dear koma h\u00f6f\u00f0ingjar f\u00f3lksins saman.<br \/> Hann framfylgdi r\u00e9ttl\u00e6ti Drottins<br \/> og l\u00f6gum hans \u00ed \u00cdsrael.<br \/> <\/span> <a name=\"22\"><span class=\"versanumer_2007\">22<\/span><\/a> Um Dan sag\u00f0i hann:<br \/> <span class=\"ljodatexti\"> Dan er lj\u00f3nshvolpur<br \/> sem kemur st\u00f6kkvandi fr\u00e1 Basan.<br \/> <\/span> <a name=\"23\"><span class=\"versanumer_2007\">23<\/span><\/a> Um Naftal\u00ed sag\u00f0i hann:<br \/><span class=\"ljodatexti\"> Naftal\u00ed er saddur af velvild,<br \/> metta\u00f0ur af blessun Drottins.<br \/> Hann skal hlj\u00f3ta vatni\u00f0 og Su\u00f0urlandi\u00f0.<br \/> <\/span> <a name=\"24\"><span class=\"versanumer_2007\">24<\/span><\/a> Um Asser sag\u00f0i hann:<br \/> <span class=\"ljodatexti\"> Asser s\u00e9 blessa\u00f0ur umfram hina synina,<br \/> hann s\u00e9 eftirl\u00e6ti br\u00e6\u00f0ra sinna<br \/> og laugi f\u00f3t sinn ol\u00edu.<br \/> <\/span> <span class=\"ljodatexti\"> <a name=\"25\"><span class=\"versanumer_ljod\">25<\/span><\/a> Slagbrandar \u00fe\u00ednir skulu vera \u00far j\u00e1rni og eir,<br \/> afl \u00feitt endist \u00fe\u00e9r alla \u00e6vi.<br \/> <\/span> <span class=\"ljodatexti\"> <a name=\"26\"><span class=\"versanumer_ljod\">26<\/span><\/a> Enginn er sem Gu\u00f0 Jesj\u00far\u00fans<br \/> sem r\u00ed\u00f0ur yfir himininn \u00fe\u00e9r til hj\u00e1lpar<br \/> og \u00e1 sk\u00fdjum \u00ed h\u00e1tign sinni.<br \/> <\/span> <span class=\"ljodatexti\"> <a name=\"27\"><span class=\"versanumer_ljod\">27<\/span><\/a> H\u00e6li er hinn eldforni Gu\u00f0,<br \/> h\u00e9r ne\u00f0ra eru eil\u00edfir armar hans.<br \/> Hann st\u00f6kkti fjandm\u00f6nnum undan \u00fe\u00e9r<br \/> og sag\u00f0i: \u201eEy\u00f0 \u00feeim.\u201c<br \/> <\/span> <span class=\"ljodatexti\"> <a name=\"28\"><span class=\"versanumer_ljod\">28<\/span><\/a> S\u00ed\u00f0an bj\u00f3 \u00cdsrael \u00f3hultur,<br \/> lind Jakobs ein s\u00e9r<br \/> \u00ed landi au\u00f0ugu af korni og v\u00edni<br \/> \u00fear sem himinninn l\u00e6tur d\u00f6gg drj\u00fapa.<br \/> <\/span> <span class=\"ljodatexti\"> <a name=\"29\"><span class=\"versanumer_ljod\">29<\/span><\/a> Heill \u00fe\u00e9r, \u00cdsrael. Hver er sem \u00fe\u00fa?<br \/> \u00dej\u00f3\u00f0in sem Drottinn frelsa\u00f0i.<br \/> Hann er skj\u00f6ldurinn sem ver \u00feig,<br \/> sver\u00f0i\u00f0 sem veitir \u00fe\u00e9r sigur.<br \/> Fjandmenn \u00fe\u00ednir munu skr\u00ed\u00f0a fyrir \u00fe\u00e9r,<br \/> \u00fe\u00fa munt tra\u00f0ka \u00e1 baki \u00feeirra.<br \/> <\/span><\/p>\n","protected":false},"excerpt":{"rendered":"<p>M\u00f3se blessar \u00e6ttkv\u00edslir \u00cdsraels 1 \u00deannig blessa\u00f0i gu\u00f0sma\u00f0urinn M\u00f3se \u00cdsraelsmenn \u00e1\u00f0ur en hann d\u00f3: 2Drottinn kom fr\u00e1 S\u00edna\u00ed, hann l\u00fdsti \u00feeim fr\u00e1 Se\u00edr, lj\u00f3ma\u00f0i fr\u00e1 Paranfj\u00f6llum. Hann steig fram \u00far flokki \u00fe\u00fasunda heilagra, \u00e1 h\u00e6gri h\u00f6nd honum brann eldur l\u00f6gm\u00e1lsins. 3\u00de\u00fa sem elskar \u00fej\u00f3\u00f0irnar, allir \u00feeirra heil\u00f6gu eru \u00ed hendi \u00feinni. \u00deeir hafa falli\u00f0 \u00fe\u00e9r til f\u00f3ta, r\u00edsa \u00e1 f\u00e6tur er \u00fe\u00fa skipar. 4M\u00f3se setti oss l\u00f6g sem eru eign safna\u00f0ar Jakobs. 5Jesj\u00far\u00fan f\u00e9kk konung \u00feegar h\u00f6f\u00f0ingjar \u00fej\u00f3\u00f0arinnar komu saman, \u00e6ttb\u00e1lkar \u00cdsraels sameina\u00f0ir. 6R\u00faben skal lifa en ekki deyja \u00fat \u00fe\u00f3tt hann ver\u00f0i f\u00e1mennur. 7 \u00deetta sag\u00f0i hann um J\u00fada: <a href=\"https:\/\/biblian.is\/biblian\/fimmta-mosebok-33-kafli\/\"> [&#8230;]<\/a><\/p>\n","protected":false},"author":1,"featured_media":0,"parent":0,"menu_order":0,"comment_status":"open","ping_status":"open","template":"bibliukaflar_NT.php","meta":{"footnotes":""},"class_list":["post-1803","page","type-page","status-publish","hentry"],"_links":{"self":[{"href":"https:\/\/biblian.is\/biblian\/wp-json\/wp\/v2\/pages\/1803","targetHints":{"allow":["GET"]}}],"collection":[{"href":"https:\/\/biblian.is\/biblian\/wp-json\/wp\/v2\/pages"}],"about":[{"href":"https:\/\/biblian.is\/biblian\/wp-json\/wp\/v2\/types\/page"}],"author":[{"embeddable":true,"href":"https:\/\/biblian.is\/biblian\/wp-json\/wp\/v2\/users\/1"}],"replies":[{"embeddable":true,"href":"https:\/\/biblian.is\/biblian\/wp-json\/wp\/v2\/comments?post=1803"}],"version-history":[{"count":0,"href":"https:\/\/biblian.is\/biblian\/wp-json\/wp\/v2\/pages\/1803\/revisions"}],"wp:attachment":[{"href":"https:\/\/biblian.is\/biblian\/wp-json\/wp\/v2\/media?parent=1803"}],"curies":[{"name":"wp","href":"https:\/\/api.w.org\/{rel}","templated":true}]}}