{"id":1793,"date":"2017-12-30T21:00:25","date_gmt":"2017-12-30T21:00:25","guid":{"rendered":"http:\/\/biblian.is\/biblian\/fimmta-m%c2%97seb%c2%97k-23-kafli\/"},"modified":"2024-05-06T22:31:58","modified_gmt":"2024-05-06T22:31:58","slug":"fimmta-mosebok-23-kafli","status":"publish","type":"page","link":"https:\/\/biblian.is\/biblian\/fimmta-mosebok-23-kafli\/","title":{"rendered":"Fimmta M\u00f3seb\u00f3k 23. kafli"},"content":{"rendered":"<h3 class=\"millifyrirsogn_2007\">Skilyr\u00f0i fyrir innt\u00f6ku \u00ed s\u00f6fnu\u00f0 Drottins<\/h3>\n<p><a name=\"1\"><span class=\"versanumer_2007\">1<\/span><\/a> Engum sem s\u00e6tt hefur eistnamari e\u00f0a er hre\u00f0urskorinn skal hleypa inn \u00ed s\u00f6fnu\u00f0 Drottins. <a name=\"2\"><span class=\"versanumer_2007\">2<\/span><\/a> Engu afkv\u00e6mi blanda\u00f0s sambands <span class=\"nedan_mal\" title=\" H\u00e9r er \u00e1tt vi\u00f0 m\u00e6g\u00f0ir \u00cdsraelsmanna og f\u00f3lks sem j\u00e1tar \u00f6nnur tr\u00faarbr\u00f6g\u00f0.\">[<\/span> m\u00e1 hleypa inn \u00ed s\u00f6fnu\u00f0 Drottins, ekki einu sinni afkomanda \u00ed t\u00edunda li\u00f0 skal heimilt a\u00f0 ganga \u00ed s\u00f6fnu\u00f0 Drottins. <a name=\"3\"><span class=\"versanumer_2007\">3<\/span><\/a> Enginn Amm\u00f3n\u00edti e\u00f0a M\u00f3ab\u00edti m\u00e1 vera \u00ed s\u00f6fnu\u00f0i Drottins, ekki einu sinni ni\u00f0ja \u00feeirra \u00ed t\u00edunda li\u00f0 skal heimilt a\u00f0 ganga \u00ed s\u00f6fnu\u00f0 Drottins <a name=\"4\"><span class=\"versanumer_2007\">4<\/span><\/a> vegna \u00feess a\u00f0 \u00feeir f\u00e6r\u00f0u ykkur hvorki vatn n\u00e9 brau\u00f0 \u00feegar \u00fei\u00f0 voru\u00f0 \u00e1 lei\u00f0inni \u00fat \u00far Egyptalandi. Og \u00fea\u00f0 var M\u00f3ab sem keypti B\u00edleam Be\u00f3rsson fr\u00e1 Pet\u00f3r \u00ed Aram Nahara\u00edm til a\u00f0 b\u00f6lva \u00fe\u00e9r. <a name=\"5\"><span class=\"versanumer_2007\">5<\/span><\/a> En Drottinn, Gu\u00f0 \u00feinn, vildi ekki hl\u00fd\u00f0a \u00e1 B\u00edleam heldur sneri Drottinn, Gu\u00f0 \u00feinn, b\u00f6lvuninni \u00ed blessun \u00fev\u00ed a\u00f0 Drottinn, Gu\u00f0 \u00feinn, elskar \u00feig. <a name=\"6\"><span class=\"versanumer_2007\">6<\/span><\/a> \u00de\u00fa skalt aldrei nokkru sinni, svo lengi sem \u00fe\u00fa lifir, stu\u00f0la a\u00f0 velgengni \u00feeirra og fars\u00e6ld. <a name=\"7\"><span class=\"versanumer_2007\">7<\/span><\/a> \u00de\u00fa skalt ekki hafa andstygg\u00f0 \u00e1 Ed\u00f3m\u00edtum \u00fev\u00ed a\u00f0 \u00feeir eru br\u00e6\u00f0ur \u00fe\u00ednir. \u00de\u00fa skalt ekki hafa andstygg\u00f0 \u00e1 Egyptum \u00fev\u00ed a\u00f0 \u00fe\u00fa varst a\u00f0komuma\u00f0ur \u00ed landi \u00feeirra. <a name=\"8\"><span class=\"versanumer_2007\">8<\/span><\/a> Afkomendur \u00feeirra \u00ed \u00feri\u00f0ja li\u00f0 mega vera \u00ed s\u00f6fnu\u00f0i Drottins.<\/p>\n<h3 class=\"millifyrirsogn_2007\">Hreinl\u00e6ti \u00ed herb\u00fa\u00f0unum<\/h3>\n<p><a name=\"9\"><span class=\"versanumer_2007\">9<\/span><\/a> \u00deegar \u00fe\u00fa \u00e1tt \u00ed herna\u00f0i vi\u00f0 fjandmenn \u00fe\u00edna skaltu varast allt hneykslanlegt. <a name=\"10\"><span class=\"versanumer_2007\">10<\/span><\/a> S\u00e9 einhver me\u00f0 \u00fe\u00e9r sem ekki er hreinn vegna \u00feess sem hefur hent hann um n\u00f3ttina skal hann ganga \u00fat fyrir herb\u00fa\u00f0irnar og m\u00e1 ekki inn \u00ed \u00fe\u00e6r koma. <a name=\"11\"><span class=\"versanumer_2007\">11<\/span><\/a> A\u00f0 \u00e1li\u00f0num degi skal hann lauga sig \u00ed vatni og \u00feegar s\u00f3l er sest m\u00e1 hann koma inn \u00ed herb\u00fa\u00f0irnar.<br \/> <a name=\"12\"><span class=\"versanumer_2007\">12<\/span><\/a> \u00de\u00fa skalt hafa afvikinn sta\u00f0 utan vi\u00f0 herb\u00fa\u00f0irnar \u00fear sem \u00fe\u00fa getur gengi\u00f0 erinda \u00feinna. <a name=\"13\"><span class=\"versanumer_2007\">13<\/span><\/a> \u00de\u00fa skalt hafa sk\u00f3flu \u00ed farangri \u00fe\u00ednum og \u00feegar \u00fe\u00fa \u00fearft a\u00f0 setjast ni\u00f0ur \u00fati vi\u00f0 skaltu grafa me\u00f0 henni holu og moka s\u00ed\u00f0an yfir h\u00e6g\u00f0ir \u00fe\u00ednar. <a name=\"14\"><span class=\"versanumer_2007\">14<\/span><\/a> Drottinn, Gu\u00f0 \u00feinn, gengur um \u00ed herb\u00fa\u00f0unum til a\u00f0 vernda \u00feig og selja \u00f3vini \u00fe\u00edna \u00ed hendur \u00fe\u00e9r. \u00deess vegna skulu herb\u00fa\u00f0ir \u00fe\u00ednar vera heilagar svo a\u00f0 hann sj\u00e1i ekkert andstyggilegt hj\u00e1 \u00fe\u00e9r og sn\u00fai fr\u00e1 \u00fe\u00e9r.<\/p>\n<h3 class=\"millifyrirsogn_2007\">\u00ddmis laga\u00e1kv\u00e6\u00f0i<\/h3>\n<p><a name=\"15\"><span class=\"versanumer_2007\">15<\/span><\/a> \u00de\u00fa skalt ekki selja \u00feann \u00fer\u00e6l \u00ed hendur h\u00fasb\u00f3nda s\u00ednum sem fl\u00fai\u00f0 hefur fr\u00e1 honum til \u00fe\u00edn. <a name=\"16\"><span class=\"versanumer_2007\">16<\/span><\/a> Hann skal b\u00faa hj\u00e1 \u00fe\u00e9r, mitt \u00e1 me\u00f0al \u00fej\u00f3\u00f0ar \u00feinnar, hvar sem hann vill \u00ed \u00feeirri af borgum \u00fe\u00ednum sem hann lystir. \u00de\u00fa m\u00e1tt ekki beita hann ofr\u00edki.<br \/> <a name=\"17\"><span class=\"versanumer_2007\">17<\/span><\/a> Engin \u00edsraelsk kona m\u00e1 helga sig saurlifna\u00f0i n\u00e9 heldur neinn \u00edsraelskur karl. <a name=\"18\"><span class=\"versanumer_2007\">18<\/span><\/a> \u00de\u00fa m\u00e1tt hvorki bera sk\u00e6kjulaun n\u00e9 hundsgjald <span class=\"nedan_mal\" title=\" Vi\u00f0 helgid\u00f3ma Austurlanda a\u00f0 fornu voru starfandi konur og karlar er \u201ehelgu\u00f0u sig saurlifna\u00f0i\u201c sem var \u00fe\u00e1ttur \u00ed gu\u00f0legri d\u00fdrkun. Laun karlanna voru nefnd hundsgjald.\">[<\/span> inn \u00ed h\u00fas Drottins, Gu\u00f0s \u00fe\u00edns, til \u00feess a\u00f0 efna eitthvert heit \u00fev\u00ed a\u00f0 hvort tveggja er Drottni, Gu\u00f0i \u00fe\u00ednum, vi\u00f0urstygg\u00f0.<br \/> <a name=\"19\"><span class=\"versanumer_2007\">19<\/span><\/a> \u00de\u00fa skalt ekki taka vexti af br\u00f3\u00f0ur \u00fe\u00ednum, hvorki vexti af f\u00e9, matv\u00e6lum n\u00e9 neinu sem l\u00e1na\u00f0 er. <a name=\"20\"><span class=\"versanumer_2007\">20<\/span><\/a> \u00de\u00fa m\u00e1tt taka vexti af \u00fatlendingi en ekki af br\u00f3\u00f0ur \u00fe\u00ednum svo a\u00f0 Drottinn, Gu\u00f0 \u00feinn, blessi \u00feig \u00ed \u00f6llu sem \u00fe\u00fa tekur \u00fe\u00e9r fyrir hendur \u00ed landinu sem \u00fe\u00fa heldur n\u00fa inn \u00ed til a\u00f0 taka \u00fea\u00f0 til eignar.<br \/> <a name=\"21\"><span class=\"versanumer_2007\">21<\/span><\/a> \u00deegar \u00fe\u00fa vinnur Drottni, Gu\u00f0i \u00fe\u00ednum, heit m\u00e1ttu ekki draga a\u00f0 efna \u00fea\u00f0 \u00fev\u00ed a\u00f0 ella mun Drottinn, Gu\u00f0 \u00feinn, krefjast \u00feess af \u00fe\u00e9r og \u00fea\u00f0 reiknast \u00fe\u00e9r til syndar. <a name=\"22\"><span class=\"versanumer_2007\">22<\/span><\/a> En l\u00e1tir \u00fe\u00fa \u00fea\u00f0 vera a\u00f0 vinna heit reiknast \u00fea\u00f0 \u00fe\u00e9r ekki til syndar.<br \/> <a name=\"23\"><span class=\"versanumer_2007\">23<\/span><\/a> \u00de\u00fa skalt efna \u00fea\u00f0 sem hefur \u00fe\u00e9r um munn fari\u00f0 og gera \u00fea\u00f0 af f\u00fasum og frj\u00e1lsum vilja sem \u00fe\u00fa h\u00e9st Drottni, Gu\u00f0i \u00fe\u00ednum, me\u00f0 eigin v\u00f6rum. <a name=\"24\"><span class=\"versanumer_2007\">24<\/span><\/a> \u00deegar \u00fe\u00fa kemur inn \u00ed v\u00edngar\u00f0 \u00ed eigu annars manns m\u00e1tt \u00fe\u00fa neyta v\u00ednberja eins og \u00feig lystir \u00fear til \u00fe\u00fa ert mettur or\u00f0inn en ekkert m\u00e1ttu setja \u00ed \u00edl\u00e1t.<br \/> <a name=\"25\"><span class=\"versanumer_2007\">25<\/span><\/a> \u00deegar \u00fe\u00fa kemur \u00e1 kornakur \u00ed eigu annars manns m\u00e1tt \u00fe\u00fa t\u00edna \u00f6x me\u00f0 hendinni en sig\u00f0 m\u00e1tt \u00fe\u00fa ekki sveifla \u00e1 kornakri n\u00e1unga \u00fe\u00edns.<\/p>\n","protected":false},"excerpt":{"rendered":"<p>Skilyr\u00f0i fyrir innt\u00f6ku \u00ed s\u00f6fnu\u00f0 Drottins 1 Engum sem s\u00e6tt hefur eistnamari e\u00f0a er hre\u00f0urskorinn skal hleypa inn \u00ed s\u00f6fnu\u00f0 Drottins. 2 Engu afkv\u00e6mi blanda\u00f0s sambands [ m\u00e1 hleypa inn \u00ed s\u00f6fnu\u00f0 Drottins, ekki einu sinni afkomanda \u00ed t\u00edunda li\u00f0 skal heimilt a\u00f0 ganga \u00ed s\u00f6fnu\u00f0 Drottins. 3 Enginn Amm\u00f3n\u00edti e\u00f0a M\u00f3ab\u00edti m\u00e1 vera \u00ed s\u00f6fnu\u00f0i Drottins, ekki einu sinni ni\u00f0ja \u00feeirra \u00ed t\u00edunda li\u00f0 skal heimilt a\u00f0 ganga \u00ed s\u00f6fnu\u00f0 Drottins 4 vegna \u00feess a\u00f0 \u00feeir f\u00e6r\u00f0u ykkur hvorki vatn n\u00e9 brau\u00f0 \u00feegar \u00fei\u00f0 voru\u00f0 \u00e1 lei\u00f0inni \u00fat \u00far Egyptalandi. Og \u00fea\u00f0 var M\u00f3ab sem keypti B\u00edleam Be\u00f3rsson fr\u00e1 <a href=\"https:\/\/biblian.is\/biblian\/fimmta-mosebok-23-kafli\/\"> [&#8230;]<\/a><\/p>\n","protected":false},"author":1,"featured_media":0,"parent":0,"menu_order":0,"comment_status":"open","ping_status":"open","template":"bibliukaflar_NT.php","meta":{"footnotes":""},"class_list":["post-1793","page","type-page","status-publish","hentry"],"_links":{"self":[{"href":"https:\/\/biblian.is\/biblian\/wp-json\/wp\/v2\/pages\/1793","targetHints":{"allow":["GET"]}}],"collection":[{"href":"https:\/\/biblian.is\/biblian\/wp-json\/wp\/v2\/pages"}],"about":[{"href":"https:\/\/biblian.is\/biblian\/wp-json\/wp\/v2\/types\/page"}],"author":[{"embeddable":true,"href":"https:\/\/biblian.is\/biblian\/wp-json\/wp\/v2\/users\/1"}],"replies":[{"embeddable":true,"href":"https:\/\/biblian.is\/biblian\/wp-json\/wp\/v2\/comments?post=1793"}],"version-history":[{"count":0,"href":"https:\/\/biblian.is\/biblian\/wp-json\/wp\/v2\/pages\/1793\/revisions"}],"wp:attachment":[{"href":"https:\/\/biblian.is\/biblian\/wp-json\/wp\/v2\/media?parent=1793"}],"curies":[{"name":"wp","href":"https:\/\/api.w.org\/{rel}","templated":true}]}}