{"id":1792,"date":"2017-12-30T21:00:25","date_gmt":"2017-12-30T21:00:25","guid":{"rendered":"http:\/\/biblian.is\/biblian\/fimmta-m%c2%97seb%c2%97k-22-kafli\/"},"modified":"2024-05-06T22:31:57","modified_gmt":"2024-05-06T22:31:57","slug":"fimmta-mosebok-22-kafli","status":"publish","type":"page","link":"https:\/\/biblian.is\/biblian\/fimmta-mosebok-22-kafli\/","title":{"rendered":"Fimmta M\u00f3seb\u00f3k 22. kafli"},"content":{"rendered":"<h3 class=\"millifyrirsogn_2007\"> \u00ddmis \u00e1kv\u00e6\u00f0i<\/h3>\n<p><a name=\"1\"><span class=\"versanumer_2007\">1<\/span><\/a> \u00de\u00fa skalt ekki horfa a\u00f0ger\u00f0alaus \u00e1 naut e\u00f0a sau\u00f0f\u00e9 br\u00f3\u00f0ur \u00fe\u00edns \u00e1 fl\u00e6kingi heldur skalt \u00fe\u00fa \u00feegar \u00ed sta\u00f0 reka \u00feau aftur til hans. <a name=\"2\"><span class=\"versanumer_2007\">2<\/span><\/a> B\u00fai br\u00f3\u00f0ir \u00feinn ekki \u00ed grennd vi\u00f0 \u00feig e\u00f0a \u00fe\u00fa \u00feekkir hann ekki skaltu hafa d\u00fdri\u00f0 heim me\u00f0 \u00fe\u00e9r og hafa \u00fea\u00f0 hj\u00e1 \u00fe\u00e9r \u00fear til br\u00f3\u00f0ir \u00feinn leitar \u00feess. \u00de\u00e1 skaltu f\u00e1 honum \u00fea\u00f0 aftur. <a name=\"3\"><span class=\"versanumer_2007\">3<\/span><\/a> Eins skaltu fara me\u00f0 asna hans, kl\u00e6\u00f0na\u00f0 e\u00f0a hva\u00f0 anna\u00f0 sem br\u00f3\u00f0ir \u00feinn t\u00fdnir en \u00fe\u00fa finnur. \u00deannig skaltu fara me\u00f0 \u00fea\u00f0. \u00de\u00fa skalt ekki l\u00e1ta \u00fea\u00f0 afskiptalaust. <a name=\"4\"><span class=\"versanumer_2007\">4<\/span><\/a> \u00de\u00fa skalt ekki horfa a\u00f0ger\u00f0alaus \u00e1 asna br\u00f3\u00f0ur \u00fe\u00edns e\u00f0a uxa liggja afvelta \u00e1 veginum. \u00de\u00fa skalt ekki lei\u00f0a \u00fea\u00f0 hj\u00e1 \u00fe\u00e9r heldur ber \u00fe\u00e9r a\u00f0 hj\u00e1lpa honum a\u00f0 reisa \u00fe\u00e1 \u00e1 f\u00e6tur.<br \/> <a name=\"5\"><span class=\"versanumer_2007\">5<\/span><\/a> Kona skal ekki bera karlmannakl\u00e6\u00f0i og karlma\u00f0ur skal ekki kl\u00e6\u00f0ast kvenfatna\u00f0i \u00fev\u00ed a\u00f0 hver sem \u00fea\u00f0 gerir er Drottni, Gu\u00f0i \u00fe\u00ednum, vi\u00f0urstygg\u00f0.<br \/> <a name=\"6\"><span class=\"versanumer_2007\">6<\/span><\/a> Ef \u00fe\u00fa rekst \u00e1 hrei\u00f0ur me\u00f0 ungum e\u00f0a eggjum \u00e1 lei\u00f0 \u00feinni, hvort heldur er uppi \u00ed tr\u00e9 e\u00f0a \u00e1 j\u00f6r\u00f0inni, og m\u00f3\u00f0irin liggur \u00e1 ungum e\u00f0a eggjum, m\u00e1ttu ekki taka m\u00f3\u00f0urina me\u00f0 eggjunum e\u00f0a me\u00f0 ungunum. <a name=\"7\"><span class=\"versanumer_2007\">7<\/span><\/a> \u00de\u00fa skalt sleppa m\u00f3\u00f0urinni en ungana m\u00e1ttu taka svo a\u00f0 \u00fe\u00e9r vegni vel og \u00fe\u00fa lifir langa \u00e6vi.<br \/> <a name=\"8\"><span class=\"versanumer_2007\">8<\/span><\/a> \u00deegar \u00fe\u00fa reisir n\u00fdtt h\u00fas skaltu gera brj\u00f3stri\u00f0 umhverfis \u00feaki\u00f0 svo a\u00f0 \u00fe\u00fa bakir h\u00fasi \u00fe\u00ednu ekki bl\u00f3\u00f0s\u00f6k ef einhver dytti ofan af \u00feakinu.<br \/> <a name=\"9\"><span class=\"versanumer_2007\">9<\/span><\/a> \u00de\u00fa skalt ekki s\u00e1 neinu innan um v\u00ednvi\u00f0inn \u00ed v\u00edngar\u00f0i \u00fe\u00ednum \u00fev\u00ed a\u00f0 \u00fe\u00e1 fellur til helgid\u00f3msins b\u00e6\u00f0i \u00fea\u00f0 sem \u00fe\u00fa s\u00e1\u00f0ir og uppskeran \u00far v\u00edngar\u00f0inum.<br \/> <a name=\"10\"><span class=\"versanumer_2007\">10<\/span><\/a> \u00de\u00fa skalt ekki pl\u00e6gja me\u00f0 nauti og asna saman.<br \/> <a name=\"11\"><span class=\"versanumer_2007\">11<\/span><\/a> \u00de\u00fa skalt ekki kl\u00e6\u00f0ast fatna\u00f0i sem ofinn er \u00far tvenns konar efni, ull og h\u00f6r.<br \/> <a name=\"12\"><span class=\"versanumer_2007\">12<\/span><\/a> \u00de\u00fa skalt koma sk\u00fafum fyrir \u00e1 fj\u00f3rum hornum skikkju \u00feinnar sem \u00fe\u00fa sveipar um \u00feig.<\/p>\n<h3 class=\"millifyrirsogn_2007\">Sifjar\u00e9ttar\u00e1kv\u00e6\u00f0i<\/h3>\n<p><a name=\"13\"><span class=\"versanumer_2007\">13<\/span><\/a> Ef ma\u00f0ur gengur a\u00f0 eiga konu og samrekkir henni en f\u00e6r \u00fe\u00e1 \u00f3beit \u00e1 henni, <a name=\"14\"><span class=\"versanumer_2007\">14<\/span><\/a> sakar hana um skammarlegt ath\u00e6fi, spillir mannor\u00f0i hennar og segir: \u201e\u00c9g kv\u00e6ntist \u00feessari konu en \u00feegar \u00e9g n\u00e1lga\u00f0ist hana fann \u00e9g ekki meyd\u00f3msmerki hj\u00e1 henni,\u201c <a name=\"15\"><span class=\"versanumer_2007\">15<\/span><\/a> \u00fe\u00e1 skulu fa\u00f0ir st\u00falkunnar og m\u00f3\u00f0ir taka s\u00f6nnunargagn um meyd\u00f3m hennar og fara me\u00f0 \u00fea\u00f0 til \u00f6ldunga borgarinnar, \u00e1 \u00feingsta\u00f0inn \u00ed borgarhli\u00f0inu. <a name=\"16\"><span class=\"versanumer_2007\">16<\/span><\/a> Fa\u00f0ir st\u00falkunnar skal segja vi\u00f0 \u00f6ldungana: \u201e\u00c9g gaf \u00feessum manni d\u00f3ttur m\u00edna fyrir eiginkonu en hann hefur \u00f3beit \u00e1 henni. <a name=\"17\"><span class=\"versanumer_2007\">17<\/span><\/a> Hann sakar hana um skammarlegt ath\u00e6fi og spillir mannor\u00f0i hennar og segir: \u00c9g fann ekki meyd\u00f3msmerki hj\u00e1 d\u00f3ttur \u00feinni. En h\u00e9r er s\u00f6nnunin fyrir meyd\u00f3mi d\u00f3ttur minnar.\u201c \u00dev\u00ed n\u00e6st skulu \u00feau brei\u00f0a \u00fat rekkjuvo\u00f0ina \u00ed augs\u00fdn \u00f6ldunga borgarinnar. <a name=\"18\"><span class=\"versanumer_2007\">18<\/span><\/a> \u00de\u00e1 skulu \u00f6ldungar borgarinnar taka manninn og refsa honum. <a name=\"19\"><span class=\"versanumer_2007\">19<\/span><\/a> \u00deeir skulu sekta hann um hundra\u00f0 sikla silfurs og afhenda f\u00f6\u00f0ur st\u00falkunnar \u00fe\u00e1 \u00fev\u00ed a\u00f0 \u00feessi ma\u00f0ur hefur spillt mannor\u00f0i \u00f3spjalla\u00f0rar meyjar \u00ed \u00cdsrael. H\u00fan skal vera eiginkona hans framvegis og honum skal ekki heimilt a\u00f0 skilja vi\u00f0 hana alla \u00e6vi s\u00edna.<br \/> <a name=\"20\"><span class=\"versanumer_2007\">20<\/span><\/a> En reynist \u00e1s\u00f6kunin r\u00e9tt og engin s\u00f6nnunarg\u00f6gn fyrir meyd\u00f3mi st\u00falkunnar finnast <a name=\"21\"><span class=\"versanumer_2007\">21<\/span><\/a> skal f\u00e6ra st\u00falkuna a\u00f0 h\u00fasdyrum f\u00f6\u00f0ur hennar. \u00de\u00e1 skulu \u00edb\u00faar heimaborgar hennar gr\u00fdta hana \u00ed hel \u00fev\u00ed a\u00f0 h\u00fan hefur frami\u00f0 sv\u00edvir\u00f0ingu \u00ed \u00cdsrael me\u00f0 \u00fev\u00ed a\u00f0 h\u00f3rast \u00ed f\u00f6\u00f0urgar\u00f0i. \u00de\u00fa skalt uppr\u00e6ta hi\u00f0 illa \u00fe\u00edn \u00e1 me\u00f0al. <a name=\"22\"><span class=\"versanumer_2007\">22<\/span><\/a> Ef ma\u00f0ur er sta\u00f0inn a\u00f0 \u00fev\u00ed a\u00f0 liggja me\u00f0 eiginkonu annars manns skulu b\u00e6\u00f0i tekin af l\u00edfi, ma\u00f0urinn sem l\u00e1 hj\u00e1 konunni og konan sj\u00e1lf. \u00de\u00fa skalt ey\u00f0a hinu illa \u00far \u00cdsrael. <a name=\"23\"><span class=\"versanumer_2007\">23<\/span><\/a> Ef \u00f3spj\u00f6llu\u00f0 mey er f\u00f6stnu\u00f0 manni og einhver annar hittir hana \u00ed borginni og leggst me\u00f0 henni <a name=\"24\"><span class=\"versanumer_2007\">24<\/span><\/a> skulu\u00f0 \u00fei\u00f0 f\u00e6ra \u00feau b\u00e6\u00f0i a\u00f0 borgarhli\u00f0inu og gr\u00fdta \u00feau \u00ed hel, st\u00falkuna af \u00fev\u00ed a\u00f0 h\u00fan hr\u00f3pa\u00f0i ekki \u00e1 hj\u00e1lp \u00ed borginni og manninn af \u00fev\u00ed a\u00f0 hann spjalla\u00f0i konu n\u00e1unga s\u00edns. \u00de\u00fa skalt ey\u00f0a hinu illa \u00fe\u00edn \u00e1 me\u00f0al. <a name=\"25\"><span class=\"versanumer_2007\">25<\/span><\/a> Ef ma\u00f0urinn hittir f\u00f6stnu\u00f0u st\u00falkuna \u00fati \u00e1 v\u00ed\u00f0avangi, tekur hana me\u00f0 valdi og leggst me\u00f0 henni skal ma\u00f0urinn, sem lag\u00f0ist me\u00f0 henni, einn deyja. <a name=\"26\"><span class=\"versanumer_2007\">26<\/span><\/a> \u00de\u00fa skalt ekki gera st\u00falkunni neitt, h\u00fan hefur ekkert gert sem var\u00f0ar dau\u00f0as\u00f6k. \u00deetta m\u00e1l er \u00e1\u00feekkt \u00fev\u00ed a\u00f0 ma\u00f0ur r\u00e1\u00f0ist \u00e1 annan og myr\u00f0i hann. <a name=\"27\"><span class=\"versanumer_2007\">27<\/span><\/a> \u00dear sem hann hitti st\u00falkuna \u00fati \u00e1 v\u00ed\u00f0avangi kann fastna\u00f0a st\u00falkan a\u00f0 hafa hr\u00f3pa\u00f0 \u00e1 hj\u00e1lp en enginn veri\u00f0 \u00fear til a\u00f0 hj\u00e1lpa henni. <a name=\"28\"><span class=\"versanumer_2007\">28<\/span><\/a> Ef ma\u00f0ur hittir \u00f3spjalla\u00f0a st\u00falku sem ekki er f\u00f6stnu\u00f0, tekur hana me\u00f0 valdi og leggst me\u00f0 henni og komi\u00f0 er a\u00f0 \u00feeim <a name=\"29\"><span class=\"versanumer_2007\">29<\/span><\/a> skal ma\u00f0urinn, sem lag\u00f0ist me\u00f0 st\u00falkunni, grei\u00f0a f\u00f6\u00f0ur hennar fimmt\u00edu sikla silfurs. H\u00fan skal ver\u00f0a eiginkona hans sakir \u00feess a\u00f0 hann spjalla\u00f0i hana og honum skal ekki heimilt a\u00f0 skilja vi\u00f0 hana alla \u00e6vi s\u00edna.<br \/> <a name=\"30\"><span class=\"versanumer_2007\">30<\/span><\/a> Enginn m\u00e1 kv\u00e6nast stj\u00fapu sinni \u00fev\u00ed a\u00f0 hann m\u00e1 ekki fletta upp \u00e1brei\u00f0u f\u00f6\u00f0ur s\u00edns.<span class=\"nedan_mal\" title=\"\u00deetta vers er fyrsta vers 23. kafla \u00ed hebreska textanum.\">[<\/span><\/p>\n","protected":false},"excerpt":{"rendered":"<p>\u00ddmis \u00e1kv\u00e6\u00f0i 1 \u00de\u00fa skalt ekki horfa a\u00f0ger\u00f0alaus \u00e1 naut e\u00f0a sau\u00f0f\u00e9 br\u00f3\u00f0ur \u00fe\u00edns \u00e1 fl\u00e6kingi heldur skalt \u00fe\u00fa \u00feegar \u00ed sta\u00f0 reka \u00feau aftur til hans. 2 B\u00fai br\u00f3\u00f0ir \u00feinn ekki \u00ed grennd vi\u00f0 \u00feig e\u00f0a \u00fe\u00fa \u00feekkir hann ekki skaltu hafa d\u00fdri\u00f0 heim me\u00f0 \u00fe\u00e9r og hafa \u00fea\u00f0 hj\u00e1 \u00fe\u00e9r \u00fear til br\u00f3\u00f0ir \u00feinn leitar \u00feess. \u00de\u00e1 skaltu f\u00e1 honum \u00fea\u00f0 aftur. 3 Eins skaltu fara me\u00f0 asna hans, kl\u00e6\u00f0na\u00f0 e\u00f0a hva\u00f0 anna\u00f0 sem br\u00f3\u00f0ir \u00feinn t\u00fdnir en \u00fe\u00fa finnur. \u00deannig skaltu fara me\u00f0 \u00fea\u00f0. \u00de\u00fa skalt ekki l\u00e1ta \u00fea\u00f0 afskiptalaust. 4 \u00de\u00fa skalt ekki horfa a\u00f0ger\u00f0alaus \u00e1 <a href=\"https:\/\/biblian.is\/biblian\/fimmta-mosebok-22-kafli\/\"> [&#8230;]<\/a><\/p>\n","protected":false},"author":1,"featured_media":0,"parent":0,"menu_order":0,"comment_status":"open","ping_status":"open","template":"bibliukaflar_NT.php","meta":{"footnotes":""},"class_list":["post-1792","page","type-page","status-publish","hentry"],"_links":{"self":[{"href":"https:\/\/biblian.is\/biblian\/wp-json\/wp\/v2\/pages\/1792","targetHints":{"allow":["GET"]}}],"collection":[{"href":"https:\/\/biblian.is\/biblian\/wp-json\/wp\/v2\/pages"}],"about":[{"href":"https:\/\/biblian.is\/biblian\/wp-json\/wp\/v2\/types\/page"}],"author":[{"embeddable":true,"href":"https:\/\/biblian.is\/biblian\/wp-json\/wp\/v2\/users\/1"}],"replies":[{"embeddable":true,"href":"https:\/\/biblian.is\/biblian\/wp-json\/wp\/v2\/comments?post=1792"}],"version-history":[{"count":0,"href":"https:\/\/biblian.is\/biblian\/wp-json\/wp\/v2\/pages\/1792\/revisions"}],"wp:attachment":[{"href":"https:\/\/biblian.is\/biblian\/wp-json\/wp\/v2\/media?parent=1792"}],"curies":[{"name":"wp","href":"https:\/\/api.w.org\/{rel}","templated":true}]}}