{"id":1784,"date":"2017-12-30T21:00:25","date_gmt":"2017-12-30T21:00:25","guid":{"rendered":"http:\/\/biblian.is\/biblian\/fimmta-m%c2%97seb%c2%97k-14-kafli\/"},"modified":"2024-05-06T22:31:56","modified_gmt":"2024-05-06T22:31:56","slug":"fimmta-mosebok-14-kafli","status":"publish","type":"page","link":"https:\/\/biblian.is\/biblian\/fimmta-mosebok-14-kafli\/","title":{"rendered":"Fimmta M\u00f3seb\u00f3k 14. kafli"},"content":{"rendered":"<h3 class=\"millifyrirsogn_2007\"> Bann vi\u00f0 kanverskum sorgarsi\u00f0um<\/h3>\n<p><a name=\"1\"><span class=\"versanumer_2007\">1<\/span><\/a> \u00dei\u00f0 eru\u00f0 b\u00f6rn Drottins, Gu\u00f0s ykkar. \u00dei\u00f0 megi\u00f0 ekki rista \u00e1 ykkur skinnsprettur og ekki raka \u00e1 ykkur kr\u00fanu yfir enninu eftir framli\u00f0inn mann <a name=\"2\"><span class=\"versanumer_2007\">2<\/span><\/a> \u00fev\u00ed a\u00f0 \u00fe\u00fa ert \u00fej\u00f3\u00f0 helgu\u00f0 Drottni, Gu\u00f0i \u00fe\u00ednum. Drottinn hefur vali\u00f0 \u00feig \u00far \u00f6llum \u00fej\u00f3\u00f0unum, sem \u00e1 j\u00f6r\u00f0inni eru, til a\u00f0 vera eignarl\u00fd\u00f0ur sinn.<\/p>\n<h3 class=\"millifyrirsogn_2007\">Hrein f\u00e6\u00f0a og \u00f3hrein<\/h3>\n<p><a name=\"3\"><span class=\"versanumer_2007\">3<\/span><\/a> \u00de\u00fa skalt ekki eta neitt vi\u00f0bj\u00f3\u00f0slegt. <a name=\"4\"><span class=\"versanumer_2007\">4<\/span><\/a> \u00deetta eru d\u00fdrin sem \u00fei\u00f0 megi\u00f0 eta: naut, sau\u00f0f\u00e9, geitur, <a name=\"5\"><span class=\"versanumer_2007\">5<\/span><\/a> hirtir, sk\u00f3gargeitur, d\u00e1d\u00fdr, steingeitur, fjallageitur, ant\u00edl\u00f3pur og gemsur.<br \/> <a name=\"6\"><span class=\"versanumer_2007\">6<\/span><\/a> \u00dei\u00f0 megi\u00f0 eta \u00f6ll d\u00fdr sem hafa klaufir, og \u00fe\u00e6r alklofnar, og j\u00f3rtra. <a name=\"7\"><span class=\"versanumer_2007\">7<\/span><\/a> En \u00feessi d\u00fdr, sem j\u00f3rtra og hafa alklofnar klaufir, megi\u00f0 \u00fei\u00f0 ekki eta: \u00falfalda, h\u00e9ra og st\u00f6kkh\u00e9ra \u00fev\u00ed a\u00f0 \u00feau j\u00f3rtra a\u00f0 v\u00edsu en hafa ekki klaufir. \u00deau skulu vera ykkur \u00f3hrein, <a name=\"8\"><span class=\"versanumer_2007\">8<\/span><\/a> einnig villisv\u00edni\u00f0 \u00fev\u00ed a\u00f0 \u00fea\u00f0 hefur klaufir en j\u00f3rtrar ekki. \u00dea\u00f0 skal vera ykkur \u00f3hreint. \u00dei\u00f0 megi\u00f0 hvorki leggja ykkur kj\u00f6t \u00feessara d\u00fdra til munns n\u00e9 snerta hr\u00e6 \u00feeirra.<br \/> <a name=\"9\"><span class=\"versanumer_2007\">9<\/span><\/a> Af lagard\u00fdrum megi\u00f0 \u00fei\u00f0 neyta alls sem hefur ugga og hreistur. <a name=\"10\"><span class=\"versanumer_2007\">10<\/span><\/a> En \u00fei\u00f0 megi\u00f0 ekki eta neitt sem hvorki hefur ugga n\u00e9 hreistur. \u00dea\u00f0 skal vera ykkur \u00f3hreint.<br \/> <a name=\"11\"><span class=\"versanumer_2007\">11<\/span><\/a> Alla hreina fugla megi\u00f0 \u00fei\u00f0 eta. <a name=\"12\"><span class=\"versanumer_2007\">12<\/span><\/a> En \u00feetta eru fuglarnir sem \u00fei\u00f0 megi\u00f0 ekki eta: \u00f6rninn, gammurinn, skegggammurinn, <a name=\"13\"><span class=\"versanumer_2007\">13<\/span><\/a> gle\u00f0an, \u00fdmsar f\u00e1lkategundir, <a name=\"14\"><span class=\"versanumer_2007\">14<\/span><\/a> hrafnakyni\u00f0, <a name=\"15\"><span class=\"versanumer_2007\">15<\/span><\/a> str\u00faturinn, uglan, m\u00e1vurinn, haukakyni\u00f0, <a name=\"16\"><span class=\"versanumer_2007\">16<\/span><\/a> hornuglan, n\u00e1ttuglan, sn\u00e6uglan, <a name=\"17\"><span class=\"versanumer_2007\">17<\/span><\/a> pel\u00edkaninn, hr\u00e6gammurinn, s\u00falan, <a name=\"18\"><span class=\"versanumer_2007\">18<\/span><\/a> storkurinn, l\u00f3ukyni\u00f0, herfuglinn og le\u00f0urblakan.<br \/> <a name=\"19\"><span class=\"versanumer_2007\">19<\/span><\/a> \u00d6ll v\u00e6ngju\u00f0 skord\u00fdr skulu vera ykkur \u00f3hrein, \u00feau m\u00e1 ekki eta. <a name=\"20\"><span class=\"versanumer_2007\">20<\/span><\/a> En alla hreina fugla m\u00e1 eta.<br \/> <a name=\"21\"><span class=\"versanumer_2007\">21<\/span><\/a> \u00dei\u00f0 megi\u00f0 ekki eta neitt sj\u00e1lfdautt. \u00de\u00fa m\u00e1tt gefa \u00fea\u00f0 a\u00f0komumanni \u00ed borgum \u00fe\u00ednum a\u00f0 eta e\u00f0a \u00fe\u00fa getur selt \u00fea\u00f0 a\u00f0komumanni. En \u00fe\u00fa ert Drottni, Gu\u00f0i \u00fe\u00ednum, helga\u00f0ur l\u00fd\u00f0ur.<br \/>\u00de\u00fa skalt ekki sj\u00f3\u00f0a geitaki\u00f0 \u00ed mj\u00f3lk m\u00f3\u00f0ur sinnar.<\/p>\n<h3 class=\"millifyrirsogn_2007\">\u00c1kv\u00e6\u00f0i um t\u00edundir og afgj\u00f6ld<\/h3>\n<p><a name=\"22\"><span class=\"versanumer_2007\">22<\/span><\/a> \u00c1 hverju \u00e1ri skaltu taka t\u00edund af allri uppskerunni sem akurinn gefur af s\u00e1\u00f0korni \u00fe\u00ednu. <a name=\"23\"><span class=\"versanumer_2007\">23<\/span><\/a> S\u00ed\u00f0an skaltu neyta t\u00edundarinnar af korni \u00fe\u00ednu, v\u00edni og ol\u00edu og af frumbur\u00f0um nauta \u00feinna og sau\u00f0fj\u00e1r frammi fyrir Drottni, Gu\u00f0i \u00fe\u00ednum, \u00e1 sta\u00f0num sem hann velur til \u00feess a\u00f0 l\u00e1ta nafn sitt b\u00faa \u00fear svo a\u00f0 \u00fe\u00fa l\u00e6rir a\u00f0 \u00f3ttast Drottin, Gu\u00f0 \u00feinn, alla daga.<br \/> <a name=\"24\"><span class=\"versanumer_2007\">24<\/span><\/a> S\u00e9 sta\u00f0urinn of langt fr\u00e1 \u00fe\u00e9r sem Drottinn, Gu\u00f0 \u00feinn, hefur vali\u00f0 til a\u00f0 setja nafn sitt \u00e1 og s\u00e9 lei\u00f0in of l\u00f6ng til \u00feess a\u00f0 \u00fe\u00fa getir flutt \u00feanga\u00f0 \u00fea\u00f0 sem Drottinn, Gu\u00f0 \u00feinn, hefur blessa\u00f0 \u00feig me\u00f0, <a name=\"25\"><span class=\"versanumer_2007\">25<\/span><\/a> \u00fe\u00e1 skaltu koma t\u00edund \u00feinni \u00ed peninga. \u00de\u00fa skalt binda um silfri\u00f0 og taka \u00fea\u00f0 me\u00f0 \u00fe\u00e9r til sta\u00f0arins sem Drottinn, Gu\u00f0 \u00feinn, hefur vali\u00f0 s\u00e9r. <a name=\"26\"><span class=\"versanumer_2007\">26<\/span><\/a> Fyrir silfri\u00f0 skaltu kaupa hva\u00f0 sem \u00feig lystir: naut og sau\u00f0f\u00e9, v\u00edn og sterka drykki e\u00f0a hva\u00f0 anna\u00f0 sem \u00feig langar \u00ed. \u00de\u00fa skalt neyta \u00feess frammi fyrir Drottni, Gu\u00f0i \u00fe\u00ednum, og gle\u00f0jast me\u00f0 fj\u00f6lskyldu \u00feinni.<br \/> <a name=\"27\"><span class=\"versanumer_2007\">27<\/span><\/a> \u00de\u00fa skalt ekki setja Lev\u00edtana hj\u00e1, sem b\u00faa \u00ed borg \u00feinni, \u00fev\u00ed a\u00f0 \u00feeir hafa hvorki fengi\u00f0 land n\u00e9 erf\u00f0ahluti eins og \u00fe\u00fa.<br \/> <a name=\"28\"><span class=\"versanumer_2007\">28<\/span><\/a> \u00deri\u00f0ja hvert \u00e1r skalt \u00fe\u00fa taka til alla t\u00edundina af uppskeru \u00feinni \u00fea\u00f0 \u00e1ri\u00f0 og koma henni fyrir innan borgarhli\u00f0a \u00feinna. <a name=\"29\"><span class=\"versanumer_2007\">29<\/span><\/a> \u00de\u00e1 geta Lev\u00edtarnir, sem hvorki hafa hloti\u00f0 land n\u00e9 erf\u00f0ahluti eins og \u00fe\u00fa, a\u00f0komumennirnir, muna\u00f0arleysingjar og ekkjur \u00ed borgum \u00fe\u00ednum komi\u00f0 og eti\u00f0 sig mett svo a\u00f0 Drottinn, Gu\u00f0 \u00feinn, blessi \u00feig \u00ed \u00f6llu sem \u00fe\u00fa tekur \u00fe\u00e9r fyrir hendur.<\/p>\n","protected":false},"excerpt":{"rendered":"<p>Bann vi\u00f0 kanverskum sorgarsi\u00f0um 1 \u00dei\u00f0 eru\u00f0 b\u00f6rn Drottins, Gu\u00f0s ykkar. \u00dei\u00f0 megi\u00f0 ekki rista \u00e1 ykkur skinnsprettur og ekki raka \u00e1 ykkur kr\u00fanu yfir enninu eftir framli\u00f0inn mann 2 \u00fev\u00ed a\u00f0 \u00fe\u00fa ert \u00fej\u00f3\u00f0 helgu\u00f0 Drottni, Gu\u00f0i \u00fe\u00ednum. Drottinn hefur vali\u00f0 \u00feig \u00far \u00f6llum \u00fej\u00f3\u00f0unum, sem \u00e1 j\u00f6r\u00f0inni eru, til a\u00f0 vera eignarl\u00fd\u00f0ur sinn. Hrein f\u00e6\u00f0a og \u00f3hrein 3 \u00de\u00fa skalt ekki eta neitt vi\u00f0bj\u00f3\u00f0slegt. 4 \u00deetta eru d\u00fdrin sem \u00fei\u00f0 megi\u00f0 eta: naut, sau\u00f0f\u00e9, geitur, 5 hirtir, sk\u00f3gargeitur, d\u00e1d\u00fdr, steingeitur, fjallageitur, ant\u00edl\u00f3pur og gemsur. 6 \u00dei\u00f0 megi\u00f0 eta \u00f6ll d\u00fdr sem hafa klaufir, og \u00fe\u00e6r alklofnar, og j\u00f3rtra. <a href=\"https:\/\/biblian.is\/biblian\/fimmta-mosebok-14-kafli\/\"> [&#8230;]<\/a><\/p>\n","protected":false},"author":1,"featured_media":0,"parent":0,"menu_order":0,"comment_status":"open","ping_status":"open","template":"bibliukaflar_NT.php","meta":{"footnotes":""},"class_list":["post-1784","page","type-page","status-publish","hentry"],"_links":{"self":[{"href":"https:\/\/biblian.is\/biblian\/wp-json\/wp\/v2\/pages\/1784","targetHints":{"allow":["GET"]}}],"collection":[{"href":"https:\/\/biblian.is\/biblian\/wp-json\/wp\/v2\/pages"}],"about":[{"href":"https:\/\/biblian.is\/biblian\/wp-json\/wp\/v2\/types\/page"}],"author":[{"embeddable":true,"href":"https:\/\/biblian.is\/biblian\/wp-json\/wp\/v2\/users\/1"}],"replies":[{"embeddable":true,"href":"https:\/\/biblian.is\/biblian\/wp-json\/wp\/v2\/comments?post=1784"}],"version-history":[{"count":0,"href":"https:\/\/biblian.is\/biblian\/wp-json\/wp\/v2\/pages\/1784\/revisions"}],"wp:attachment":[{"href":"https:\/\/biblian.is\/biblian\/wp-json\/wp\/v2\/media?parent=1784"}],"curies":[{"name":"wp","href":"https:\/\/api.w.org\/{rel}","templated":true}]}}