{"id":1773,"date":"2017-12-30T21:00:21","date_gmt":"2017-12-30T21:00:21","guid":{"rendered":"http:\/\/biblian.is\/biblian\/fimmta-m%c2%97seb%c2%97k-3-kafli\/"},"modified":"2024-05-06T22:31:59","modified_gmt":"2024-05-06T22:31:59","slug":"fimmta-mosebok-3-kafli","status":"publish","type":"page","link":"https:\/\/biblian.is\/biblian\/fimmta-mosebok-3-kafli\/","title":{"rendered":"Fimmta M\u00f3seb\u00f3k 3. kafli"},"content":{"rendered":"<h3 class=\"millifyrirsogn_2007\"> \u00d3g konungur sigra\u00f0ur<\/h3>\n<p><a name=\"1\"><span class=\"versanumer_2007\">1<\/span><\/a> \u00deegar vi\u00f0 snerum \u00e1 lei\u00f0 upp til Basan kom \u00d3g, konungur \u00ed Basan, \u00e1samt \u00f6llum her s\u00ednum til a\u00f0 berjast vi\u00f0 okkur hj\u00e1 Edre\u00ed. <a name=\"2\"><span class=\"versanumer_2007\">2<\/span><\/a> \u00de\u00e1 sag\u00f0i Drottinn vi\u00f0 mig: \u201e\u00d3ttastu hann ekki. \u00c9g hef selt hann, allan her hans og land \u00ed \u00fe\u00ednar hendur. Far\u00f0u me\u00f0 hann eins og \u00fe\u00fa f\u00f3rst me\u00f0 S\u00edhon, konung Amor\u00edta, sem r\u00edkti \u00ed Hesbon.\u201c<br \/> <a name=\"3\"><span class=\"versanumer_2007\">3<\/span><\/a> Drottinn, Gu\u00f0 okkar, seldi einnig \u00d3g, konung \u00ed Basan, allan her hans og land okkur \u00ed hendur. Vi\u00f0 sigru\u00f0um hann og l\u00e9tum engan komast undan. <a name=\"4\"><span class=\"versanumer_2007\">4<\/span><\/a> \u00de\u00e1 t\u00f3kum vi\u00f0 allar borgir hans. Engin var s\u00fa borg a\u00f0 vi\u00f0 n\u00e6\u00f0um henni ekki fr\u00e1 \u00feeim. Vi\u00f0 t\u00f3kum sext\u00edu borgir, allt Arg\u00f3bh\u00e9ra\u00f0, konungsr\u00edki \u00d3gs \u00ed Basan. <a name=\"5\"><span class=\"versanumer_2007\">5<\/span><\/a> Allar \u00feessar borgir voru v\u00edggirtar h\u00e1um m\u00farum, hli\u00f0um me\u00f0 tveimur v\u00e6ngjum og slagbr\u00f6ndum. Auk \u00feeirra voru fj\u00f6lm\u00f6rg \u00f3v\u00edggirt \u00feorp. <a name=\"6\"><span class=\"versanumer_2007\">6<\/span><\/a> Vi\u00f0 helgu\u00f0um \u00feessar borgir banni, f\u00f3rum me\u00f0 \u00fe\u00e6r eins og S\u00edhon, konung \u00ed Hesbon, og helgu\u00f0um jafnt karla, konur og b\u00f6rn banni <a name=\"7\"><span class=\"versanumer_2007\">7<\/span><\/a> en t\u00f3kum allt b\u00faf\u00e9 og r\u00e1nsfenginn \u00far borgunum herfangi.<br \/> <a name=\"8\"><span class=\"versanumer_2007\">8<\/span><\/a> \u00de\u00e1 t\u00f3kum vi\u00f0 \u00far h\u00f6ndum beggja konunga Amor\u00edta landi\u00f0 austan J\u00f3rdanar, fr\u00e1 Arnonflj\u00f3ti a\u00f0 Hermonfjalli. <a name=\"9\"><span class=\"versanumer_2007\">9<\/span><\/a> S\u00eddoningar nefna Hermon Sirjon en Amm\u00f3n\u00edtar Sen\u00edr. <a name=\"10\"><span class=\"versanumer_2007\">10<\/span><\/a> Vi\u00f0 t\u00f3kum allar borgirnar \u00e1 h\u00e1sl\u00e9ttunni, allt G\u00edlea\u00f0, allt Basan allt til Salka og Edre\u00ed, allar borgir \u00ed konungsr\u00edki \u00d3gs \u00ed Basan. <a name=\"11\"><span class=\"versanumer_2007\">11<\/span><\/a> En \u00d3g, konungur \u00ed Basan, var einn eftir af Refa\u00edtum. R\u00fam hans var \u00far j\u00e1rni. Er \u00fea\u00f0 ekki \u00ed Rabba, h\u00f6fu\u00f0borg Amm\u00f3n\u00edta? \u00dea\u00f0 er n\u00edu \u00e1lna langt og fj\u00f6gurra \u00e1lna breitt, m\u00e6lt me\u00f0 venjulegu alinm\u00e1li. <a name=\"12\"><span class=\"versanumer_2007\">12<\/span><\/a> \u00deetta er landi\u00f0 sem vi\u00f0 t\u00f3kum til eignar. \u00c9g f\u00e9kk R\u00faben og Ga\u00f0 sv\u00e6\u00f0i\u00f0 fr\u00e1 Ar\u00f3er, sem er vi\u00f0 Arnondalinn, \u00e1samt h\u00e1lfu G\u00edlea\u00f0fjalllendi og borgunum \u00fear.<br \/> <a name=\"13\"><span class=\"versanumer_2007\">13<\/span><\/a> \u00dea\u00f0 sem eftir var af G\u00edlea\u00f0 og allt Basan, sem haf\u00f0i veri\u00f0 hluti af konungsr\u00edki \u00d3gs, allt Arg\u00f3bh\u00e9ra\u00f0, f\u00e9kk \u00e9g h\u00e1lfum \u00e6ttb\u00e1lki Manasse. Allt Basan kallast land Refa\u00edta.<br \/> <a name=\"14\"><span class=\"versanumer_2007\">14<\/span><\/a> Ja\u00edr, sonur Manasse, t\u00f3k Arg\u00f3bh\u00e9ra\u00f0i\u00f0 a\u00f0 landi Ges\u00far\u00edta og Maakat\u00edta og gaf \u00fev\u00ed nafn sitt, nefndi Basan Hav\u00f3t Ja\u00edr eins og \u00fea\u00f0 heitir enn \u00ed dag.<br \/> <a name=\"15\"><span class=\"versanumer_2007\">15<\/span><\/a> Mak\u00edr f\u00e9kk \u00e9g G\u00edlea\u00f0 <a name=\"16\"><span class=\"versanumer_2007\">16<\/span><\/a> en afkomendum R\u00fabens og Ga\u00f0s f\u00e9kk \u00e9g landi\u00f0 fr\u00e1 G\u00edlea\u00f0 og a\u00f0 Arnon\u00e1, mi\u00f0jan dalinn og landi\u00f0 sem honum fylgdi, allt a\u00f0 Jabbok\u00e1 sem er \u00e1 landam\u00e6rum Amm\u00f3n\u00edta. <a name=\"17\"><span class=\"versanumer_2007\">17<\/span><\/a> Enn fremur f\u00e9kk \u00e9g \u00feeim J\u00f3rdanardal og J\u00f3rdan \u00e1samt landinu umhverfis, fr\u00e1 Genesaretvatni <span class=\"nedan_mal\" title=\" Hebr. Kinneret.\">[<\/span> a\u00f0 Arabavatni sem er salta vatni\u00f0 <span class=\"nedan_mal\" title=\" salta vatni\u00f0: Dau\u00f0ahafi\u00f0.\">[<\/span> undir Pisgahl\u00ed\u00f0um austan megin.<\/p>\n<h3 class=\"millifyrirsogn_2007\">Landn\u00e1m vestan vi\u00f0 J\u00f3rdan undirb\u00fai\u00f0<\/h3>\n<p><a name=\"18\"><span class=\"versanumer_2007\">18<\/span><\/a> Eftirfarandi fyrirm\u00e6li gaf \u00e9g ykkur og sag\u00f0i: \u201eDrottinn, Gu\u00f0 ykkar, hefur fengi\u00f0 ykkur \u00feetta land svo a\u00f0 \u00fei\u00f0 taki\u00f0 \u00fea\u00f0 til eignar. N\u00fa skulu\u00f0 \u00fei\u00f0 allir, sem vopnf\u00e6rir eru\u00f0, halda tygja\u00f0ir til orrustu yfir J\u00f3rdan \u00ed fararbroddi br\u00e6\u00f0ra ykkar, \u00cdsraelsmanna. <a name=\"19\"><span class=\"versanumer_2007\">19<\/span><\/a> En konur ykkar, b\u00f6rn og f\u00e9na\u00f0ur &#8211; \u00e9g veit a\u00f0 \u00fei\u00f0 eigi\u00f0 mikinn f\u00e9na\u00f0 &#8211; eiga a\u00f0 vera um kyrrt \u00ed borgunum sem \u00e9g hef gefi\u00f0 ykkur. <a name=\"20\"><span class=\"versanumer_2007\">20<\/span><\/a> \u00deegar Drottinn hefur veitt br\u00e6\u00f0rum ykkar hv\u00edld eins og ykkur og \u00feeir hafa einnig teki\u00f0 landi\u00f0 til eignar sem Drottinn, Gu\u00f0 ykkar, gefur \u00feeim handan vi\u00f0 J\u00f3rdan, megi\u00f0 \u00fei\u00f0 sn\u00faa aftur, hver til \u00feess eignarlands sem \u00e9g hef gefi\u00f0 ykkur.\u201c<br \/> <a name=\"21\"><span class=\"versanumer_2007\">21<\/span><\/a> \u00de\u00e1 gaf \u00e9g J\u00f3s\u00faa svohlj\u00f3\u00f0andi fyrirm\u00e6li: \u201e\u00de\u00fa hefur s\u00e9\u00f0 me\u00f0 eigin augum allt \u00fea\u00f0 sem Drottinn, Gu\u00f0 ykkar, hefur gert \u00feessum tveimur konungum. \u00dea\u00f0 sama mun Drottinn gera \u00f6llum konungsr\u00edkjunum sem \u00fe\u00fa fer\u00f0 til handan \u00e1rinnar. <a name=\"22\"><span class=\"versanumer_2007\">22<\/span><\/a> \u00d3ttist \u00feau ekki \u00fev\u00ed a\u00f0 Drottinn, Gu\u00f0 ykkar, berst sj\u00e1lfur fyrir ykkur.\u201c<br \/> <a name=\"23\"><span class=\"versanumer_2007\">23<\/span><\/a> \u00cd sama mund ba\u00f0 \u00e9g Drottin um miskunn og sag\u00f0i: <a name=\"24\"><span class=\"versanumer_2007\">24<\/span><\/a> \u201eDrottinn Gu\u00f0. \u00de\u00fa ert n\u00fa tekinn a\u00f0 s\u00fdna m\u00e9r, \u00fej\u00f3ni \u00fe\u00ednum, m\u00e1tt \u00feinn og sterka h\u00f6nd \u00fe\u00edna. Hver er s\u00e1 gu\u00f0, \u00e1 himni e\u00f0a j\u00f6r\u00f0u, sem hefur unni\u00f0 sl\u00edkar d\u00e1\u00f0ir og m\u00e1ttarverk sem jafnast \u00e1 vi\u00f0 \u00fe\u00edn? <a name=\"25\"><span class=\"versanumer_2007\">25<\/span><\/a> Leyf m\u00e9r a\u00f0 fara yfir \u00e1na og sj\u00e1 landi\u00f0 g\u00f3\u00f0a handan J\u00f3rdanar, fjalllendi\u00f0 fagra og L\u00edbanon.\u201c<br \/> <a name=\"26\"><span class=\"versanumer_2007\">26<\/span><\/a> En Drottinn haf\u00f0i rei\u00f0st m\u00e9r ykkar vegna og hann b\u00e6nheyr\u00f0i mig ekki. Drottinn sag\u00f0i vi\u00f0 mig: \u201eN\u00f3g um \u00fea\u00f0. Nefndu \u00feetta aldrei framar vi\u00f0 mig. <a name=\"27\"><span class=\"versanumer_2007\">27<\/span><\/a> Far\u00f0u upp \u00e1 Pisgatind og horf\u00f0u \u00ed vestur, nor\u00f0ur, su\u00f0ur og austur og litastu um \u00fev\u00ed a\u00f0 yfir J\u00f3rdan munt \u00fe\u00fa ekki komast. <a name=\"28\"><span class=\"versanumer_2007\">28<\/span><\/a> Skipa\u00f0u J\u00f3s\u00faa foringja, stappa\u00f0u \u00ed hann st\u00e1linu \u00fev\u00ed a\u00f0 hann skal fara fyrir \u00feessu f\u00f3lki yfir \u00e1na og skipta einnig landinu, sem \u00fe\u00fa f\u00e6r\u00f0 a\u00f0 sj\u00e1, \u00ed erf\u00f0ahluti milli \u00feeirra.\u201c <a name=\"29\"><span class=\"versanumer_2007\">29<\/span><\/a> Dv\u00f6ldumst vi\u00f0 n\u00fa um hr\u00ed\u00f0 \u00ed dalnum gegnt Bet Pe\u00f3r.<\/p>\n","protected":false},"excerpt":{"rendered":"<p>\u00d3g konungur sigra\u00f0ur 1 \u00deegar vi\u00f0 snerum \u00e1 lei\u00f0 upp til Basan kom \u00d3g, konungur \u00ed Basan, \u00e1samt \u00f6llum her s\u00ednum til a\u00f0 berjast vi\u00f0 okkur hj\u00e1 Edre\u00ed. 2 \u00de\u00e1 sag\u00f0i Drottinn vi\u00f0 mig: \u201e\u00d3ttastu hann ekki. \u00c9g hef selt hann, allan her hans og land \u00ed \u00fe\u00ednar hendur. Far\u00f0u me\u00f0 hann eins og \u00fe\u00fa f\u00f3rst me\u00f0 S\u00edhon, konung Amor\u00edta, sem r\u00edkti \u00ed Hesbon.\u201c 3 Drottinn, Gu\u00f0 okkar, seldi einnig \u00d3g, konung \u00ed Basan, allan her hans og land okkur \u00ed hendur. Vi\u00f0 sigru\u00f0um hann og l\u00e9tum engan komast undan. 4 \u00de\u00e1 t\u00f3kum vi\u00f0 allar borgir hans. Engin var s\u00fa <a href=\"https:\/\/biblian.is\/biblian\/fimmta-mosebok-3-kafli\/\"> [&#8230;]<\/a><\/p>\n","protected":false},"author":1,"featured_media":0,"parent":0,"menu_order":0,"comment_status":"open","ping_status":"open","template":"bibliukaflar_NT.php","meta":{"footnotes":""},"class_list":["post-1773","page","type-page","status-publish","hentry"],"_links":{"self":[{"href":"https:\/\/biblian.is\/biblian\/wp-json\/wp\/v2\/pages\/1773","targetHints":{"allow":["GET"]}}],"collection":[{"href":"https:\/\/biblian.is\/biblian\/wp-json\/wp\/v2\/pages"}],"about":[{"href":"https:\/\/biblian.is\/biblian\/wp-json\/wp\/v2\/types\/page"}],"author":[{"embeddable":true,"href":"https:\/\/biblian.is\/biblian\/wp-json\/wp\/v2\/users\/1"}],"replies":[{"embeddable":true,"href":"https:\/\/biblian.is\/biblian\/wp-json\/wp\/v2\/comments?post=1773"}],"version-history":[{"count":0,"href":"https:\/\/biblian.is\/biblian\/wp-json\/wp\/v2\/pages\/1773\/revisions"}],"wp:attachment":[{"href":"https:\/\/biblian.is\/biblian\/wp-json\/wp\/v2\/media?parent=1773"}],"curies":[{"name":"wp","href":"https:\/\/api.w.org\/{rel}","templated":true}]}}