{"id":1770,"date":"2017-12-30T21:00:21","date_gmt":"2017-12-30T21:00:21","guid":{"rendered":"http:\/\/biblian.is\/biblian\/fj%c2%97r_a-m%c2%97seb%c2%97k-36-kafli\/"},"modified":"2024-05-06T22:31:22","modified_gmt":"2024-05-06T22:31:22","slug":"fjorda-mosebok-36-kafli","status":"publish","type":"page","link":"https:\/\/biblian.is\/biblian\/fjorda-mosebok-36-kafli\/","title":{"rendered":"Fj\u00f3r\u00f0a M\u00f3seb\u00f3k 36. kafli"},"content":{"rendered":"<h3 class=\"millifyrirsogn_2007\"> Vi\u00f0b\u00f3t vi\u00f0 erf\u00f0ar\u00e9tt kvenna<\/h3>\n<p><a name=\"1\"><span class=\"versanumer_2007\">1<\/span><\/a> \u00c6ttarh\u00f6f\u00f0ingjar G\u00edlea\u00f0ssona, en G\u00edlea\u00f0 var sonur Mak\u00edrs Manassesonar af \u00e6ttum J\u00f3sefssona, gengu n\u00fa fram. \u00deeir gengu fyrir M\u00f3se og \u00e6ttarh\u00f6f\u00f0ingja \u00cdsraelsmanna <a name=\"2\"><span class=\"versanumer_2007\">2<\/span><\/a> og s\u00f6g\u00f0u: \u201eDrottinn hefur bo\u00f0i\u00f0 herra m\u00ednum a\u00f0 skipta landinu \u00ed erf\u00f0al\u00f6nd \u00e1 milli \u00cdsraelsmanna me\u00f0 hlutkesti. Herra m\u00ednum var fali\u00f0 af Drottni a\u00f0 f\u00e1 d\u00e6trum Selofha\u00f0s, br\u00f3\u00f0ur okkar, erf\u00f0aland hans. <a name=\"3\"><span class=\"versanumer_2007\">3<\/span><\/a> En ef \u00fe\u00e6r giftast einhverjum af \u00f6\u00f0rum \u00e6ttb\u00e1lkum \u00cdsraelsmanna ver\u00f0ur erf\u00f0aland \u00feeirra teki\u00f0 fr\u00e1 erf\u00f0alandi fe\u00f0ra okkar og b\u00e6tt vi\u00f0 erf\u00f0aland \u00feess \u00e6ttb\u00e1lks sem \u00fe\u00e6r munu tengjast en teki\u00f0 fr\u00e1 erf\u00f0alandi okkar sem vi\u00f0 fengum me\u00f0 hlutkesti. <a name=\"4\"><span class=\"versanumer_2007\">4<\/span><\/a> \u00deegar fagna\u00f0ar\u00e1r \u00cdsraelsmanna kemur ver\u00f0ur erf\u00f0alandi \u00feeirra b\u00e6tt vi\u00f0 erf\u00f0aland \u00feess \u00e6ttb\u00e1lks sem \u00fe\u00e6r hafa tengst en erf\u00f0aland \u00feeirra ver\u00f0ur sliti\u00f0 fr\u00e1 erf\u00f0alandi fe\u00f0ra okkar.\u201c<br \/> <a name=\"5\"><span class=\"versanumer_2007\">5<\/span><\/a> \u00de\u00e1 gaf M\u00f3se \u00cdsraelsm\u00f6nnum \u00feessi fyrirm\u00e6li a\u00f0 bo\u00f0i Drottins og sag\u00f0i: \u201e\u00c6ttb\u00e1lkur J\u00f3sefssona hefur l\u00f6g a\u00f0 m\u00e6la. <a name=\"6\"><span class=\"versanumer_2007\">6<\/span><\/a> \u00deetta eru fyrirm\u00e6li Drottins um d\u00e6tur Selofha\u00f0s: \u00de\u00e6r geta gifst hverjum sem \u00feeim \u00fe\u00f3knast. \u00de\u00f3 mega \u00fe\u00e6r a\u00f0eins giftast einhverjum af \u00e6ttb\u00e1lki f\u00f6\u00f0ur s\u00edns. <a name=\"7\"><span class=\"versanumer_2007\">7<\/span><\/a> Erf\u00f0aland m\u00e1 ekki ganga \u00far eign eins \u00e6ttb\u00e1lks \u00ed eigu annars me\u00f0al \u00cdsraelsmanna heldur skal s\u00e9rhver \u00cdsraelsma\u00f0ur vera bundinn vi\u00f0 erf\u00f0aland fe\u00f0ra sinna. <a name=\"8\"><span class=\"versanumer_2007\">8<\/span><\/a> S\u00e9rhver st\u00falka, sem eignast erf\u00f0aland \u00ed einhverjum \u00e6ttb\u00e1lki \u00cdsraelsmanna, ver\u00f0ur a\u00f0 giftast manni \u00far einhverri af \u00e6ttum \u00e6ttb\u00e1lks f\u00f6\u00f0ur hennar svo a\u00f0 s\u00e9rhver \u00cdsraelsma\u00f0ur taki erf\u00f0aland f\u00f6\u00f0ur s\u00edns til eignar. <a name=\"9\"><span class=\"versanumer_2007\">9<\/span><\/a> Erf\u00f0aland m\u00e1 ekki ganga \u00far eigu eins \u00e6ttb\u00e1lks \u00ed eigu annars heldur skal s\u00e9rhver \u00e6ttb\u00e1lkur \u00cdsraels vera bundinn vi\u00f0 erf\u00f0aland sitt.\u201c<br \/> <a name=\"10\"><span class=\"versanumer_2007\">10<\/span><\/a> D\u00e6tur Selofha\u00f0s ger\u00f0u eins og Drottinn haf\u00f0i bo\u00f0i\u00f0 M\u00f3se. <a name=\"11\"><span class=\"versanumer_2007\">11<\/span><\/a> Mahla, Tirsa, Hogla, Milka og N\u00f3a giftust sonum f\u00f6\u00f0urbr\u00e6\u00f0ra sinna, <a name=\"12\"><span class=\"versanumer_2007\">12<\/span><\/a> \u00fe\u00e6r giftust m\u00f6nnum af \u00e6ttum Manassesona, sonar J\u00f3sefs. Erf\u00f0al\u00f6nd \u00feeirra voru \u00fev\u00ed \u00e1fram \u00ed \u00e6ttb\u00e1lki f\u00f6\u00f0ur\u00e6ttar \u00feeirra.<br \/> <a name=\"13\"><span class=\"versanumer_2007\">13<\/span><\/a> \u00deetta eru bo\u00f0in og reglurnar sem Drottinn setti \u00cdsraelsm\u00f6nnum fyrir munn M\u00f3se \u00e1 gresjum M\u00f3abs vi\u00f0 J\u00f3rdan gegnt Jer\u00edk\u00f3.<\/p>\n","protected":false},"excerpt":{"rendered":"<p>Vi\u00f0b\u00f3t vi\u00f0 erf\u00f0ar\u00e9tt kvenna 1 \u00c6ttarh\u00f6f\u00f0ingjar G\u00edlea\u00f0ssona, en G\u00edlea\u00f0 var sonur Mak\u00edrs Manassesonar af \u00e6ttum J\u00f3sefssona, gengu n\u00fa fram. \u00deeir gengu fyrir M\u00f3se og \u00e6ttarh\u00f6f\u00f0ingja \u00cdsraelsmanna 2 og s\u00f6g\u00f0u: \u201eDrottinn hefur bo\u00f0i\u00f0 herra m\u00ednum a\u00f0 skipta landinu \u00ed erf\u00f0al\u00f6nd \u00e1 milli \u00cdsraelsmanna me\u00f0 hlutkesti. Herra m\u00ednum var fali\u00f0 af Drottni a\u00f0 f\u00e1 d\u00e6trum Selofha\u00f0s, br\u00f3\u00f0ur okkar, erf\u00f0aland hans. 3 En ef \u00fe\u00e6r giftast einhverjum af \u00f6\u00f0rum \u00e6ttb\u00e1lkum \u00cdsraelsmanna ver\u00f0ur erf\u00f0aland \u00feeirra teki\u00f0 fr\u00e1 erf\u00f0alandi fe\u00f0ra okkar og b\u00e6tt vi\u00f0 erf\u00f0aland \u00feess \u00e6ttb\u00e1lks sem \u00fe\u00e6r munu tengjast en teki\u00f0 fr\u00e1 erf\u00f0alandi okkar sem vi\u00f0 fengum me\u00f0 hlutkesti. 4 \u00deegar fagna\u00f0ar\u00e1r \u00cdsraelsmanna <a href=\"https:\/\/biblian.is\/biblian\/fjorda-mosebok-36-kafli\/\"> [&#8230;]<\/a><\/p>\n","protected":false},"author":1,"featured_media":0,"parent":0,"menu_order":0,"comment_status":"open","ping_status":"open","template":"bibliukaflar_NT.php","meta":{"footnotes":""},"class_list":["post-1770","page","type-page","status-publish","hentry"],"_links":{"self":[{"href":"https:\/\/biblian.is\/biblian\/wp-json\/wp\/v2\/pages\/1770","targetHints":{"allow":["GET"]}}],"collection":[{"href":"https:\/\/biblian.is\/biblian\/wp-json\/wp\/v2\/pages"}],"about":[{"href":"https:\/\/biblian.is\/biblian\/wp-json\/wp\/v2\/types\/page"}],"author":[{"embeddable":true,"href":"https:\/\/biblian.is\/biblian\/wp-json\/wp\/v2\/users\/1"}],"replies":[{"embeddable":true,"href":"https:\/\/biblian.is\/biblian\/wp-json\/wp\/v2\/comments?post=1770"}],"version-history":[{"count":0,"href":"https:\/\/biblian.is\/biblian\/wp-json\/wp\/v2\/pages\/1770\/revisions"}],"wp:attachment":[{"href":"https:\/\/biblian.is\/biblian\/wp-json\/wp\/v2\/media?parent=1770"}],"curies":[{"name":"wp","href":"https:\/\/api.w.org\/{rel}","templated":true}]}}