{"id":1766,"date":"2017-12-30T21:00:21","date_gmt":"2017-12-30T21:00:21","guid":{"rendered":"http:\/\/biblian.is\/biblian\/fj%c2%97r_a-m%c2%97seb%c2%97k-32-kafli\/"},"modified":"2024-05-06T22:31:21","modified_gmt":"2024-05-06T22:31:21","slug":"fjorda-mosebok-32-kafli","status":"publish","type":"page","link":"https:\/\/biblian.is\/biblian\/fjorda-mosebok-32-kafli\/","title":{"rendered":"Fj\u00f3r\u00f0a M\u00f3seb\u00f3k 32. kafli"},"content":{"rendered":"<h3 class=\"millifyrirsogn_2007\"> Skipting landsins austan J\u00f3rdanar<\/h3>\n<p><a name=\"1\"><span class=\"versanumer_2007\">1<\/span><\/a> Ni\u00f0jar R\u00fabens og Ga\u00f0s \u00e1ttu mj\u00f6g margt b\u00fafj\u00e1r. \u00deegar \u00feeir s\u00e1u land Jasers og G\u00edlea\u00f0s virtist \u00feeim landi\u00f0 vel falli\u00f0 til b\u00fafj\u00e1rr\u00e6ktar. <a name=\"2\"><span class=\"versanumer_2007\">2<\/span><\/a> Ni\u00f0jar Ga\u00f0s og R\u00fabens f\u00f3ru \u00fev\u00ed til M\u00f3se, Eleasars prests og h\u00f6f\u00f0ingja safna\u00f0arins og s\u00f6g\u00f0u: <a name=\"3\"><span class=\"versanumer_2007\">3<\/span><\/a> \u201eAtar\u00f3t, D\u00edbon, Jaser, Nimra, Hesbon, Eleale, Sebam, Neb\u00f3 og Be\u00f3n, <a name=\"4\"><span class=\"versanumer_2007\">4<\/span><\/a> landi\u00f0, sem Drottinn vann frammi fyrir s\u00f6fnu\u00f0i \u00cdsraels, er gott b\u00fafj\u00e1rland og \u00fej\u00f3nar \u00fe\u00ednir eiga b\u00faf\u00e9.\u201c <a name=\"5\"><span class=\"versanumer_2007\">5<\/span><\/a> Enn fremur s\u00f6g\u00f0u \u00feeir: \u201eEf vi\u00f0 h\u00f6fum fundi\u00f0 n\u00e1\u00f0 \u00ed augum \u00fe\u00ednum \u00e6tti a\u00f0 gefa \u00fej\u00f3num \u00fe\u00ednum \u00feetta land. Far\u00f0u ekki me\u00f0 okkur yfir J\u00f3rdan.\u201c<br \/> <a name=\"6\"><span class=\"versanumer_2007\">6<\/span><\/a> M\u00f3se sag\u00f0i vi\u00f0 ni\u00f0ja Ga\u00f0s og R\u00fabens: \u201eEiga br\u00e6\u00f0ur ykkar a\u00f0 fara og berjast en \u00fei\u00f0 a\u00f0 b\u00faa h\u00e9r \u00ed n\u00e6\u00f0i? <a name=\"7\"><span class=\"versanumer_2007\">7<\/span><\/a> Hvers vegna vilji\u00f0 \u00fei\u00f0 letja \u00cdsraelsmenn a\u00f0 fara inn \u00ed landi\u00f0 sem Drottinn hefur gefi\u00f0 \u00feeim? <a name=\"8\"><span class=\"versanumer_2007\">8<\/span><\/a> Fe\u00f0ur ykkar f\u00f3ru eins a\u00f0 \u00feegar \u00e9g sendi \u00fe\u00e1 fr\u00e1 Kades Barnea til \u00feess a\u00f0 sko\u00f0a landi\u00f0. <a name=\"9\"><span class=\"versanumer_2007\">9<\/span><\/a> \u00de\u00e1 f\u00f3ru \u00feeir upp \u00ed Esk\u00f3ldal og sko\u00f0u\u00f0u landi\u00f0, s\u00ed\u00f0an l\u00f6ttu \u00feeir \u00cdsraelsmenn svo a\u00f0 \u00feeir f\u00f3ru ekki inn \u00ed landi\u00f0 sem Drottinn haf\u00f0i gefi\u00f0 \u00feeim. <a name=\"10\"><span class=\"versanumer_2007\">10<\/span><\/a> \u00de\u00e1 blossa\u00f0i rei\u00f0i Drottins upp og hann vann ei\u00f0 og sag\u00f0i: <a name=\"11\"><span class=\"versanumer_2007\">11<\/span><\/a> \u00deeir sem f\u00f3ru fr\u00e1 Egyptalandi og eru tuttugu \u00e1ra og eldri skulu alls ekki f\u00e1 a\u00f0 sj\u00e1 landi\u00f0 sem \u00e9g h\u00e9t Abraham, \u00cdsak og Jakobi \u00fev\u00ed a\u00f0 \u00feeir hafa ekki fylgt m\u00e9r heils hugar <a name=\"12\"><span class=\"versanumer_2007\">12<\/span><\/a> nema Kaleb Jef\u00fanneson Kenis\u00edti og J\u00f3s\u00faa N\u00fansson \u00fev\u00ed a\u00f0 \u00feeir fylgdu Drottni \u00ed einu og \u00f6llu. <a name=\"13\"><span class=\"versanumer_2007\">13<\/span><\/a> Rei\u00f0i Drottins blossa\u00f0i upp gegn \u00cdsrael og hann l\u00e9t \u00fe\u00e1 reika um ey\u00f0im\u00f6rkina \u00ed fj\u00f6rut\u00edu \u00e1r \u00fear til \u00f6ll s\u00fa kynsl\u00f3\u00f0, sem gert haf\u00f0i \u00fea\u00f0 sem illt er \u00ed augum Drottins, var li\u00f0in undir lok. <a name=\"14\"><span class=\"versanumer_2007\">14<\/span><\/a> N\u00fa standi\u00f0 \u00fei\u00f0 \u00ed sporum fe\u00f0ra ykkar, \u00fei\u00f0 afsprengi syndara, og auki\u00f0 enn brennandi heift Drottins gegn \u00cdsrael. <a name=\"15\"><span class=\"versanumer_2007\">15<\/span><\/a> Ef \u00fei\u00f0 hverfi\u00f0 fr\u00e1 honum mun hann l\u00e1ta \u00fej\u00f3\u00f0ina ver\u00f0a enn lengur \u00ed ey\u00f0im\u00f6rkinni. \u00dei\u00f0 lei\u00f0i\u00f0 alla \u00fej\u00f3\u00f0ina \u00ed gl\u00f6tun.\u201c<br \/> <a name=\"16\"><span class=\"versanumer_2007\">16<\/span><\/a> En \u00feeir gengu \u00fe\u00e1 n\u00e6r honum og s\u00f6g\u00f0u: \u201eVi\u00f0 \u00e6tlum a\u00f0 reisa h\u00e9r r\u00e9ttir fyrir b\u00faf\u00e9 okkar og borgir fyrir b\u00f6rn okkar. <a name=\"17\"><span class=\"versanumer_2007\">17<\/span><\/a> En sj\u00e1lfir munum vi\u00f0 v\u00edgb\u00faast og fara fyrir \u00cdsraelsm\u00f6nnum \u00fear til vi\u00f0 h\u00f6fum leitt \u00fe\u00e1 \u00e1 sinn sta\u00f0. B\u00f6rn okkar ver\u00f0a a\u00f0 b\u00faa \u00ed v\u00edggirtum borgum vegna \u00edb\u00faa landsins. <a name=\"18\"><span class=\"versanumer_2007\">18<\/span><\/a> Vi\u00f0 sn\u00faum ekki aftur heim fyrr en s\u00e9rhver \u00cdsraelsma\u00f0ur hefur teki\u00f0 vi\u00f0 erf\u00f0alandi s\u00ednu. <a name=\"19\"><span class=\"versanumer_2007\">19<\/span><\/a> En vi\u00f0 munum ekki taka neitt erf\u00f0aland me\u00f0 \u00feeim handan vi\u00f0 J\u00f3rdan e\u00f0a lengra burt \u00fev\u00ed a\u00f0 vi\u00f0 f\u00e1um erf\u00f0aland okkar h\u00e9rna megin vi\u00f0 J\u00f3rdan, a\u00f0 austanver\u00f0u.\u201c<br \/> <a name=\"20\"><span class=\"versanumer_2007\">20<\/span><\/a> M\u00f3se svara\u00f0i \u00feeim: \u201eEf \u00fei\u00f0 standi\u00f0 vi\u00f0 \u00feetta lofor\u00f0, ef \u00fei\u00f0 b\u00faist til orrustu fyrir augliti Drottins <a name=\"21\"><span class=\"versanumer_2007\">21<\/span><\/a> og s\u00e9rhver v\u00edgb\u00fainn ma\u00f0ur me\u00f0al ykkar fer yfir J\u00f3rdan fyrir augliti Drottins og berst \u00fear til hann hefur hraki\u00f0 burt fjandmenn hans <a name=\"22\"><span class=\"versanumer_2007\">22<\/span><\/a> og landi\u00f0 hefur veri\u00f0 lagt undir Drottin, \u00fe\u00e1 megi\u00f0 \u00fei\u00f0 sn\u00faa aftur. \u00de\u00e1 ver\u00f0i\u00f0 \u00fei\u00f0 lausir vi\u00f0 frekari skuldbindingar gagnvart Drottni og \u00cdsrael og \u00feetta land ver\u00f0ur eign ykkar fyrir augliti Drottins. <a name=\"23\"><span class=\"versanumer_2007\">23<\/span><\/a> En ef \u00fei\u00f0 geri\u00f0 \u00feetta ekki hafi\u00f0 \u00fei\u00f0 syndga\u00f0 gegn Drottni og \u00fei\u00f0 munu\u00f0 komast a\u00f0 raun um a\u00f0 synd ykkar kemur ykkur \u00ed koll. <a name=\"24\"><span class=\"versanumer_2007\">24<\/span><\/a> Reisi\u00f0 n\u00fa borgir handa b\u00f6rnum ykkar og r\u00e9ttir fyrir sau\u00f0f\u00e9 ykkar og geri\u00f0 \u00fea\u00f0 sem \u00fei\u00f0 hafi\u00f0 sagt.\u201c<br \/> <a name=\"25\"><span class=\"versanumer_2007\">25<\/span><\/a> Ni\u00f0jar Ga\u00f0s og R\u00fabens \u00e1v\u00f6rpu\u00f0u M\u00f3se og s\u00f6g\u00f0u: \u201e\u00dej\u00f3nar \u00fe\u00ednir munu gera \u00fea\u00f0 sem \u00fe\u00fa b\u00fd\u00f0ur, herra. <a name=\"26\"><span class=\"versanumer_2007\">26<\/span><\/a> B\u00f6rn okkar, konur, f\u00e9na\u00f0ur og allur b\u00fastofn ver\u00f0ur eftir \u00ed borgunum \u00ed G\u00edlea\u00f0 <a name=\"27\"><span class=\"versanumer_2007\">27<\/span><\/a> en \u00fej\u00f3nar \u00fe\u00ednir munu fara yfir J\u00f3rdan \u00ed str\u00ed\u00f0, allir b\u00fanir til her\u00fej\u00f3nustu fyrir augliti Drottins eins og \u00fe\u00fa b\u00fd\u00f0ur, herra.\u201c<br \/> <a name=\"28\"><span class=\"versanumer_2007\">28<\/span><\/a> M\u00f3se gaf Eleasar presti, J\u00f3s\u00faa N\u00fanssyni og \u00e6ttarh\u00f6f\u00f0ingjum \u00cdsraelsmanna fyrirm\u00e6li um \u00fe\u00e1 <a name=\"29\"><span class=\"versanumer_2007\">29<\/span><\/a> og M\u00f3se sag\u00f0i vi\u00f0 \u00fe\u00e1: \u201eEf ni\u00f0jar Ga\u00f0s og R\u00fabens fara yfir J\u00f3rdan me\u00f0 ykkur \u00ed str\u00ed\u00f0, allir v\u00edgb\u00fanir fyrir augliti Drottins og landi\u00f0 ver\u00f0ur lagt undir ykkur, \u00fe\u00e1 skulu\u00f0 \u00fei\u00f0 gefa \u00feeim \u00feetta land til eignar. <a name=\"30\"><span class=\"versanumer_2007\">30<\/span><\/a> En ef \u00feeir fara ekki v\u00edgb\u00fanir me\u00f0 ykkur yfir \u00e1na skulu \u00feeir f\u00e1 jar\u00f0eignir \u00e1 me\u00f0al ykkar \u00ed Kanaanslandi.\u201c<br \/> <a name=\"31\"><span class=\"versanumer_2007\">31<\/span><\/a> Ni\u00f0jar Ga\u00f0s og R\u00fabens sv\u00f6ru\u00f0u og s\u00f6g\u00f0u: \u201eVi\u00f0 munum gera \u00fea\u00f0 sem Drottinn hefur sagt vi\u00f0 \u00fej\u00f3na \u00fe\u00edna. <a name=\"32\"><span class=\"versanumer_2007\">32<\/span><\/a> Vi\u00f0 munum fara v\u00edgb\u00fanir yfir \u00e1na, inn \u00ed Kanaansland fyrir augliti Drottins en erf\u00f0ahlutur okkar, jar\u00f0eignin, er h\u00e9rna megin vi\u00f0 J\u00f3rdan.\u201c<br \/> <a name=\"33\"><span class=\"versanumer_2007\">33<\/span><\/a> \u00de\u00e1 f\u00e9kk M\u00f3se \u00feeim ni\u00f0jum Ga\u00f0s og R\u00fabens \u00e1samt h\u00e1lfum \u00e6ttb\u00e1lki Manasse, sonar J\u00f3sefs, r\u00edki S\u00edhons, Amor\u00edtakonungs, og r\u00edki \u00d3gs, Basanskonungs, landi\u00f0 og borgir \u00feess og landsv\u00e6\u00f0i\u00f0 sem heyr\u00f0i til borgunum. <a name=\"34\"><span class=\"versanumer_2007\">34<\/span><\/a> Ni\u00f0jar Ga\u00f0s endurreistu D\u00edbon, Atar\u00f3t, Ar\u00f3er, <a name=\"35\"><span class=\"versanumer_2007\">35<\/span><\/a> Ater\u00f3t S\u00f3fan, Jaser, Jogbeha, <a name=\"36\"><span class=\"versanumer_2007\">36<\/span><\/a> Bet Nimra og Bet Haran og bygg\u00f0u r\u00e9ttir fyrir sau\u00f0f\u00e9. <a name=\"37\"><span class=\"versanumer_2007\">37<\/span><\/a> Ni\u00f0jar R\u00fabens endurreistu Hesbon, Eleale, Kirjata\u00edm, <a name=\"38\"><span class=\"versanumer_2007\">38<\/span><\/a> Neb\u00f3 og Baal Meon, en breyttu n\u00f6fnum \u00feeirra, einnig S\u00edbma. \u00deeir g\u00e1fu borgunum, sem \u00feeir endurreistu, n\u00fd n\u00f6fn.<br \/> <a name=\"39\"><span class=\"versanumer_2007\">39<\/span><\/a> Ni\u00f0jar Mak\u00edrs, sonar Manasse, f\u00f3ru til G\u00edlea\u00f0s, l\u00f6g\u00f0u \u00fea\u00f0 undir sig og hr\u00f6ktu burt Amor\u00edtana sem bjuggu \u00fear. <a name=\"40\"><span class=\"versanumer_2007\">40<\/span><\/a> \u00de\u00e1 f\u00e9kk M\u00f3se Mak\u00edr Manassesyni G\u00edlea\u00f0 og hann settist \u00fear a\u00f0. <a name=\"41\"><span class=\"versanumer_2007\">41<\/span><\/a> En Ja\u00edr, sonur Manasse, kom og lag\u00f0i undir sig b\u00fa\u00f0ir \u00feeirra og gaf \u00feeim nafni\u00f0 Tjaldborg Ja\u00edrs. <a name=\"42\"><span class=\"versanumer_2007\">42<\/span><\/a> N\u00f3ba kom einnig og lag\u00f0i undir sig Kenat og borgirnar sem henni heyr\u00f0u til. Hann gaf henni sitt eigi\u00f0 nafn og nefndi hana N\u00f3ba.<\/p>\n","protected":false},"excerpt":{"rendered":"<p>Skipting landsins austan J\u00f3rdanar 1 Ni\u00f0jar R\u00fabens og Ga\u00f0s \u00e1ttu mj\u00f6g margt b\u00fafj\u00e1r. \u00deegar \u00feeir s\u00e1u land Jasers og G\u00edlea\u00f0s virtist \u00feeim landi\u00f0 vel falli\u00f0 til b\u00fafj\u00e1rr\u00e6ktar. 2 Ni\u00f0jar Ga\u00f0s og R\u00fabens f\u00f3ru \u00fev\u00ed til M\u00f3se, Eleasars prests og h\u00f6f\u00f0ingja safna\u00f0arins og s\u00f6g\u00f0u: 3 \u201eAtar\u00f3t, D\u00edbon, Jaser, Nimra, Hesbon, Eleale, Sebam, Neb\u00f3 og Be\u00f3n, 4 landi\u00f0, sem Drottinn vann frammi fyrir s\u00f6fnu\u00f0i \u00cdsraels, er gott b\u00fafj\u00e1rland og \u00fej\u00f3nar \u00fe\u00ednir eiga b\u00faf\u00e9.\u201c 5 Enn fremur s\u00f6g\u00f0u \u00feeir: \u201eEf vi\u00f0 h\u00f6fum fundi\u00f0 n\u00e1\u00f0 \u00ed augum \u00fe\u00ednum \u00e6tti a\u00f0 gefa \u00fej\u00f3num \u00fe\u00ednum \u00feetta land. Far\u00f0u ekki me\u00f0 okkur yfir J\u00f3rdan.\u201c 6 M\u00f3se sag\u00f0i <a href=\"https:\/\/biblian.is\/biblian\/fjorda-mosebok-32-kafli\/\"> [&#8230;]<\/a><\/p>\n","protected":false},"author":1,"featured_media":0,"parent":0,"menu_order":0,"comment_status":"open","ping_status":"open","template":"bibliukaflar_NT.php","meta":{"footnotes":""},"class_list":["post-1766","page","type-page","status-publish","hentry"],"_links":{"self":[{"href":"https:\/\/biblian.is\/biblian\/wp-json\/wp\/v2\/pages\/1766","targetHints":{"allow":["GET"]}}],"collection":[{"href":"https:\/\/biblian.is\/biblian\/wp-json\/wp\/v2\/pages"}],"about":[{"href":"https:\/\/biblian.is\/biblian\/wp-json\/wp\/v2\/types\/page"}],"author":[{"embeddable":true,"href":"https:\/\/biblian.is\/biblian\/wp-json\/wp\/v2\/users\/1"}],"replies":[{"embeddable":true,"href":"https:\/\/biblian.is\/biblian\/wp-json\/wp\/v2\/comments?post=1766"}],"version-history":[{"count":0,"href":"https:\/\/biblian.is\/biblian\/wp-json\/wp\/v2\/pages\/1766\/revisions"}],"wp:attachment":[{"href":"https:\/\/biblian.is\/biblian\/wp-json\/wp\/v2\/media?parent=1766"}],"curies":[{"name":"wp","href":"https:\/\/api.w.org\/{rel}","templated":true}]}}