{"id":1759,"date":"2017-12-30T21:00:21","date_gmt":"2017-12-30T21:00:21","guid":{"rendered":"http:\/\/biblian.is\/biblian\/fj%c2%97r_a-m%c2%97seb%c2%97k-25-kafli\/"},"modified":"2024-05-06T22:31:19","modified_gmt":"2024-05-06T22:31:19","slug":"fjorda-mosebok-25-kafli","status":"publish","type":"page","link":"https:\/\/biblian.is\/biblian\/fjorda-mosebok-25-kafli\/","title":{"rendered":"Fj\u00f3r\u00f0a M\u00f3seb\u00f3k 25. kafli"},"content":{"rendered":"<h3 class=\"millifyrirsogn_2007\"> Hj\u00e1gu\u00f0ad\u00fdrkun \u00cdsraelsmanna \u00ed M\u00f3ab<\/h3>\n<p><a name=\"1\"><span class=\"versanumer_2007\">1<\/span><\/a> Me\u00f0an \u00cdsrael dvaldi \u00ed Sitt\u00edm t\u00f3k \u00fej\u00f3\u00f0in a\u00f0 h\u00f3rast me\u00f0 m\u00f3ab\u00edskum konum. <a name=\"2\"><span class=\"versanumer_2007\">2<\/span><\/a> \u00de\u00e6r bu\u00f0u f\u00f3lkinu til f\u00f3rnarm\u00e1lt\u00ed\u00f0a gu\u00f0a sinna og f\u00f3lki\u00f0 neytti og f\u00e9ll fram fyrir gu\u00f0um \u00feeirra. <a name=\"3\"><span class=\"versanumer_2007\">3<\/span><\/a> \u00deannig tengdist \u00cdsrael Baal Pe\u00f3r. \u00de\u00e1 blossa\u00f0i rei\u00f0i Drottins upp gegn \u00cdsrael <a name=\"4\"><span class=\"versanumer_2007\">4<\/span><\/a> og Drottinn sag\u00f0i vi\u00f0 M\u00f3se: \u201eS\u00e6ktu alla lei\u00f0toga \u00fej\u00f3\u00f0arinnar og hengdu \u00fe\u00e1 upp frammi fyrir Drottni, gegnt s\u00f3l svo a\u00f0 gl\u00f3andi heift Drottins v\u00edki fr\u00e1 \u00cdsrael.\u201c <a name=\"5\"><span class=\"versanumer_2007\">5<\/span><\/a> \u00de\u00e1 sag\u00f0i M\u00f3se vi\u00f0 d\u00f3mara \u00cdsraels: \u201eS\u00e9rhver l\u00edfl\u00e1ti n\u00fa \u00fe\u00e1 af m\u00f6nnum s\u00ednum sem tengst hafa Baal Pe\u00f3r.\u201c<br \/> <a name=\"6\"><span class=\"versanumer_2007\">6<\/span><\/a> En einn \u00cdsraelsmannanna kom til br\u00e6\u00f0ra sinna og haf\u00f0i me\u00f0 s\u00e9r konu fr\u00e1 Mid\u00edan. Hann leiddi hana fyrir M\u00f3se og allan s\u00f6fnu\u00f0 \u00cdsraelsmanna \u00feegar \u00feeir gr\u00e9tu vi\u00f0 inngang samfundatjaldsins. <a name=\"7\"><span class=\"versanumer_2007\">7<\/span><\/a> \u00deegar P\u00ednehas prestur, sonur Eleasar Aronssonar, s\u00e1 \u00feetta reis hann upp mitt \u00ed s\u00f6fnu\u00f0inum, \u00fereif spj\u00f3t, <a name=\"8\"><span class=\"versanumer_2007\">8<\/span><\/a> gekk \u00e1 eftir \u00cdsraelsmanninum inn \u00ed kvennatjaldi\u00f0 og rak \u00feau b\u00e6\u00f0i \u00ed gegn, \u00cdsraelsmanninn og konuna fr\u00e1 Mid\u00edan. Linnti \u00fe\u00e1 pl\u00e1gunni me\u00f0al \u00cdsraelsmanna. <a name=\"9\"><span class=\"versanumer_2007\">9<\/span><\/a> En tuttugu og fj\u00f6gur \u00fe\u00fasund manns h\u00f6f\u00f0u d\u00e1i\u00f0 \u00far pl\u00e1gunni.<br \/> <a name=\"10\"><span class=\"versanumer_2007\">10<\/span><\/a> Drottinn tala\u00f0i til M\u00f3se og sag\u00f0i: <a name=\"11\"><span class=\"versanumer_2007\">11<\/span><\/a> \u201eP\u00ednehas prestur, sonur Eleasar Aronssonar, b\u00e6g\u00f0i rei\u00f0i minni fr\u00e1 \u00cdsraelsm\u00f6nnum me\u00f0 afbr\u00fd\u00f0isemi vegna m\u00edn mitt \u00e1 me\u00f0al \u00feeirra. \u00deess vegna hef \u00e9g ekki gereytt \u00cdsraelsm\u00f6nnum \u00ed vandl\u00e6tingu minni. <a name=\"12\"><span class=\"versanumer_2007\">12<\/span><\/a> \u00dev\u00ed segi \u00e9g: H\u00e9r me\u00f0 gef \u00e9g honum fri\u00f0ars\u00e1ttm\u00e1la minn. <span class=\"nedan_mal\" title=\" H\u00e9r er ni\u00f0jum P\u00ednehas heiti\u00f0 a\u00f0 \u00feeir hlj\u00f3ti \u00e6t\u00ed\u00f0 prestsemb\u00e6tti.\">[<\/span> <a name=\"13\"><span class=\"versanumer_2007\">13<\/span><\/a> Honum og ni\u00f0jum hans skal gefi\u00f0 fyrirheit um \u00e6varandi prestd\u00f3m \u00fev\u00ed a\u00f0 hann var afbr\u00fd\u00f0isamur vegna Gu\u00f0s s\u00edns og fri\u00f0\u00fe\u00e6g\u00f0i \u00feannig fyrir \u00cdsraelsmenn.\u201c<br \/> <a name=\"14\"><span class=\"versanumer_2007\">14<\/span><\/a> \u00cdsraelsma\u00f0urinn, sem var tekinn af l\u00edfi \u00e1samt konunni fr\u00e1 Mid\u00edan, h\u00e9t Simr\u00ed Sal\u00fason. Hann var \u00e6ttarh\u00f6f\u00f0ingi me\u00f0al S\u00edmeon\u00edta. <a name=\"15\"><span class=\"versanumer_2007\">15<\/span><\/a> Konan fr\u00e1 Mid\u00edan, sem var l\u00edfl\u00e1tin, h\u00e9t Kosb\u00ed S\u00farsd\u00f3ttir. Fa\u00f0ir hennar var \u00e6ttarh\u00f6f\u00f0ingi me\u00f0al Mid\u00edan\u00edta.<br \/> <a name=\"16\"><span class=\"versanumer_2007\">16<\/span><\/a> Drottinn tala\u00f0i til M\u00f3se og sag\u00f0i: <a name=\"17\"><span class=\"versanumer_2007\">17<\/span><\/a> \u201eGer\u00f0u \u00e1r\u00e1s \u00e1 Mid\u00edan\u00edta og dreptu \u00fe\u00e1 <a name=\"18\"><span class=\"versanumer_2007\">18<\/span><\/a> \u00fev\u00ed a\u00f0 \u00feeir r\u00e9\u00f0ust \u00e1 ykkur me\u00f0 br\u00f6g\u00f0um b\u00e6\u00f0i \u00ed m\u00e1linu vegna Baals Pe\u00f3r og l\u00f6ndu \u00feeirra, Kosb\u00ed, sem var d\u00f3ttir h\u00f6f\u00f0ingja \u00ed Mid\u00edan. H\u00fan var tekin af l\u00edfi daginn sem pl\u00e1gan vegna Pe\u00f3rs rei\u00f0 yfir.\u201c<\/p>\n","protected":false},"excerpt":{"rendered":"<p>Hj\u00e1gu\u00f0ad\u00fdrkun \u00cdsraelsmanna \u00ed M\u00f3ab 1 Me\u00f0an \u00cdsrael dvaldi \u00ed Sitt\u00edm t\u00f3k \u00fej\u00f3\u00f0in a\u00f0 h\u00f3rast me\u00f0 m\u00f3ab\u00edskum konum. 2 \u00de\u00e6r bu\u00f0u f\u00f3lkinu til f\u00f3rnarm\u00e1lt\u00ed\u00f0a gu\u00f0a sinna og f\u00f3lki\u00f0 neytti og f\u00e9ll fram fyrir gu\u00f0um \u00feeirra. 3 \u00deannig tengdist \u00cdsrael Baal Pe\u00f3r. \u00de\u00e1 blossa\u00f0i rei\u00f0i Drottins upp gegn \u00cdsrael 4 og Drottinn sag\u00f0i vi\u00f0 M\u00f3se: \u201eS\u00e6ktu alla lei\u00f0toga \u00fej\u00f3\u00f0arinnar og hengdu \u00fe\u00e1 upp frammi fyrir Drottni, gegnt s\u00f3l svo a\u00f0 gl\u00f3andi heift Drottins v\u00edki fr\u00e1 \u00cdsrael.\u201c 5 \u00de\u00e1 sag\u00f0i M\u00f3se vi\u00f0 d\u00f3mara \u00cdsraels: \u201eS\u00e9rhver l\u00edfl\u00e1ti n\u00fa \u00fe\u00e1 af m\u00f6nnum s\u00ednum sem tengst hafa Baal Pe\u00f3r.\u201c 6 En einn \u00cdsraelsmannanna kom til br\u00e6\u00f0ra <a href=\"https:\/\/biblian.is\/biblian\/fjorda-mosebok-25-kafli\/\"> [&#8230;]<\/a><\/p>\n","protected":false},"author":1,"featured_media":0,"parent":0,"menu_order":0,"comment_status":"open","ping_status":"open","template":"bibliukaflar_NT.php","meta":{"footnotes":""},"class_list":["post-1759","page","type-page","status-publish","hentry"],"_links":{"self":[{"href":"https:\/\/biblian.is\/biblian\/wp-json\/wp\/v2\/pages\/1759","targetHints":{"allow":["GET"]}}],"collection":[{"href":"https:\/\/biblian.is\/biblian\/wp-json\/wp\/v2\/pages"}],"about":[{"href":"https:\/\/biblian.is\/biblian\/wp-json\/wp\/v2\/types\/page"}],"author":[{"embeddable":true,"href":"https:\/\/biblian.is\/biblian\/wp-json\/wp\/v2\/users\/1"}],"replies":[{"embeddable":true,"href":"https:\/\/biblian.is\/biblian\/wp-json\/wp\/v2\/comments?post=1759"}],"version-history":[{"count":0,"href":"https:\/\/biblian.is\/biblian\/wp-json\/wp\/v2\/pages\/1759\/revisions"}],"wp:attachment":[{"href":"https:\/\/biblian.is\/biblian\/wp-json\/wp\/v2\/media?parent=1759"}],"curies":[{"name":"wp","href":"https:\/\/api.w.org\/{rel}","templated":true}]}}