{"id":1744,"date":"2017-12-30T21:00:16","date_gmt":"2017-12-30T21:00:16","guid":{"rendered":"http:\/\/biblian.is\/biblian\/fj%c2%97r_a-m%c2%97seb%c2%97k-10-kafli\/"},"modified":"2024-05-06T22:31:16","modified_gmt":"2024-05-06T22:31:16","slug":"fjorda-mosebok-10-kafli","status":"publish","type":"page","link":"https:\/\/biblian.is\/biblian\/fjorda-mosebok-10-kafli\/","title":{"rendered":"Fj\u00f3r\u00f0a M\u00f3seb\u00f3k 10. kafli"},"content":{"rendered":"<h3 class=\"millifyrirsogn_2007\"> L\u00fa\u00f0rarnir<\/h3>\n<p><a name=\"1\"><span class=\"versanumer_2007\">1<\/span><\/a> Drottinn tala\u00f0i til M\u00f3se og sag\u00f0i:<br \/> <a name=\"2\"><span class=\"versanumer_2007\">2<\/span><\/a> \u201eGer\u00f0u tvo l\u00fa\u00f0ra \u00far silfri. \u00de\u00fa skalt gera \u00fe\u00e1 me\u00f0 drifnu sm\u00ed\u00f0i. \u00de\u00fa skalt nota \u00fe\u00e1 til a\u00f0 kalla saman s\u00f6fnu\u00f0inn og til a\u00f0 gefa hernum merki til brottfarar. <a name=\"3\"><span class=\"versanumer_2007\">3<\/span><\/a> \u00deegar \u00fei\u00f0 gefi\u00f0 merki me\u00f0 l\u00fa\u00f0ra\u00feyt skal allur s\u00f6fnu\u00f0urinn koma saman hj\u00e1 \u00fe\u00e9r vi\u00f0 dyr samfundatjaldsins. <a name=\"4\"><span class=\"versanumer_2007\">4<\/span><\/a> Ef \u00fei\u00f0 \u00feeyti\u00f0 einu sinni skulu h\u00f6f\u00f0ingjarnir, \u00e6\u00f0stu h\u00f6f\u00f0ingjar \u00cdsraels \u00e6tta, koma saman hj\u00e1 \u00fe\u00e9r. <a name=\"5\"><span class=\"versanumer_2007\">5<\/span><\/a> Ef \u00fei\u00f0 gefi\u00f0 merki me\u00f0 hvellum hlj\u00f3mi skulu hersveitirnar, sem tjalda austan megin, leggja af sta\u00f0. <a name=\"6\"><span class=\"versanumer_2007\">6<\/span><\/a> Ef \u00fei\u00f0 gefi\u00f0 merki \u00f6\u00f0ru sinni me\u00f0 hvellum hlj\u00f3mi skulu hersveitirnar, sem tjalda sunnan megin, leggja af sta\u00f0. \u00dei\u00f0 skulu\u00f0 gefa merki til brottfarar me\u00f0 l\u00fa\u00f0ra\u00feyt. <a name=\"7\"><span class=\"versanumer_2007\">7<\/span><\/a> En \u00feegar s\u00f6fnu\u00f0urinn skal koma saman skulu\u00f0 \u00fei\u00f0 \u00feeyta l\u00fa\u00f0rana en ekki hvellt.<br \/> <a name=\"8\"><span class=\"versanumer_2007\">8<\/span><\/a> Prestarnir, synir Arons, skulu \u00feeyta l\u00fa\u00f0rana. \u00dea\u00f0 skal vera \u00feeim \u00e6varandi laga\u00e1kv\u00e6\u00f0i fr\u00e1 kyni til kyns.<br \/> <a name=\"9\"><span class=\"versanumer_2007\">9<\/span><\/a> \u00deegar \u00fei\u00f0 haldi\u00f0 til orrustu gegn \u00feeim sem \u00ferengja a\u00f0 ykkur \u00ed landi ykkar og \u00fei\u00f0 bl\u00e1si\u00f0 \u00ed l\u00fa\u00f0rana ver\u00f0ur ykkar minnst fyrir augliti Drottins, Gu\u00f0s ykkar. \u00de\u00e1 ver\u00f0ur ykkur bjarga\u00f0 undan fjandm\u00f6nnum ykkar.<br \/> <a name=\"10\"><span class=\"versanumer_2007\">10<\/span><\/a> \u00c1 gle\u00f0id\u00f6gum ykkar og h\u00e1t\u00ed\u00f0um og vi\u00f0 upphaf m\u00e1na\u00f0a skulu\u00f0 \u00fei\u00f0 \u00feeyta l\u00fa\u00f0rana, einnig vi\u00f0 brennif\u00f3rnir og heillaf\u00f3rnir. \u00deeir munu minna \u00e1 ykkur frammi fyrir augliti Gu\u00f0s ykkar. \u00c9g er Drottinn, Gu\u00f0 ykkar.\u201c<\/p>\n<h3 class=\"millifyrirsogn_2007\">Lagt af sta\u00f0 fr\u00e1 S\u00edna\u00ed<\/h3>\n<p><a name=\"11\"><span class=\"versanumer_2007\">11<\/span><\/a> \u00c1 tuttugasta degi annars m\u00e1na\u00f0ar h\u00f3f sk\u00fdi\u00f0 sig upp fr\u00e1 s\u00e1ttm\u00e1lstjaldinu. <a name=\"12\"><span class=\"versanumer_2007\">12<\/span><\/a> \u00de\u00e1 l\u00f6g\u00f0u \u00cdsraelsmenn af sta\u00f0 fr\u00e1 S\u00edna\u00edey\u00f0im\u00f6rkinni \u00ed \u00feeirri r\u00f6\u00f0 sem \u00e1kve\u00f0in var en sk\u00fdi\u00f0 nam sta\u00f0ar \u00ed Paraney\u00f0im\u00f6rk.<br \/> <a name=\"13\"><span class=\"versanumer_2007\">13<\/span><\/a> \u00deeir h\u00e9ldu \u00fe\u00e1 af sta\u00f0 \u00ed fyrsta sinn a\u00f0 bo\u00f0i Drottins fyrir munn M\u00f3se. <a name=\"14\"><span class=\"versanumer_2007\">14<\/span><\/a> Fyrst var haldi\u00f0 af sta\u00f0 me\u00f0 merki b\u00fa\u00f0a J\u00fadasona, hver hersveit \u00feeirra fyrir sig en Nakson Amm\u00ednadabsson var yfir her J\u00fada. <a name=\"15\"><span class=\"versanumer_2007\">15<\/span><\/a> Yfir her sona \u00cdssakars var Netanel S\u00faarsson <a name=\"16\"><span class=\"versanumer_2007\">16<\/span><\/a> og El\u00edab Hel\u00f3nsson yfir her \u00e6ttb\u00e1lks Seb\u00falonssona. <a name=\"17\"><span class=\"versanumer_2007\">17<\/span><\/a> \u00dev\u00ed n\u00e6st var tjaldb\u00fa\u00f0in tekin ni\u00f0ur og \u00fe\u00e1 l\u00f6g\u00f0u synir Gersons og Merar\u00ed af sta\u00f0 en \u00feeir b\u00e1ru tjaldb\u00fa\u00f0ina. <a name=\"18\"><span class=\"versanumer_2007\">18<\/span><\/a> \u00de\u00e1 var haldi\u00f0 af sta\u00f0 me\u00f0 merki b\u00fa\u00f0a sona R\u00fabens, hver hersveit fyrir sig. El\u00eds\u00far Sede\u00farsson var yfir her R\u00fabens. <a name=\"19\"><span class=\"versanumer_2007\">19<\/span><\/a> Sel\u00fam\u00edel S\u00far\u00edsadda\u00edson var yfir her S\u00edmeonssona <a name=\"20\"><span class=\"versanumer_2007\">20<\/span><\/a> og Eljasaf Deg\u00faelsson yfir her \u00e6ttb\u00e1lks Ga\u00f0ssona. <a name=\"21\"><span class=\"versanumer_2007\">21<\/span><\/a> \u00dev\u00ed n\u00e6st l\u00f6g\u00f0u Kahat\u00edtar af sta\u00f0 sem b\u00e1ru helgid\u00f3minn. Tjaldb\u00fa\u00f0in var reist \u00e1\u00f0ur en \u00feeir komu. <a name=\"22\"><span class=\"versanumer_2007\">22<\/span><\/a> \u00de\u00e1 var haldi\u00f0 af sta\u00f0 me\u00f0 merki b\u00fa\u00f0a Efra\u00edmssona, hver hersveit fyrir sig. El\u00edsama Amm\u00edh\u00fadsson var yfir her Efra\u00edmssona <a name=\"23\"><span class=\"versanumer_2007\">23<\/span><\/a> og Gaml\u00edel Pedas\u00farsson yfir her \u00e6ttb\u00e1lks Manassesona. <a name=\"24\"><span class=\"versanumer_2007\">24<\/span><\/a> Ab\u00eddan G\u00eddon\u00edson var yfir her \u00e6ttb\u00e1lks Benjam\u00ednssona. <a name=\"25\"><span class=\"versanumer_2007\">25<\/span><\/a> Loks var lagt af sta\u00f0 me\u00f0 merki b\u00fa\u00f0a Danssona, hver hersveit \u00feeirra fyrir sig. Her Dans var bakvar\u00f0arsveit alls hersins. Ak\u00edeser Amm\u00edsadda\u00edson var yfir her hans. <a name=\"26\"><span class=\"versanumer_2007\">26<\/span><\/a> Pag\u00edel \u00d3kransson var yfir her Assersni\u00f0ja <a name=\"27\"><span class=\"versanumer_2007\">27<\/span><\/a> og Ak\u00edra Enansson yfir her Naftal\u00edni\u00f0ja.<br \/> <a name=\"28\"><span class=\"versanumer_2007\">28<\/span><\/a> \u00deetta var s\u00fa r\u00f6\u00f0 sem \u00e1kve\u00f0in var fyrir \u00cdsraelsmenn \u00feegar \u00feeir l\u00f6g\u00f0u af sta\u00f0, hver hersveit \u00feeirra fyrir sig.<br \/> <a name=\"29\"><span class=\"versanumer_2007\">29<\/span><\/a> M\u00f3se sag\u00f0i vi\u00f0 H\u00f3bab Reg\u00faelsson fr\u00e1 Mid\u00edan, tengdaf\u00f6\u00f0ur sinn: \u201eVi\u00f0 erum \u00ed \u00feann veginn a\u00f0 leggja af sta\u00f0 til \u00feess sta\u00f0ar sem Drottinn hefur heiti\u00f0 a\u00f0 gefa okkur. Komdu me\u00f0 okkur. Vi\u00f0 munum reynast \u00fe\u00e9r vel \u00fev\u00ed a\u00f0 Drottinn h\u00e9t \u00cdsrael velgengni.\u201c <a name=\"30\"><span class=\"versanumer_2007\">30<\/span><\/a> H\u00f3bab svara\u00f0i honum: \u201e\u00c9g fer ekki me\u00f0 ykkur, heldur heim til lands m\u00edns og \u00e6ttmenna.\u201c <a name=\"31\"><span class=\"versanumer_2007\">31<\/span><\/a> \u00de\u00e1 sag\u00f0i M\u00f3se: \u201eYfirgef\u00f0u okkur ekki. Vegna \u00feess a\u00f0 \u00fe\u00fa veist hvar vi\u00f0 getum tjalda\u00f0 \u00ed ey\u00f0im\u00f6rkinni getur \u00fe\u00fa v\u00edsa\u00f0 okkur veginn. <span class=\"nedan_mal\" title=\" Or\u00f0r\u00e9tt: veri\u00f0 okkur augu.\">[<\/span> <a name=\"32\"><span class=\"versanumer_2007\">32<\/span><\/a> Ef \u00fe\u00fa kemur me\u00f0 okkur munum vi\u00f0 reynast \u00fe\u00e9r vel \u00feegar Drottinn l\u00e6tur okkur farnast vel.\u201c<br \/> <a name=\"33\"><span class=\"versanumer_2007\">33<\/span><\/a> \u00deeir l\u00f6g\u00f0u af sta\u00f0 fr\u00e1 fjalli Drottins og f\u00f3ru \u00ferj\u00e1r daglei\u00f0ir. S\u00e1ttm\u00e1ls\u00f6rk Drottins f\u00f3r fyrir \u00feeim \u00ferj\u00e1r daglei\u00f0ir til a\u00f0 leita \u00feeim a\u00f0 hv\u00edldarsta\u00f0. <a name=\"34\"><span class=\"versanumer_2007\">34<\/span><\/a> Sk\u00fd Drottins var yfir \u00feeim \u00e1 daginn er \u00feeir l\u00f6g\u00f0u upp fr\u00e1 herb\u00fa\u00f0unum.<br \/> <a name=\"35\"><span class=\"versanumer_2007\">35<\/span><\/a> Vi\u00f0 brottf\u00f6r arkarinnar sag\u00f0i M\u00f3se:<br \/> <span class=\"ljodatexti\"> R\u00eds \u00fe\u00fa upp, Drottinn,<br \/>svo a\u00f0 \u00f3vinir \u00fe\u00ednir tv\u00edstrist<br \/>og fjandmenn \u00fe\u00ednir fl\u00fdi fyrir \u00fe\u00e9r. <\/span> <br \/> <a name=\"36\"><span class=\"versanumer_2007\">36<\/span><\/a> \u00deegar h\u00fan nam sta\u00f0ar sag\u00f0i hann:<br \/> <span class=\"ljodatexti\"> Sn\u00fa\u00f0u aftur, Drottinn,<br \/>til hinna t\u00edu \u00fe\u00fasund \u00fe\u00fasunda \u00cdsraels. <span class=\"nedan_mal\" title=\" \u00d6nnur hugsanleg \u00fe\u00fd\u00f0ing: \u2026 lei\u00f0togi t\u00edu \u00fe\u00fasund \u00fe\u00fasunda \u00cdsraels.\">[<\/span> <\/p>\n","protected":false},"excerpt":{"rendered":"<p>L\u00fa\u00f0rarnir 1 Drottinn tala\u00f0i til M\u00f3se og sag\u00f0i: 2 \u201eGer\u00f0u tvo l\u00fa\u00f0ra \u00far silfri. \u00de\u00fa skalt gera \u00fe\u00e1 me\u00f0 drifnu sm\u00ed\u00f0i. \u00de\u00fa skalt nota \u00fe\u00e1 til a\u00f0 kalla saman s\u00f6fnu\u00f0inn og til a\u00f0 gefa hernum merki til brottfarar. 3 \u00deegar \u00fei\u00f0 gefi\u00f0 merki me\u00f0 l\u00fa\u00f0ra\u00feyt skal allur s\u00f6fnu\u00f0urinn koma saman hj\u00e1 \u00fe\u00e9r vi\u00f0 dyr samfundatjaldsins. 4 Ef \u00fei\u00f0 \u00feeyti\u00f0 einu sinni skulu h\u00f6f\u00f0ingjarnir, \u00e6\u00f0stu h\u00f6f\u00f0ingjar \u00cdsraels \u00e6tta, koma saman hj\u00e1 \u00fe\u00e9r. 5 Ef \u00fei\u00f0 gefi\u00f0 merki me\u00f0 hvellum hlj\u00f3mi skulu hersveitirnar, sem tjalda austan megin, leggja af sta\u00f0. 6 Ef \u00fei\u00f0 gefi\u00f0 merki \u00f6\u00f0ru sinni me\u00f0 hvellum hlj\u00f3mi skulu hersveitirnar, <a href=\"https:\/\/biblian.is\/biblian\/fjorda-mosebok-10-kafli\/\"> [&#8230;]<\/a><\/p>\n","protected":false},"author":1,"featured_media":0,"parent":0,"menu_order":0,"comment_status":"open","ping_status":"open","template":"bibliukaflar_NT.php","meta":{"footnotes":""},"class_list":["post-1744","page","type-page","status-publish","hentry"],"_links":{"self":[{"href":"https:\/\/biblian.is\/biblian\/wp-json\/wp\/v2\/pages\/1744","targetHints":{"allow":["GET"]}}],"collection":[{"href":"https:\/\/biblian.is\/biblian\/wp-json\/wp\/v2\/pages"}],"about":[{"href":"https:\/\/biblian.is\/biblian\/wp-json\/wp\/v2\/types\/page"}],"author":[{"embeddable":true,"href":"https:\/\/biblian.is\/biblian\/wp-json\/wp\/v2\/users\/1"}],"replies":[{"embeddable":true,"href":"https:\/\/biblian.is\/biblian\/wp-json\/wp\/v2\/comments?post=1744"}],"version-history":[{"count":0,"href":"https:\/\/biblian.is\/biblian\/wp-json\/wp\/v2\/pages\/1744\/revisions"}],"wp:attachment":[{"href":"https:\/\/biblian.is\/biblian\/wp-json\/wp\/v2\/media?parent=1744"}],"curies":[{"name":"wp","href":"https:\/\/api.w.org\/{rel}","templated":true}]}}