{"id":1730,"date":"2017-12-30T21:00:11","date_gmt":"2017-12-30T21:00:11","guid":{"rendered":"http:\/\/biblian.is\/biblian\/_ri_ja-m%c2%97seb%c2%97k-23-kafli\/"},"modified":"2024-05-06T22:30:21","modified_gmt":"2024-05-06T22:30:21","slug":"thridja-mosebok-23-kafli","status":"publish","type":"page","link":"https:\/\/biblian.is\/biblian\/thridja-mosebok-23-kafli\/","title":{"rendered":"\u00deri\u00f0ja M\u00f3seb\u00f3k 23. kafli"},"content":{"rendered":"<h3 class=\"millifyrirsogn_2007\"> Fyrirm\u00e6li um h\u00e1t\u00ed\u00f0ir<\/h3>\n<p><a name=\"1\"><span class=\"versanumer_2007\">1<\/span><\/a> Drottinn tala\u00f0i vi\u00f0 M\u00f3se og sag\u00f0i:<br \/> <a name=\"2\"><span class=\"versanumer_2007\">2<\/span><\/a> \u201e\u00c1varpa\u00f0u \u00cdsraelsmenn og seg\u00f0u: \u00deetta eru h\u00e1t\u00ed\u00f0ir Drottins sem \u00fei\u00f0 skulu\u00f0 kunngj\u00f6ra sem helgar samkomur. \u00deetta eru h\u00e1t\u00ed\u00f0ir m\u00ednar:<\/p>\n<h3 class=\"millifyrirsogn_2007\">Hv\u00edldardagurinn<\/h3>\n<p><a name=\"3\"><span class=\"versanumer_2007\">3<\/span><\/a> Sex daga skal verk vinna en sj\u00f6unda daginn skal vera algj\u00f6r hv\u00edld, helg samkoma. \u00de\u00e1 skal ekkert verk vinna. \u00deetta er hv\u00edldardagur fyrir Drottin hvar sem \u00fei\u00f0 b\u00fai\u00f0.<\/p>\n<h3 class=\"millifyrirsogn_2007\">P\u00e1skar og h\u00e1t\u00ed\u00f0 hinna \u00f3s\u00fdr\u00f0u brau\u00f0a<\/h3>\n<p><a name=\"4\"><span class=\"versanumer_2007\">4<\/span><\/a> \u00deetta eru h\u00e1t\u00ed\u00f0ir Drottins, heilagar samkomur, sem \u00fei\u00f0 skulu\u00f0 kunngj\u00f6ra, hverja \u00e1 s\u00ednum \u00e1kve\u00f0na t\u00edma: <a name=\"5\"><span class=\"versanumer_2007\">5<\/span><\/a> Fj\u00f3rt\u00e1nda dag fyrsta m\u00e1na\u00f0arins, \u00ed r\u00f6kkrinu r\u00e9tt fyrir s\u00f3lsetur, eru p\u00e1skar, Drottni til d\u00fdr\u00f0ar. <a name=\"6\"><span class=\"versanumer_2007\">6<\/span><\/a> Fimmt\u00e1nda dag sama m\u00e1na\u00f0ar er h\u00e1t\u00ed\u00f0 hinna \u00f3s\u00fdr\u00f0u brau\u00f0a Drottni til d\u00fdr\u00f0ar. \u00de\u00e1 skulu\u00f0 \u00fei\u00f0 eta \u00f3s\u00fdrt brau\u00f0 \u00ed sj\u00f6 daga. <a name=\"7\"><span class=\"versanumer_2007\">7<\/span><\/a> Fyrsta daginn skulu\u00f0 \u00fei\u00f0 halda heilaga samkomu. \u00de\u00e1 skulu\u00f0 \u00fei\u00f0 ekkert verk vinna. <a name=\"8\"><span class=\"versanumer_2007\">8<\/span><\/a> \u00dei\u00f0 skulu\u00f0 f\u00e6ra Drottni eldf\u00f3rnir \u00ed sj\u00f6 daga. Sj\u00f6unda daginn skulu\u00f0 \u00fei\u00f0 halda heilaga samkomu. \u00de\u00e1 skulu\u00f0 \u00fei\u00f0 ekkert verk vinna.\u201c<\/p>\n<h3 class=\"millifyrirsogn_2007\">Frumgr\u00f3\u00f0inn<\/h3>\n<p><a name=\"9\"><span class=\"versanumer_2007\">9<\/span><\/a> Drottinn tala\u00f0i vi\u00f0 M\u00f3se:<br \/> <a name=\"10\"><span class=\"versanumer_2007\">10<\/span><\/a> \u201e\u00c1varpa\u00f0u \u00cdsraelsmenn og seg\u00f0u: \u00deegar \u00fei\u00f0 komi\u00f0 inn \u00ed landi\u00f0 sem \u00e9g gef ykkur og skeri\u00f0 \u00fear upp korn skulu\u00f0 \u00fei\u00f0 f\u00e6ra prestinum fyrsta kornknippi\u00f0 af uppskeru ykkar. <a name=\"11\"><span class=\"versanumer_2007\">11<\/span><\/a> Hann skal veifa \u00fev\u00ed frammi fyrir augliti Drottins svo a\u00f0 \u00fei\u00f0 hlj\u00f3ti\u00f0 vel\u00fe\u00f3knun hans. Daginn eftir hv\u00edldardaginn skal presturinn veifa \u00fev\u00ed.<br \/> <a name=\"12\"><span class=\"versanumer_2007\">12<\/span><\/a> Sama dag og \u00fei\u00f0 veifi\u00f0 kornknippinu skulu\u00f0 \u00fei\u00f0 b\u00faa veturgamla sau\u00f0kind til brennif\u00f3rnar handa Drottni. <a name=\"13\"><span class=\"versanumer_2007\">13<\/span><\/a> Auk hennar skulu\u00f0 \u00fei\u00f0 f\u00e6ra \u00ed kornf\u00f3rn tvo t\u00edundu \u00far efu af f\u00ednu mj\u00f6li bl\u00f6ndu\u00f0u ol\u00edu. \u00deetta er eldf\u00f3rn, Drottni \u00feekkur ilmur. Dreypif\u00f3rn me\u00f0 henni skal vera fj\u00f3r\u00f0ungur \u00far h\u00edn af v\u00edni.<br \/> <a name=\"14\"><span class=\"versanumer_2007\">14<\/span><\/a> \u00dei\u00f0 skulu\u00f0 hvorki eta brau\u00f0 n\u00e9 rista\u00f0 e\u00f0a ferskt korn fyrr en daginn sem \u00fei\u00f0 f\u00e6ri\u00f0 Gu\u00f0i ykkar \u00feessa f\u00f3rnargj\u00f6f. \u00deetta er \u00e6varandi regla sem gildir fyrir ykkur, fr\u00e1 kyni til kyns, hvar sem \u00fei\u00f0 b\u00fai\u00f0.<\/p>\n<h3 class=\"millifyrirsogn_2007\">Viknah\u00e1t\u00ed\u00f0in<\/h3>\n<p><a name=\"15\"><span class=\"versanumer_2007\">15<\/span><\/a> \u00dei\u00f0 skulu\u00f0 telja sj\u00f6 heilar vikur fr\u00e1 deginum eftir hv\u00edldardaginn \u00feegar \u00fei\u00f0 veifu\u00f0u\u00f0 kornknippinu. <a name=\"16\"><span class=\"versanumer_2007\">16<\/span><\/a> \u00dei\u00f0 skulu\u00f0 telja fimmt\u00edu daga til dagsins eftir sj\u00f6unda hv\u00edldardaginn. \u00de\u00e1 skulu\u00f0 \u00fei\u00f0 f\u00e6ra Drottni n\u00fdja kornf\u00f3rn. <a name=\"17\"><span class=\"versanumer_2007\">17<\/span><\/a> \u00dei\u00f0 skulu\u00f0 hafa me\u00f0 ykkur a\u00f0 heiman tv\u00f6 brau\u00f0 til a\u00f0 veifa \u00ed frumgr\u00f3\u00f0af\u00f3rn handa Drottni. \u00deau skulu b\u00f6ku\u00f0 \u00far s\u00fardeigi \u00far tveimur t\u00edundu hlutum \u00far efu af f\u00ednu mj\u00f6li. <a name=\"18\"><span class=\"versanumer_2007\">18<\/span><\/a> \u00c1samt brau\u00f0inu skulu\u00f0 \u00fei\u00f0 f\u00e6ra fram sj\u00f6 l\u00fdtalausar veturgamlar kindur, nautk\u00e1lf e\u00f0a uxa og tvo geithafra \u00ed brennif\u00f3rn handa Drottni. Me\u00f0 \u00feessum f\u00f3rnum skal a\u00f0 auki f\u00e6ra kornf\u00f3rn og dreypif\u00f3rn. \u00deetta er eldf\u00f3rn, Drottni \u00feekkur ilmur.<br \/> <a name=\"19\"><span class=\"versanumer_2007\">19<\/span><\/a> B\u00fai\u00f0 einnig geithafur til syndaf\u00f3rnar og tv\u00e6r veturgamlar kindur til lokasl\u00e1turf\u00f3rnar. <a name=\"20\"><span class=\"versanumer_2007\">20<\/span><\/a> Presturinn skal veifa \u00feessu \u00e1samt frumgr\u00f3\u00f0abrau\u00f0inu frammi fyrir augliti Drottins. \u00deetta eru, \u00e1samt b\u00e1\u00f0um kindunum, heilagar gjafir til Drottins og koma \u00ed hlut prestsins.<br \/> <a name=\"21\"><span class=\"versanumer_2007\">21<\/span><\/a> \u00deennan sama dag skulu\u00f0 \u00fei\u00f0 bo\u00f0a til heilagrar samkomu. \u00de\u00e1 megi\u00f0 \u00fei\u00f0 ekki vinna. \u00deetta er \u00e6varandi regla, sem gildir hvar sem \u00fei\u00f0 b\u00fai\u00f0, fr\u00e1 einni kynsl\u00f3\u00f0 til annarrar. <a name=\"22\"><span class=\"versanumer_2007\">22<\/span><\/a> Er \u00fei\u00f0 uppskeri\u00f0 jar\u00f0argr\u00f3\u00f0ur ykkar \u00fe\u00e1 skaltu ekki skera akur \u00feinn \u00fat \u00ed hvert horn. \u00de\u00fa skalt ekki heldur t\u00edna afgang uppskeru \u00feinnar en skilja hann eftir handa f\u00e1t\u00e6kum og \u00fatlendingum. \u00c9g er Drottinn, Gu\u00f0 ykkar.\u201c<\/p>\n<h3 class=\"millifyrirsogn_2007\">N\u00fd\u00e1rsdagur<\/h3>\n<p><a name=\"23\"><span class=\"versanumer_2007\">23<\/span><\/a> Drottinn tala\u00f0i vi\u00f0 M\u00f3se og sag\u00f0i:<br \/> <a name=\"24\"><span class=\"versanumer_2007\">24<\/span><\/a> \u201e\u00c1varpa\u00f0u \u00cdsraelsmenn og seg\u00f0u: Fyrsta dag sj\u00f6unda m\u00e1na\u00f0arins skulu\u00f0 \u00fei\u00f0 halda helgihv\u00edld, minningardag me\u00f0 hornabl\u00e6stri, helga samkomu. <a name=\"25\"><span class=\"versanumer_2007\">25<\/span><\/a> \u00de\u00e1 skulu\u00f0 \u00fei\u00f0 ekkert verk vinna en f\u00e6ra Drottni eldf\u00f3rn.\u201c<\/p>\n<h3 class=\"millifyrirsogn_2007\">Fri\u00f0\u00fe\u00e6gingardagurinn<\/h3>\n<p><a name=\"26\"><span class=\"versanumer_2007\">26<\/span><\/a> Drottinn tala\u00f0i vi\u00f0 M\u00f3se og sag\u00f0i:<br \/> <a name=\"27\"><span class=\"versanumer_2007\">27<\/span><\/a> \u201e\u00c1 t\u00edunda degi \u00ed \u00feessum sama sj\u00f6unda m\u00e1nu\u00f0i er fri\u00f0\u00fe\u00e6gingardagurinn. \u00de\u00e1 skulu\u00f0 \u00fei\u00f0 halda helga samkomu, leggja \u00e1 ykkur l\u00edkamleg meinl\u00e6ti og f\u00e6ra Drottni eldf\u00f3rn. <a name=\"28\"><span class=\"versanumer_2007\">28<\/span><\/a> \u00deennan dag skulu\u00f0 \u00fei\u00f0 ekkert verk vinna \u00fev\u00ed a\u00f0 \u00feetta er fri\u00f0\u00fe\u00e6gingardagur. \u00de\u00e1 skal fri\u00f0\u00fe\u00e6gja fyrir ykkur frammi fyrir augliti Drottins, Gu\u00f0s ykkar. <a name=\"29\"><span class=\"versanumer_2007\">29<\/span><\/a> Hver s\u00e1 sem leggur ekki \u00e1 sig meinl\u00e6ti \u00feennan dag skal uppr\u00e6ttur \u00far \u00fej\u00f3\u00f0 sinni. <a name=\"30\"><span class=\"versanumer_2007\">30<\/span><\/a> Hvern \u00feann sem verk vinnur \u00feennan dag mun \u00e9g uppr\u00e6ta \u00far \u00fej\u00f3\u00f0 sinni. <a name=\"31\"><span class=\"versanumer_2007\">31<\/span><\/a> \u00dei\u00f0 skulu\u00f0 ekkert verk vinna. \u00dea\u00f0 er \u00e6varandi regla sem gildir fyrir ykkur fr\u00e1 kynsl\u00f3\u00f0 til kynsl\u00f3\u00f0ar hvar sem \u00fei\u00f0 b\u00fai\u00f0. <a name=\"32\"><span class=\"versanumer_2007\">32<\/span><\/a> \u00deetta er algj\u00f6r hv\u00edldardagur fyrir ykkur og \u00fe\u00e1 eigi\u00f0 \u00fei\u00f0 a\u00f0 leggja meinl\u00e6ti \u00e1 l\u00edkama ykkar. \u00dei\u00f0 skulu\u00f0 halda algj\u00f6ra hv\u00edld fr\u00e1 kv\u00f6ldi n\u00edunda dags m\u00e1na\u00f0arins til kv\u00f6ldsins eftir.\u201c<\/p>\n<h3 class=\"millifyrirsogn_2007\">Laufsk\u00e1lah\u00e1t\u00ed\u00f0in<\/h3>\n<p><a name=\"33\"><span class=\"versanumer_2007\">33<\/span><\/a> Drottinn tala\u00f0i vi\u00f0 M\u00f3se og sag\u00f0i:<br \/> <a name=\"34\"><span class=\"versanumer_2007\">34<\/span><\/a> \u201e\u00c1varpa\u00f0u \u00cdsraelsmenn og seg\u00f0u: \u00c1 fimmt\u00e1nda degi \u00ed \u00feessum sj\u00f6unda m\u00e1nu\u00f0i hefst laufsk\u00e1lah\u00e1t\u00ed\u00f0in og stendur \u00ed sj\u00f6 daga Drottni til d\u00fdr\u00f0ar.<br \/> <a name=\"35\"><span class=\"versanumer_2007\">35<\/span><\/a> Fyrsta daginn er helg samkoma. \u00de\u00e1 skulu\u00f0 \u00fei\u00f0 ekkert verk vinna. <a name=\"36\"><span class=\"versanumer_2007\">36<\/span><\/a> \u00cd sj\u00f6 daga skulu\u00f0 \u00fei\u00f0 f\u00e6ra Drottni eldf\u00f3rn. \u00c1ttunda daginn skulu\u00f0 \u00fei\u00f0 halda helga samkomu og f\u00e6ra Drottni eldf\u00f3rn. \u00dea\u00f0 er h\u00e1t\u00ed\u00f0isdagur og \u00fei\u00f0 skulu\u00f0 ekkert verk vinna.<br \/> <a name=\"37\"><span class=\"versanumer_2007\">37<\/span><\/a> \u00deetta eru h\u00e1t\u00ed\u00f0ir Drottins sem \u00fei\u00f0 skulu\u00f0 bo\u00f0a sem daga \u00e6tla\u00f0a helgum samkomum. \u00de\u00e1 skal f\u00e6ra Drottni eldf\u00f3rnir, brennif\u00f3rn, kornf\u00f3rn, sl\u00e1turf\u00f3rn og dreypif\u00f3rnir, hverja f\u00f3rn \u00e1 s\u00ednum degi. <a name=\"38\"><span class=\"versanumer_2007\">38<\/span><\/a> Auk \u00feess eru hv\u00edldardagar Drottins og \u00fear a\u00f0 auki gjafir ykkar, heitf\u00f3rnir og sj\u00e1lfviljaf\u00f3rnir sem \u00fei\u00f0 f\u00e6ri\u00f0 Drottni.<br \/> <a name=\"39\"><span class=\"versanumer_2007\">39<\/span><\/a> Fimmt\u00e1nda dag sj\u00f6unda m\u00e1na\u00f0arins, \u00feegar \u00fei\u00f0 flytji\u00f0 afrakstur landsins heim, skulu\u00f0 \u00fei\u00f0 hefja h\u00e1t\u00ed\u00f0 Drottins sem skal standa sj\u00f6 daga. \u00c1 fyrsta degi skal vera hv\u00edld og einnig \u00e1 \u00e1ttunda degi. <a name=\"40\"><span class=\"versanumer_2007\">40<\/span><\/a> Fyrsta daginn skulu\u00f0 \u00fei\u00f0 s\u00e6kja \u00e1vexti af \u00feroskamiklum trj\u00e1m, p\u00e1lmabl\u00f6\u00f0, greinar af \u00fe\u00e9ttlaufgu\u00f0um trj\u00e1m og p\u00edlvi\u00f0i. S\u00ed\u00f0an skulu\u00f0 \u00fei\u00f0 gle\u00f0jast frammi fyrir augliti Drottins, Gu\u00f0s ykkar, sj\u00f6 daga. <a name=\"41\"><span class=\"versanumer_2007\">41<\/span><\/a> \u00dei\u00f0 skulu\u00f0 halda \u00feessa h\u00e1t\u00ed\u00f0 Drottni til d\u00fdr\u00f0ar sj\u00f6 daga hvert \u00e1r. \u00dea\u00f0 skal vera \u00e6varandi regla fr\u00e1 einni kynsl\u00f3\u00f0 til annarrar a\u00f0 halda \u00feessa h\u00e1t\u00ed\u00f0 \u00ed sj\u00f6unda m\u00e1nu\u00f0inum.<br \/> <a name=\"42\"><span class=\"versanumer_2007\">42<\/span><\/a> \u00dei\u00f0 skulu\u00f0 b\u00faa \u00ed laufsk\u00e1lum sj\u00f6 daga. Allir innbornir menn \u00ed \u00cdsrael skulu b\u00faa \u00ed laufsk\u00e1lum <a name=\"43\"><span class=\"versanumer_2007\">43<\/span><\/a> svo a\u00f0 ni\u00f0jar ykkar f\u00e1i a\u00f0 vita a\u00f0 \u00e9g l\u00e9t ykkur b\u00faa \u00ed laufsk\u00e1lum \u00feegar \u00e9g leiddi ykkur \u00fat \u00far Egyptalandi. \u00c9g er Drottinn, Gu\u00f0 ykkar.\u201c<br \/> <a name=\"44\"><span class=\"versanumer_2007\">44<\/span><\/a> \u00deannig sk\u00fdr\u00f0i M\u00f3se \u00cdsraelsm\u00f6nnum fr\u00e1 \u00fev\u00ed hven\u00e6r h\u00e1t\u00ed\u00f0ir Drottins skyldu haldnar.<\/p>\n","protected":false},"excerpt":{"rendered":"<p>Fyrirm\u00e6li um h\u00e1t\u00ed\u00f0ir 1 Drottinn tala\u00f0i vi\u00f0 M\u00f3se og sag\u00f0i: 2 \u201e\u00c1varpa\u00f0u \u00cdsraelsmenn og seg\u00f0u: \u00deetta eru h\u00e1t\u00ed\u00f0ir Drottins sem \u00fei\u00f0 skulu\u00f0 kunngj\u00f6ra sem helgar samkomur. \u00deetta eru h\u00e1t\u00ed\u00f0ir m\u00ednar: Hv\u00edldardagurinn 3 Sex daga skal verk vinna en sj\u00f6unda daginn skal vera algj\u00f6r hv\u00edld, helg samkoma. \u00de\u00e1 skal ekkert verk vinna. \u00deetta er hv\u00edldardagur fyrir Drottin hvar sem \u00fei\u00f0 b\u00fai\u00f0. P\u00e1skar og h\u00e1t\u00ed\u00f0 hinna \u00f3s\u00fdr\u00f0u brau\u00f0a 4 \u00deetta eru h\u00e1t\u00ed\u00f0ir Drottins, heilagar samkomur, sem \u00fei\u00f0 skulu\u00f0 kunngj\u00f6ra, hverja \u00e1 s\u00ednum \u00e1kve\u00f0na t\u00edma: 5 Fj\u00f3rt\u00e1nda dag fyrsta m\u00e1na\u00f0arins, \u00ed r\u00f6kkrinu r\u00e9tt fyrir s\u00f3lsetur, eru p\u00e1skar, Drottni til d\u00fdr\u00f0ar. 6 Fimmt\u00e1nda dag <a href=\"https:\/\/biblian.is\/biblian\/thridja-mosebok-23-kafli\/\"> [&#8230;]<\/a><\/p>\n","protected":false},"author":1,"featured_media":0,"parent":0,"menu_order":0,"comment_status":"open","ping_status":"open","template":"bibliukaflar_NT.php","meta":{"footnotes":""},"class_list":["post-1730","page","type-page","status-publish","hentry"],"_links":{"self":[{"href":"https:\/\/biblian.is\/biblian\/wp-json\/wp\/v2\/pages\/1730","targetHints":{"allow":["GET"]}}],"collection":[{"href":"https:\/\/biblian.is\/biblian\/wp-json\/wp\/v2\/pages"}],"about":[{"href":"https:\/\/biblian.is\/biblian\/wp-json\/wp\/v2\/types\/page"}],"author":[{"embeddable":true,"href":"https:\/\/biblian.is\/biblian\/wp-json\/wp\/v2\/users\/1"}],"replies":[{"embeddable":true,"href":"https:\/\/biblian.is\/biblian\/wp-json\/wp\/v2\/comments?post=1730"}],"version-history":[{"count":0,"href":"https:\/\/biblian.is\/biblian\/wp-json\/wp\/v2\/pages\/1730\/revisions"}],"wp:attachment":[{"href":"https:\/\/biblian.is\/biblian\/wp-json\/wp\/v2\/media?parent=1730"}],"curies":[{"name":"wp","href":"https:\/\/api.w.org\/{rel}","templated":true}]}}