{"id":1724,"date":"2017-12-30T21:00:11","date_gmt":"2017-12-30T21:00:11","guid":{"rendered":"http:\/\/biblian.is\/biblian\/_ri_ja-m%c2%97seb%c2%97k-17-kafli\/"},"modified":"2024-05-06T22:30:20","modified_gmt":"2024-05-06T22:30:20","slug":"thridja-mosebok-17-kafli","status":"publish","type":"page","link":"https:\/\/biblian.is\/biblian\/thridja-mosebok-17-kafli\/","title":{"rendered":"\u00deri\u00f0ja M\u00f3seb\u00f3k 17. kafli"},"content":{"rendered":"<h3 class=\"millifyrirsogn_2007\"> Heilagleikal\u00f6gin<\/h3>\n<p><a name=\"1\"><span class=\"versanumer_2007\">1<\/span><\/a> Drottinn tala\u00f0i vi\u00f0 M\u00f3se og sag\u00f0i:<br \/> <a name=\"2\"><span class=\"versanumer_2007\">2<\/span><\/a> \u201e\u00c1varpa\u00f0u Aron og syni hans og alla \u00cdsraelsmenn og seg\u00f0u: Svo hefur Drottinn bo\u00f0i\u00f0:<br \/> <a name=\"3\"><span class=\"versanumer_2007\">3<\/span><\/a> S\u00e9rhver s\u00e1 af \u00cdsraels\u00e6tt sem sl\u00e1trar nauti, kind e\u00f0a geit, hvort heldur hann sl\u00e1trar inni \u00ed herb\u00fa\u00f0unum e\u00f0a utan \u00feeirra, <a name=\"4\"><span class=\"versanumer_2007\">4<\/span><\/a> en lei\u00f0ir d\u00fdri\u00f0 ekki a\u00f0 inngangi samfundatjaldsins til a\u00f0 f\u00e6ra \u00fea\u00f0 fram sem gj\u00f6f til Drottins, frammi fyrir b\u00fasta\u00f0 Drottins, s\u00e1 ma\u00f0ur skal teljast sekur um bl\u00f3\u00f0s\u00fathellingu. Hann hefur \u00fathellt bl\u00f3\u00f0i og skal uppr\u00e6ttur \u00far \u00fej\u00f3\u00f0 sinni. <a name=\"5\"><span class=\"versanumer_2007\">5<\/span><\/a> \u00deess vegna skulu \u00cdsraelsmenn koma til Drottins me\u00f0 \u00feau d\u00fdr sem \u00e6tlu\u00f0 eru til sl\u00e1turf\u00f3rna og \u00feeir n\u00fa f\u00e6ra \u00ed sl\u00e1turf\u00f3rn \u00fati \u00e1 v\u00ed\u00f0avangi. \u00deeir skulu f\u00e1 \u00feau prestinum vi\u00f0 dyr samfundatjaldsins og f\u00e6ra Drottni sem heillaf\u00f3rn.<br \/> <a name=\"6\"><span class=\"versanumer_2007\">6<\/span><\/a> Presturinn skal st\u00f6kkva bl\u00f3\u00f0inu \u00e1 altari Drottins vi\u00f0 inngang samfundatjaldsins og l\u00e1ta m\u00f6rinn l\u00ed\u00f0a upp \u00ed reyk af altarinu sem Drottni \u00feekkan ilm. <a name=\"7\"><span class=\"versanumer_2007\">7<\/span><\/a> \u00deeir mega ekki halda \u00e1fram a\u00f0 sl\u00e1tra sl\u00e1turf\u00f3rnum s\u00ednum handa geitap\u00fakunum sem \u00feeir h\u00f3rast n\u00fa me\u00f0. \u00dea\u00f0 skal vera ykkur f\u00f6st regla um aldur og \u00e6vi.<br \/> <a name=\"8\"><span class=\"versanumer_2007\">8<\/span><\/a> Seg\u00f0u enn fremur vi\u00f0 \u00fe\u00e1:<br \/>S\u00e9rhver af \u00cdsraels \u00e6tt e\u00f0a a\u00f0komuma\u00f0ur \u00e1 me\u00f0al ykkar, sem f\u00e6rir brennif\u00f3rn e\u00f0a sl\u00e1turf\u00f3rn <a name=\"9\"><span class=\"versanumer_2007\">9<\/span><\/a> \u00e1n \u00feess a\u00f0 lei\u00f0a f\u00f3rnard\u00fdri\u00f0 a\u00f0 dyrum samfundatjaldsins til a\u00f0 f\u00e6ra \u00fea\u00f0 Drottni, skal uppr\u00e6ttur \u00far \u00fej\u00f3\u00f0 sinni.<br \/> <a name=\"10\"><span class=\"versanumer_2007\">10<\/span><\/a> \u00c9g mun sn\u00faa augliti m\u00ednu gegn s\u00e9rhverjum manni af \u00e6tt \u00cdsraels e\u00f0a a\u00f0komumanni \u00e1 me\u00f0al ykkar sem neytir bl\u00f3\u00f0s og uppr\u00e6ta hann \u00far \u00fej\u00f3\u00f0 sinni <a name=\"11\"><span class=\"versanumer_2007\">11<\/span><\/a> \u00fev\u00ed a\u00f0 l\u00edfskraftur holdsins er \u00ed bl\u00f3\u00f0inu og \u00e9g hef gefi\u00f0 ykkur \u00fea\u00f0 til \u00feess a\u00f0 \u00fea\u00f0 fri\u00f0\u00fe\u00e6gi \u00e1 altarinu fyrir l\u00edf ykkar \u00fev\u00ed a\u00f0 \u00fea\u00f0 er bl\u00f3\u00f0i\u00f0 sem fri\u00f0\u00fe\u00e6gir fyrir l\u00edfi\u00f0. <a name=\"12\"><span class=\"versanumer_2007\">12<\/span><\/a> \u00deess vegna hef \u00e9g sagt vi\u00f0 \u00cdsraelsmenn: Enginn ykkar m\u00e1 neyta bl\u00f3\u00f0s og a\u00f0komuma\u00f0ur \u00e1 me\u00f0al ykkar m\u00e1 ekki heldur neyta bl\u00f3\u00f0s.<br \/> <a name=\"13\"><span class=\"versanumer_2007\">13<\/span><\/a> S\u00e9rhver af \u00e6tt \u00cdsraels e\u00f0a a\u00f0komuma\u00f0ur \u00e1 me\u00f0al ykkar, sem vei\u00f0ir villt d\u00fdr e\u00f0a fugl, sem leyfilegt er a\u00f0 eta, skal l\u00e1ta bl\u00f3\u00f0i\u00f0 renna \u00far d\u00fdrinu og hylja \u00fea\u00f0 mold <a name=\"14\"><span class=\"versanumer_2007\">14<\/span><\/a> \u00fev\u00ed a\u00f0 bl\u00f3\u00f0i\u00f0 er l\u00edfskraftur alls holds, l\u00edf \u00feess. \u00c9g hef sagt vi\u00f0 \u00cdsraelsmenn: \u00dei\u00f0 skulu\u00f0 ekki neyta bl\u00f3\u00f0sins \u00ed neinu kj\u00f6ti \u00fev\u00ed a\u00f0 bl\u00f3\u00f0i\u00f0 er l\u00edfi\u00f0 \u00ed \u00f6llu holdi. S\u00e1 sem neytir \u00feess skal uppr\u00e6ttur.<br \/> <a name=\"15\"><span class=\"versanumer_2007\">15<\/span><\/a> S\u00e9rhver ma\u00f0ur, innf\u00e6ddur e\u00f0a a\u00f0kominn, sem etur sj\u00e1lfdautt e\u00f0a d\u00fdrrifi\u00f0 hr\u00e6, skal \u00fevo kl\u00e6\u00f0i s\u00edn og ba\u00f0a sig \u00ed vatni. Hann er \u00f3hreinn til kv\u00f6lds en s\u00ed\u00f0an ver\u00f0ur hann hreinn. <a name=\"16\"><span class=\"versanumer_2007\">16<\/span><\/a> En \u00fevoi hann ekki kl\u00e6\u00f0i s\u00edn og ba\u00f0i ekki l\u00edkama sinn \u00ed vatni skal hann taka aflei\u00f0ingum sektar sinnar.\u201c<\/p>\n","protected":false},"excerpt":{"rendered":"<p>Heilagleikal\u00f6gin 1 Drottinn tala\u00f0i vi\u00f0 M\u00f3se og sag\u00f0i: 2 \u201e\u00c1varpa\u00f0u Aron og syni hans og alla \u00cdsraelsmenn og seg\u00f0u: Svo hefur Drottinn bo\u00f0i\u00f0: 3 S\u00e9rhver s\u00e1 af \u00cdsraels\u00e6tt sem sl\u00e1trar nauti, kind e\u00f0a geit, hvort heldur hann sl\u00e1trar inni \u00ed herb\u00fa\u00f0unum e\u00f0a utan \u00feeirra, 4 en lei\u00f0ir d\u00fdri\u00f0 ekki a\u00f0 inngangi samfundatjaldsins til a\u00f0 f\u00e6ra \u00fea\u00f0 fram sem gj\u00f6f til Drottins, frammi fyrir b\u00fasta\u00f0 Drottins, s\u00e1 ma\u00f0ur skal teljast sekur um bl\u00f3\u00f0s\u00fathellingu. Hann hefur \u00fathellt bl\u00f3\u00f0i og skal uppr\u00e6ttur \u00far \u00fej\u00f3\u00f0 sinni. 5 \u00deess vegna skulu \u00cdsraelsmenn koma til Drottins me\u00f0 \u00feau d\u00fdr sem \u00e6tlu\u00f0 eru til sl\u00e1turf\u00f3rna og \u00feeir <a href=\"https:\/\/biblian.is\/biblian\/thridja-mosebok-17-kafli\/\"> [&#8230;]<\/a><\/p>\n","protected":false},"author":1,"featured_media":0,"parent":0,"menu_order":0,"comment_status":"open","ping_status":"open","template":"bibliukaflar_NT.php","meta":{"footnotes":""},"class_list":["post-1724","page","type-page","status-publish","hentry"],"_links":{"self":[{"href":"https:\/\/biblian.is\/biblian\/wp-json\/wp\/v2\/pages\/1724","targetHints":{"allow":["GET"]}}],"collection":[{"href":"https:\/\/biblian.is\/biblian\/wp-json\/wp\/v2\/pages"}],"about":[{"href":"https:\/\/biblian.is\/biblian\/wp-json\/wp\/v2\/types\/page"}],"author":[{"embeddable":true,"href":"https:\/\/biblian.is\/biblian\/wp-json\/wp\/v2\/users\/1"}],"replies":[{"embeddable":true,"href":"https:\/\/biblian.is\/biblian\/wp-json\/wp\/v2\/comments?post=1724"}],"version-history":[{"count":0,"href":"https:\/\/biblian.is\/biblian\/wp-json\/wp\/v2\/pages\/1724\/revisions"}],"wp:attachment":[{"href":"https:\/\/biblian.is\/biblian\/wp-json\/wp\/v2\/media?parent=1724"}],"curies":[{"name":"wp","href":"https:\/\/api.w.org\/{rel}","templated":true}]}}