{"id":1707,"date":"2017-12-30T21:00:05","date_gmt":"2017-12-30T21:00:05","guid":{"rendered":"http:\/\/biblian.is\/biblian\/%c2%85nnur-m%c2%97seb%c2%97k-40-kafli\/"},"modified":"2023-05-01T16:21:36","modified_gmt":"2023-05-01T16:21:36","slug":"onnur-mosebok-40-kafli","status":"publish","type":"page","link":"https:\/\/biblian.is\/biblian\/onnur-mosebok-40-kafli\/","title":{"rendered":"\u00d6nnur M\u00f3seb\u00f3k 40. kafli"},"content":{"rendered":"<h3 class=\"millifyrirsogn_2007\"> V\u00edgsla helgid\u00f3msins<\/h3>\n<p><a name=\"1\"><span class=\"versanumer_2007\">1<\/span><\/a> Drottinn \u00e1varpa\u00f0i M\u00f3se og sag\u00f0i: <a name=\"2\"><span class=\"versanumer_2007\">2<\/span><\/a> \u201e\u00c1 fyrsta degi fyrsta m\u00e1na\u00f0arins skaltu reisa tjaldb\u00fa\u00f0ina, samfundatjaldi\u00f0. <a name=\"3\"><span class=\"versanumer_2007\">3<\/span><\/a> \u00dear skaltu koma s\u00e1ttm\u00e1ls\u00f6rkinni fyrir og hylja \u00f6rkina me\u00f0 fortjaldinu. <a name=\"4\"><span class=\"versanumer_2007\">4<\/span><\/a> S\u00ed\u00f0an skaltu koma inn me\u00f0 bor\u00f0i\u00f0 og ra\u00f0a \u00e1 \u00fea\u00f0 \u00fev\u00ed sem \u00fev\u00ed fylgir. \u00de\u00e1 skaltu koma me\u00f0 lj\u00f3sastikuna og hengja lampana \u00e1 hana. <a name=\"5\"><span class=\"versanumer_2007\">5<\/span><\/a> \u00de\u00fa skalt setja hi\u00f0 gullna reykelsisaltari fyrir framan s\u00e1ttm\u00e1ls\u00f6rkina og setja upp forhengi\u00f0 fyrir inngang tjaldb\u00fa\u00f0arinnar. <a name=\"6\"><span class=\"versanumer_2007\">6<\/span><\/a> \u00de\u00fa skalt koma brennif\u00f3rnaraltarinu fyrir framan vi\u00f0 innganginn \u00ed samfundatjaldi\u00f0, <a name=\"7\"><span class=\"versanumer_2007\">7<\/span><\/a> setja keri\u00f0 \u00e1 milli samfundatjaldsins og altarisins og hella \u00ed \u00fea\u00f0 vatni. <a name=\"8\"><span class=\"versanumer_2007\">8<\/span><\/a> \u00de\u00fa skalt reisa forgar\u00f0inn umhverfis og setja forhengi\u00f0 fyrir hli\u00f0 forgar\u00f0sins. <a name=\"9\"><span class=\"versanumer_2007\">9<\/span><\/a> \u00de\u00fa skalt taka smurningarol\u00eduna og smyrja tjaldb\u00fa\u00f0ina og allt sem \u00ed henni er og helga hana \u00e1samt \u00f6llum \u00e1h\u00f6ldum svo a\u00f0 h\u00fan ver\u00f0i heil\u00f6g. <a name=\"10\"><span class=\"versanumer_2007\">10<\/span><\/a> \u00de\u00fa skalt einnig smyrja brennif\u00f3rnaraltari\u00f0 og \u00f6ll \u00e1h\u00f6ld \u00feess og helga altari\u00f0 svo a\u00f0 altari\u00f0 ver\u00f0i h\u00e1heilagt. <a name=\"11\"><span class=\"versanumer_2007\">11<\/span><\/a> \u00de\u00fa skalt smyrja keri\u00f0 \u00e1samt st\u00e9ttinni og helga \u00fea\u00f0. <a name=\"12\"><span class=\"versanumer_2007\">12<\/span><\/a> S\u00ed\u00f0an skaltu l\u00e1ta Aron og syni hans ganga fram a\u00f0 dyrum samfundatjaldsins og \u00fevo \u00fe\u00e1 me\u00f0 vatni. <a name=\"13\"><span class=\"versanumer_2007\">13<\/span><\/a> \u00dev\u00ed n\u00e6st skaltu skr\u00fd\u00f0a Aron hinum helga skr\u00fa\u00f0a, smyrja hann og helga hann svo a\u00f0 hann geti \u00fej\u00f3na\u00f0 m\u00e9r sem prestur. <a name=\"14\"><span class=\"versanumer_2007\">14<\/span><\/a> \u00de\u00e1 skaltu l\u00e1ta syni hans ganga fram, kl\u00e6\u00f0a \u00fe\u00e1 \u00ed kyrtla <a name=\"15\"><span class=\"versanumer_2007\">15<\/span><\/a> og smyrja \u00fe\u00e1 s\u00ed\u00f0an eins og \u00fe\u00fa smur\u00f0ir f\u00f6\u00f0ur \u00feeirra svo a\u00f0 \u00feeir geti \u00fej\u00f3na\u00f0 m\u00e9r sem prestar. \u00dea\u00f0 skal gert svo a\u00f0 smurning \u00feeirra veiti \u00feeim \u00e6varandi prestd\u00f3m fr\u00e1 kyni til kyns.\u201c<br \/> <a name=\"16\"><span class=\"versanumer_2007\">16<\/span><\/a> M\u00f3se ger\u00f0i \u00ed \u00f6llu n\u00e1kv\u00e6mlega eins og Drottinn bau\u00f0 honum.<br \/> <a name=\"17\"><span class=\"versanumer_2007\">17<\/span><\/a> \u00c1 fyrsta degi fyrsta m\u00e1na\u00f0arins \u00e1 \u00f6\u00f0ru \u00e1rinu var tjaldb\u00fa\u00f0in reist. <a name=\"18\"><span class=\"versanumer_2007\">18<\/span><\/a> M\u00f3se reisti tjaldb\u00fa\u00f0ina, kom fyrir s\u00f6kklunum, reisti upp \u00feiljubor\u00f0in, kom \u00feversl\u00e1num fyrir og reisti s\u00falurnar. <a name=\"19\"><span class=\"versanumer_2007\">19<\/span><\/a> Hann \u00feandi tjaldi\u00f0 yfir b\u00fa\u00f0ina og setti tjald\u00feaki\u00f0 yfir \u00fea\u00f0 eins og Drottinn haf\u00f0i bo\u00f0i\u00f0 M\u00f3se.<br \/> <a name=\"20\"><span class=\"versanumer_2007\">20<\/span><\/a> S\u00ed\u00f0an t\u00f3k hann s\u00e1ttm\u00e1lst\u00e1kni\u00f0, setti \u00fea\u00f0 \u00ed \u00f6rkina, kom st\u00f6ngunum fyrir \u00e1 \u00f6rkinni og lag\u00f0i loki\u00f0 \u00e1 hana. <a name=\"21\"><span class=\"versanumer_2007\">21<\/span><\/a> Hann f\u00f3r me\u00f0 \u00f6rkina inn \u00ed tjaldb\u00fa\u00f0ina, hengdi upp fortjaldi\u00f0 svo a\u00f0 \u00fea\u00f0 hyldi s\u00e1ttm\u00e1ls\u00f6rkina eins og Drottinn haf\u00f0i bo\u00f0i\u00f0 M\u00f3se.<br \/> <a name=\"22\"><span class=\"versanumer_2007\">22<\/span><\/a> Hann setti bor\u00f0i\u00f0 inn \u00ed samfundatjaldi\u00f0 vi\u00f0 nor\u00f0urhli\u00f0 tjaldb\u00fa\u00f0arinnar, framan vi\u00f0 fortjaldi\u00f0, <a name=\"23\"><span class=\"versanumer_2007\">23<\/span><\/a> og ra\u00f0a\u00f0i brau\u00f0um \u00e1 \u00fea\u00f0 \u00ed r\u00f6\u00f0 frammi fyrir augliti Drottins eins og Drottinn haf\u00f0i bo\u00f0i\u00f0 M\u00f3se.<br \/> <a name=\"24\"><span class=\"versanumer_2007\">24<\/span><\/a> Hann setti lj\u00f3sastikuna inn \u00ed samfundatjaldi\u00f0 vi\u00f0 su\u00f0urhli\u00f0 tjaldb\u00fa\u00f0arinnar <a name=\"25\"><span class=\"versanumer_2007\">25<\/span><\/a> og hengdi upp lampana frammi fyrir augliti Drottins eins og Drottinn haf\u00f0i bo\u00f0i\u00f0 M\u00f3se.<br \/> <a name=\"26\"><span class=\"versanumer_2007\">26<\/span><\/a> Hann setti gullaltari\u00f0 inn \u00ed samfundatjaldi\u00f0 framan vi\u00f0 fortjaldi\u00f0 <a name=\"27\"><span class=\"versanumer_2007\">27<\/span><\/a> og brenndi \u00e1 \u00fev\u00ed ilmandi reykelsi eins og Drottinn haf\u00f0i bo\u00f0i\u00f0 M\u00f3se.<br \/> <a name=\"28\"><span class=\"versanumer_2007\">28<\/span><\/a> S\u00ed\u00f0an setti hann upp hengi\u00f0 fyrir inngang tjaldb\u00fa\u00f0arinnar <a name=\"29\"><span class=\"versanumer_2007\">29<\/span><\/a> og kom \u00fev\u00ed n\u00e6st brennif\u00f3rnaraltarinu fyrir vi\u00f0 innganginn \u00ed tjaldb\u00fa\u00f0ina, samfundatjaldi\u00f0, og f\u00e6r\u00f0i brennif\u00f3rn og kornf\u00f3rn eins og Drottinn hafi bo\u00f0i\u00f0 M\u00f3se.<br \/> <a name=\"30\"><span class=\"versanumer_2007\">30<\/span><\/a> Hann kom kerinu fyrir milli samfundatjaldsins og altarisins, hellti \u00ed \u00fea\u00f0 vatni til \u00fevotta <a name=\"31\"><span class=\"versanumer_2007\">31<\/span><\/a> og \u00feeir M\u00f3se og Aron \u00e1samt sonum hans \u00fevo\u00f0u s\u00e9r um hendur og f\u00e6tur \u00far \u00fev\u00ed. <a name=\"32\"><span class=\"versanumer_2007\">32<\/span><\/a> \u00deegar \u00feeir gengu inn \u00ed samfundatjaldi\u00f0 og a\u00f0 altarinu \u00fevo\u00f0u \u00feeir s\u00e9r eins og Drottinn haf\u00f0i bo\u00f0i\u00f0 M\u00f3se.<br \/> <a name=\"33\"><span class=\"versanumer_2007\">33<\/span><\/a> Hann reisti forgar\u00f0inn umhverfis tjaldb\u00fa\u00f0ina og altari\u00f0 og setti upp hengi fyrir hli\u00f0 forgar\u00f0sins. \u00deannig fullkomna\u00f0i M\u00f3se verki\u00f0.<br \/> <a name=\"34\"><span class=\"versanumer_2007\">34<\/span><\/a> \u00de\u00e1 huldi sk\u00fdi\u00f0 samfundatjaldi\u00f0 og d\u00fdr\u00f0 Drottins fyllti tjaldb\u00fa\u00f0ina <a name=\"35\"><span class=\"versanumer_2007\">35<\/span><\/a> svo a\u00f0 M\u00f3se gat ekki komist inn \u00ed samfundatjaldi\u00f0 \u00fev\u00ed a\u00f0 sk\u00fdi\u00f0 l\u00e1 \u00e1 \u00fev\u00ed og d\u00fdr\u00f0 Drottins fyllti tjaldb\u00fa\u00f0ina. <a name=\"36\"><span class=\"versanumer_2007\">36<\/span><\/a> \u00cd hvert sinn sem sk\u00fdi\u00f0 h\u00f3f sig upp fr\u00e1 tjaldb\u00fa\u00f0inni l\u00f6g\u00f0u \u00cdsraelsmenn af sta\u00f0 \u00e1 me\u00f0an \u00e1 fer\u00f0 \u00feeirra st\u00f3\u00f0. <a name=\"37\"><span class=\"versanumer_2007\">37<\/span><\/a> Ef sk\u00fdi\u00f0 h\u00f3f sig ekki upp l\u00f6g\u00f0u \u00feeir ekki af sta\u00f0 fyrr en \u00fea\u00f0 h\u00f3fst upp. <a name=\"38\"><span class=\"versanumer_2007\">38<\/span><\/a> \u00dev\u00ed a\u00f0 sk\u00fd Drottins var yfir b\u00fasta\u00f0num \u00e1 daginn en eldur \u00e1 n\u00f3ttunni fyrir augum allra \u00cdsraelsmanna \u00e1 \u00f6llu fer\u00f0alagi \u00feeirra.<\/p>\n","protected":false},"excerpt":{"rendered":"<p>V\u00edgsla helgid\u00f3msins 1 Drottinn \u00e1varpa\u00f0i M\u00f3se og sag\u00f0i: 2 \u201e\u00c1 fyrsta degi fyrsta m\u00e1na\u00f0arins skaltu reisa tjaldb\u00fa\u00f0ina, samfundatjaldi\u00f0. 3 \u00dear skaltu koma s\u00e1ttm\u00e1ls\u00f6rkinni fyrir og hylja \u00f6rkina me\u00f0 fortjaldinu. 4 S\u00ed\u00f0an skaltu koma inn me\u00f0 bor\u00f0i\u00f0 og ra\u00f0a \u00e1 \u00fea\u00f0 \u00fev\u00ed sem \u00fev\u00ed fylgir. \u00de\u00e1 skaltu koma me\u00f0 lj\u00f3sastikuna og hengja lampana \u00e1 hana. 5 \u00de\u00fa skalt setja hi\u00f0 gullna reykelsisaltari fyrir framan s\u00e1ttm\u00e1ls\u00f6rkina og setja upp forhengi\u00f0 fyrir inngang tjaldb\u00fa\u00f0arinnar. 6 \u00de\u00fa skalt koma brennif\u00f3rnaraltarinu fyrir framan vi\u00f0 innganginn \u00ed samfundatjaldi\u00f0, 7 setja keri\u00f0 \u00e1 milli samfundatjaldsins og altarisins og hella \u00ed \u00fea\u00f0 vatni. 8 \u00de\u00fa skalt reisa forgar\u00f0inn <a href=\"https:\/\/biblian.is\/biblian\/onnur-mosebok-40-kafli\/\"> [&#8230;]<\/a><\/p>\n","protected":false},"author":1,"featured_media":0,"parent":0,"menu_order":0,"comment_status":"open","ping_status":"open","template":"bibliukaflar_NT.php","meta":{"footnotes":""},"class_list":["post-1707","page","type-page","status-publish","hentry"],"_links":{"self":[{"href":"https:\/\/biblian.is\/biblian\/wp-json\/wp\/v2\/pages\/1707","targetHints":{"allow":["GET"]}}],"collection":[{"href":"https:\/\/biblian.is\/biblian\/wp-json\/wp\/v2\/pages"}],"about":[{"href":"https:\/\/biblian.is\/biblian\/wp-json\/wp\/v2\/types\/page"}],"author":[{"embeddable":true,"href":"https:\/\/biblian.is\/biblian\/wp-json\/wp\/v2\/users\/1"}],"replies":[{"embeddable":true,"href":"https:\/\/biblian.is\/biblian\/wp-json\/wp\/v2\/comments?post=1707"}],"version-history":[{"count":0,"href":"https:\/\/biblian.is\/biblian\/wp-json\/wp\/v2\/pages\/1707\/revisions"}],"wp:attachment":[{"href":"https:\/\/biblian.is\/biblian\/wp-json\/wp\/v2\/media?parent=1707"}],"curies":[{"name":"wp","href":"https:\/\/api.w.org\/{rel}","templated":true}]}}