{"id":1701,"date":"2017-12-30T21:00:05","date_gmt":"2017-12-30T21:00:05","guid":{"rendered":"http:\/\/biblian.is\/biblian\/%c2%85nnur-m%c2%97seb%c2%97k-34-kafli\/"},"modified":"2023-05-01T16:21:33","modified_gmt":"2023-05-01T16:21:33","slug":"onnur-mosebok-34-kafli","status":"publish","type":"page","link":"https:\/\/biblian.is\/biblian\/onnur-mosebok-34-kafli\/","title":{"rendered":"\u00d6nnur M\u00f3seb\u00f3k 34. kafli"},"content":{"rendered":"<h3 class=\"millifyrirsogn_2007\"> N\u00fdjar l\u00f6gm\u00e1lst\u00f6flur<\/h3>\n<p><a name=\"1\"><span class=\"versanumer_2007\">1<\/span><\/a> Drottinn sag\u00f0i vi\u00f0 M\u00f3se: \u201eH\u00f6gg \u00fe\u00e9r tv\u00e6r steint\u00f6flur eins og hinar fyrri. \u00c9g mun rita \u00e1 \u00feessar t\u00f6flur or\u00f0in sem st\u00f3\u00f0u \u00e1 fyrri t\u00f6flunum sem \u00fe\u00fa mola\u00f0ir sundur. <a name=\"2\"><span class=\"versanumer_2007\">2<\/span><\/a> Vertu tilb\u00fainn \u00e1 morgun. \u00de\u00e1 skaltu ganga \u00e1rla upp \u00e1 S\u00edna\u00edfjall og sta\u00f0n\u00e6mast hj\u00e1 m\u00e9r \u00fear \u00e1 fjallstindinum. <a name=\"3\"><span class=\"versanumer_2007\">3<\/span><\/a> Enginn annar ma\u00f0ur m\u00e1 koma upp me\u00f0 \u00fe\u00e9r og enginn ma\u00f0ur m\u00e1 sj\u00e1st nokkurs sta\u00f0ar \u00e1 fjallinu. Sau\u00f0f\u00e9 og naut mega hvergi vera \u00e1 beit \u00ed fjallshl\u00ed\u00f0inni.\u201c<br \/> <a name=\"4\"><span class=\"versanumer_2007\">4<\/span><\/a> M\u00f3se hj\u00f3 tv\u00e6r steint\u00f6flur eins og hinar fyrri. Hann var snemma \u00e1 f\u00f3tum morguninn eftir og gekk upp \u00e1 S\u00edna\u00edfjall eins og Drottinn haf\u00f0i bo\u00f0i\u00f0 honum og h\u00e9lt \u00e1 b\u00e1\u00f0um steint\u00f6flunum. <a name=\"5\"><span class=\"versanumer_2007\">5<\/span><\/a> Drottinn steig ni\u00f0ur \u00ed sk\u00fdi og nam sta\u00f0ar \u00fear hj\u00e1 M\u00f3se. Hann hr\u00f3pa\u00f0i nafn Drottins. <a name=\"6\"><span class=\"versanumer_2007\">6<\/span><\/a> Drottinn gekk fram hj\u00e1 honum og hr\u00f3pa\u00f0i: \u201eDrottinn, Drottinn er miskunnsamur og n\u00e1\u00f0ugur Gu\u00f0, seinn til rei\u00f0i, g\u00e6skur\u00edkur og tr\u00fafastur. <a name=\"7\"><span class=\"versanumer_2007\">7<\/span><\/a> Hann s\u00fdnir \u00fe\u00fasundum g\u00e6sku, fyrirgefur misgj\u00f6r\u00f0ir, afbrot og syndir en l\u00e6tur hinum seka ekki \u00f3hegnt heldur l\u00e6tur afbrot fe\u00f0ranna bitna \u00e1 b\u00f6rnum og barnab\u00f6rnum \u00ed \u00feri\u00f0ja og fj\u00f3r\u00f0a li\u00f0.\u201c<br \/> <a name=\"8\"><span class=\"versanumer_2007\">8<\/span><\/a> M\u00f3se l\u00e9t sig \u00feegar \u00ed sta\u00f0 falla til jar\u00f0ar <a name=\"9\"><span class=\"versanumer_2007\">9<\/span><\/a> og sag\u00f0i: \u201eHafi \u00e9g fundi\u00f0 n\u00e1\u00f0 fyrir augum \u00fe\u00ednum, Drottinn, komdu \u00fe\u00e1 me\u00f0 okkur, Drottinn. \u00de\u00f3tt \u00feetta s\u00e9 har\u00f0sv\u00edru\u00f0 \u00fej\u00f3\u00f0, fyrirgef\u00f0u okkur sekt okkar og syndir og ger\u00f0u okkur a\u00f0 eign \u00feinni.\u201c<\/p>\n<h3 class=\"millifyrirsogn_2007\">S\u00e1ttm\u00e1linn<\/h3>\n<p><a name=\"10\"><span class=\"versanumer_2007\">10<\/span><\/a> Drottinn sag\u00f0i: \u201eN\u00fa geri \u00e9g s\u00e1ttm\u00e1la. \u00c9g \u00e6tla a\u00f0 gera \u00feau kraftaverk frammi fyrir \u00fej\u00f3\u00f0 \u00feinni sem aldrei \u00e1\u00f0ur hafa veri\u00f0 ger\u00f0 \u00ed neinu landi e\u00f0a hj\u00e1 neinni annarri \u00fej\u00f3\u00f0. Allt f\u00f3lki\u00f0, sem me\u00f0 \u00fe\u00e9r er, skal sj\u00e1 verk Drottins. \u00dea\u00f0 sem \u00e9g \u00e6tla n\u00fa a\u00f0 gera fyrir \u00feig er \u00f3gnvekjandi. <a name=\"11\"><span class=\"versanumer_2007\">11<\/span><\/a> Haltu \u00fea\u00f0 sem \u00e9g b\u00fd\u00f0 \u00fe\u00e9r \u00ed dag. \u00c9g mun hrekja \u00e1 undan \u00fe\u00e9r Amor\u00edta, Kanverja, Het\u00edta, Peres\u00edta, Hev\u00edta og Jeb\u00fas\u00edta.<br \/> <a name=\"12\"><span class=\"versanumer_2007\">12<\/span><\/a> G\u00e6ttu \u00feess a\u00f0 gera ekki s\u00e1ttm\u00e1la vi\u00f0 \u00edb\u00faa \u00feess lands sem \u00fe\u00fa kemur til svo a\u00f0 \u00feeir ver\u00f0i \u00fe\u00e9r ekki a\u00f0 t\u00e1lsn\u00f6ru mitt \u00e1 me\u00f0al ykkar. <a name=\"13\"><span class=\"versanumer_2007\">13<\/span><\/a> \u00de\u00fa skalt r\u00edfa ni\u00f0ur \u00f6lturu \u00feeirra, brj\u00f3ta merkisteina \u00feeirra og h\u00f6ggva ni\u00f0ur As\u00e9rust\u00f3lpa \u00feeirra.<br \/> <a name=\"14\"><span class=\"versanumer_2007\">14<\/span><\/a> \u00de\u00fa skalt ekki falla fram fyrir neinum \u00f6\u00f0rum gu\u00f0i \u00fev\u00ed a\u00f0 nafn Drottins er \u201eHinn vandl\u00e1ti\u201c, hann er vandl\u00e1tur Gu\u00f0. <a name=\"15\"><span class=\"versanumer_2007\">15<\/span><\/a> \u00de\u00fa skalt ekki gera s\u00e1ttm\u00e1la vi\u00f0 \u00edb\u00faa landsins. \u00deegar \u00feeir h\u00f3rast me\u00f0 gu\u00f0um s\u00ednum og f\u00e6ra gu\u00f0um s\u00ednum sl\u00e1turf\u00f3rnir munu \u00feeir bj\u00f3\u00f0a \u00fe\u00e9r og \u00fe\u00e1 muntu neyta f\u00f3rna \u00feeirra. <a name=\"16\"><span class=\"versanumer_2007\">16<\/span><\/a> Takir\u00f0u d\u00e6tur \u00feeirra sem eiginkonur handa sonum \u00fe\u00ednum munu d\u00e6tur \u00feeirra halda fram hj\u00e1 me\u00f0 gu\u00f0um s\u00ednum og f\u00e1 syni \u00fe\u00edna til a\u00f0 h\u00f3rast me\u00f0 gu\u00f0um s\u00ednum.<br \/> <a name=\"17\"><span class=\"versanumer_2007\">17<\/span><\/a> \u00de\u00fa skalt ekki gera \u00fe\u00e9r steypta gu\u00f0i.<br \/> <a name=\"18\"><span class=\"versanumer_2007\">18<\/span><\/a> \u00de\u00fa skalt halda h\u00e1t\u00ed\u00f0 hinna \u00f3s\u00fdr\u00f0u brau\u00f0a. \u00de\u00fa skalt eta \u00f3s\u00fdrt brau\u00f0 \u00ed sj\u00f6 daga \u00e1 \u00e1kve\u00f0num t\u00edma \u00ed ab\u00edbm\u00e1nu\u00f0i eins og \u00e9g hef bo\u00f0i\u00f0 \u00fe\u00e9r \u00fev\u00ed a\u00f0 \u00ed ab\u00edbm\u00e1nu\u00f0i f\u00f3rst \u00fe\u00fa fr\u00e1 Egyptalandi.<br \/> <a name=\"19\"><span class=\"versanumer_2007\">19<\/span><\/a> Allt sem opnar m\u00f3\u00f0url\u00edf er mitt og allt \u00fea\u00f0 sem er karlkyns af f\u00e9na\u00f0i \u00fe\u00ednum, frumbur\u00f0ir nauta og sau\u00f0fj\u00e1r. <a name=\"20\"><span class=\"versanumer_2007\">20<\/span><\/a> Frumbur\u00f0 asna getur \u00fe\u00fa leyst me\u00f0 lambi en viljir \u00fe\u00fa ekki leysa hann skaltu h\u00e1lsbrj\u00f3ta hann. \u00de\u00fa skalt leysa s\u00e9rhvern frumbur\u00f0 sona \u00feinna og enginn t\u00f3mhentur skal koma fyrir auglit mitt.<br \/> <a name=\"21\"><span class=\"versanumer_2007\">21<\/span><\/a> Sex daga skaltu vinna en hv\u00edlast sj\u00f6unda daginn, hvort heldur er t\u00edmi pl\u00e6gingar e\u00f0a uppskeru.<br \/> <a name=\"22\"><span class=\"versanumer_2007\">22<\/span><\/a> \u00de\u00fa skalt halda viknah\u00e1t\u00ed\u00f0ina, h\u00e1t\u00ed\u00f0 frumgr\u00f3\u00f0a hveitiuppskerunnar og h\u00e1t\u00ed\u00f0 \u00e1vaxtauppskerunnar vi\u00f0 \u00e1ram\u00f3t.<br \/> <a name=\"23\"><span class=\"versanumer_2007\">23<\/span><\/a> \u00derisvar \u00e1 \u00e1ri skal allt karlkyn me\u00f0al \u00fe\u00edn birtast fyrir augliti Drottins, Gu\u00f0s \u00cdsraels. <a name=\"24\"><span class=\"versanumer_2007\">24<\/span><\/a> \u00deegar \u00e9g hef hraki\u00f0 burt a\u00f0rar \u00fej\u00f3\u00f0ir undan \u00fe\u00e9r og f\u00e6rt \u00fat landam\u00e6ri \u00fe\u00edn skal enginn \u00e1s\u00e6last land \u00feitt \u00feegar \u00fe\u00fa, \u00ferisvar \u00e1 \u00e1ri, fer\u00f0 upp eftir til a\u00f0 birtast fyrir augliti Drottins, Gu\u00f0s \u00fe\u00edns.<br \/> <a name=\"25\"><span class=\"versanumer_2007\">25<\/span><\/a> \u00de\u00fa skalt ekki sl\u00e1tra og bera fram bl\u00f3\u00f0 sl\u00e1turf\u00f3rnar minnar me\u00f0 s\u00fdr\u00f0u brau\u00f0i. Sl\u00e1turf\u00f3rn p\u00e1skah\u00e1t\u00ed\u00f0arinnar m\u00e1 ekki liggja yfir n\u00f3tt til morguns.<br \/> <a name=\"26\"><span class=\"versanumer_2007\">26<\/span><\/a> \u00de\u00fa skalt f\u00e6ra \u00fea\u00f0 besta af frumgr\u00f3\u00f0a jar\u00f0ar \u00feinnar til h\u00fass Drottins, Gu\u00f0s \u00fe\u00edns.<br \/>\u00de\u00fa m\u00e1tt ekki sj\u00f3\u00f0a ki\u00f0 \u00ed mj\u00f3lk m\u00f3\u00f0ur sinnar.\u201c<br \/> <a name=\"27\"><span class=\"versanumer_2007\">27<\/span><\/a> Drottinn sag\u00f0i vi\u00f0 M\u00f3se: \u201eSkr\u00e1\u00f0u \u00feessi fyrirm\u00e6li \u00fev\u00ed a\u00f0 samkv\u00e6mt \u00feeim geri \u00e9g s\u00e1ttm\u00e1la vi\u00f0 \u00feig og \u00cdsrael.\u201c <a name=\"28\"><span class=\"versanumer_2007\">28<\/span><\/a> M\u00f3se var me\u00f0 Drottni fj\u00f6rut\u00edu daga og fj\u00f6rut\u00edu n\u00e6tur \u00e1n \u00feess a\u00f0 neyta brau\u00f0s e\u00f0a vatns og hann skr\u00e1\u00f0i \u00e1 t\u00f6flurnar or\u00f0 s\u00e1ttm\u00e1lans, bo\u00f0or\u00f0in t\u00edu.<\/p>\n<h3 class=\"millifyrirsogn_2007\">Lj\u00f3mi af andliti M\u00f3se<\/h3>\n<p><a name=\"29\"><span class=\"versanumer_2007\">29<\/span><\/a> \u00deegar M\u00f3se var \u00e1 lei\u00f0inni ni\u00f0ur af S\u00edna\u00edfjalli me\u00f0 b\u00e1\u00f0ar t\u00f6flurnar \u00ed h\u00f6ndum s\u00e9r vissi hann ekki a\u00f0 lj\u00f3mi st\u00f3\u00f0 af andliti hans \u00fev\u00ed a\u00f0 hann haf\u00f0i tala\u00f0 vi\u00f0 Drottin. <a name=\"30\"><span class=\"versanumer_2007\">30<\/span><\/a> En Aron og allir \u00cdsraelsmenn s\u00e1u a\u00f0 lj\u00f3mi st\u00f3\u00f0 af andliti hans svo a\u00f0 \u00feeir \u00feor\u00f0u ekki a\u00f0 koma n\u00e6rri honum. <a name=\"31\"><span class=\"versanumer_2007\">31<\/span><\/a> \u00de\u00e1 kalla\u00f0i M\u00f3se \u00e1 \u00fe\u00e1 og Aron og allir lei\u00f0togar safna\u00f0arins sneru aftur til hans og M\u00f3se \u00e1varpa\u00f0i \u00fe\u00e1. <a name=\"32\"><span class=\"versanumer_2007\">32<\/span><\/a> S\u00ed\u00f0an komu allir a\u00f0rir \u00cdsraelsmenn n\u00e6r og hann sk\u00fdr\u00f0i \u00feeim fr\u00e1 \u00f6llu \u00fev\u00ed sem Drottinn haf\u00f0i bo\u00f0i\u00f0 honum \u00e1 S\u00edna\u00edfjalli. <a name=\"33\"><span class=\"versanumer_2007\">33<\/span><\/a> \u00deegar M\u00f3se haf\u00f0i loki\u00f0 m\u00e1li s\u00ednu huldi hann andlit sitt me\u00f0 sk\u00fdlu. <a name=\"34\"><span class=\"versanumer_2007\">34<\/span><\/a> En \u00feegar M\u00f3se gekk fyrir auglit Drottins til a\u00f0 tala vi\u00f0 hann t\u00f3k hann af s\u00e9r sk\u00fdluna \u00fear til hann gekk \u00fat aftur. S\u00ed\u00f0an gekk hann \u00fat og sag\u00f0i \u00cdsraelsm\u00f6nnum fr\u00e1 \u00fev\u00ed sem honum haf\u00f0i veri\u00f0 fali\u00f0. <a name=\"35\"><span class=\"versanumer_2007\">35<\/span><\/a> \u00deegar \u00cdsraelsmenn s\u00e1u andlit M\u00f3se s\u00e1u \u00feeir a\u00f0 lj\u00f3mi st\u00f3\u00f0 af andliti hans. \u00de\u00e1 huldi M\u00f3se andlit sitt aftur me\u00f0 sk\u00fdlu \u00fear til hann f\u00f3r til a\u00f0 tala vi\u00f0 Drottin.<\/p>\n","protected":false},"excerpt":{"rendered":"<p>N\u00fdjar l\u00f6gm\u00e1lst\u00f6flur 1 Drottinn sag\u00f0i vi\u00f0 M\u00f3se: \u201eH\u00f6gg \u00fe\u00e9r tv\u00e6r steint\u00f6flur eins og hinar fyrri. \u00c9g mun rita \u00e1 \u00feessar t\u00f6flur or\u00f0in sem st\u00f3\u00f0u \u00e1 fyrri t\u00f6flunum sem \u00fe\u00fa mola\u00f0ir sundur. 2 Vertu tilb\u00fainn \u00e1 morgun. \u00de\u00e1 skaltu ganga \u00e1rla upp \u00e1 S\u00edna\u00edfjall og sta\u00f0n\u00e6mast hj\u00e1 m\u00e9r \u00fear \u00e1 fjallstindinum. 3 Enginn annar ma\u00f0ur m\u00e1 koma upp me\u00f0 \u00fe\u00e9r og enginn ma\u00f0ur m\u00e1 sj\u00e1st nokkurs sta\u00f0ar \u00e1 fjallinu. Sau\u00f0f\u00e9 og naut mega hvergi vera \u00e1 beit \u00ed fjallshl\u00ed\u00f0inni.\u201c 4 M\u00f3se hj\u00f3 tv\u00e6r steint\u00f6flur eins og hinar fyrri. Hann var snemma \u00e1 f\u00f3tum morguninn eftir og gekk upp \u00e1 S\u00edna\u00edfjall eins <a href=\"https:\/\/biblian.is\/biblian\/onnur-mosebok-34-kafli\/\"> [&#8230;]<\/a><\/p>\n","protected":false},"author":1,"featured_media":0,"parent":0,"menu_order":0,"comment_status":"open","ping_status":"open","template":"bibliukaflar_NT.php","meta":{"footnotes":""},"class_list":["post-1701","page","type-page","status-publish","hentry"],"_links":{"self":[{"href":"https:\/\/biblian.is\/biblian\/wp-json\/wp\/v2\/pages\/1701","targetHints":{"allow":["GET"]}}],"collection":[{"href":"https:\/\/biblian.is\/biblian\/wp-json\/wp\/v2\/pages"}],"about":[{"href":"https:\/\/biblian.is\/biblian\/wp-json\/wp\/v2\/types\/page"}],"author":[{"embeddable":true,"href":"https:\/\/biblian.is\/biblian\/wp-json\/wp\/v2\/users\/1"}],"replies":[{"embeddable":true,"href":"https:\/\/biblian.is\/biblian\/wp-json\/wp\/v2\/comments?post=1701"}],"version-history":[{"count":0,"href":"https:\/\/biblian.is\/biblian\/wp-json\/wp\/v2\/pages\/1701\/revisions"}],"wp:attachment":[{"href":"https:\/\/biblian.is\/biblian\/wp-json\/wp\/v2\/media?parent=1701"}],"curies":[{"name":"wp","href":"https:\/\/api.w.org\/{rel}","templated":true}]}}