{"id":1698,"date":"2017-12-30T21:00:05","date_gmt":"2017-12-30T21:00:05","guid":{"rendered":"http:\/\/biblian.is\/biblian\/%c2%85nnur-m%c2%97seb%c2%97k-31-kafli\/"},"modified":"2023-05-01T16:21:31","modified_gmt":"2023-05-01T16:21:31","slug":"onnur-mosebok-31-kafli","status":"publish","type":"page","link":"https:\/\/biblian.is\/biblian\/onnur-mosebok-31-kafli\/","title":{"rendered":"\u00d6nnur M\u00f3seb\u00f3k 31. kafli"},"content":{"rendered":"<h3 class=\"millifyrirsogn_2007\"> Hagleiksmennirnir<\/h3>\n<p><a name=\"1\"><span class=\"versanumer_2007\">1<\/span><\/a> Drottinn \u00e1varpa\u00f0i M\u00f3se og sag\u00f0i: <a name=\"2\"><span class=\"versanumer_2007\">2<\/span><\/a> \u201e\u00c9g hef kalla\u00f0 Besalel \u00dar\u00edson, H\u00farssonar, af \u00e6ttb\u00e1lki J\u00fada, me\u00f0 nafni. <a name=\"3\"><span class=\"versanumer_2007\">3<\/span><\/a> \u00c9g hef fyllt hann anda Gu\u00f0s me\u00f0 visku, skilningi, kunn\u00e1ttu og hvers konar hagleik, <a name=\"4\"><span class=\"versanumer_2007\">4<\/span><\/a> til a\u00f0 gera uppdr\u00e6tti, til a\u00f0 sm\u00ed\u00f0a \u00far gulli, silfri og eir, <a name=\"5\"><span class=\"versanumer_2007\">5<\/span><\/a> til a\u00f0 sl\u00edpa e\u00f0alsteina og greypa \u00fe\u00e1, til tr\u00e9skur\u00f0ar, j\u00e1, til a\u00f0 vinna a\u00f0 hvers kyns sm\u00ed\u00f0i. <a name=\"6\"><span class=\"versanumer_2007\">6<\/span><\/a> \u00c9g hef sj\u00e1lfur fengi\u00f0 honum til a\u00f0sto\u00f0ar Ohol\u00edab Ak\u00edsamaksson af \u00e6ttb\u00e1lki Dans. \u00c9g hef lagt speki \u00ed hj\u00f6rtu allra hugvitsmannanna svo a\u00f0 \u00feeir geti gert allt sem \u00e9g hef fali\u00f0 \u00fe\u00e9r: <a name=\"7\"><span class=\"versanumer_2007\">7<\/span><\/a> samfundatjaldi\u00f0, \u00f6rk s\u00e1ttm\u00e1lst\u00e1knsins, loki\u00f0 \u00e1 hana og \u00f6ll \u00e1h\u00f6ld sem heyra tjaldinu til, <a name=\"8\"><span class=\"versanumer_2007\">8<\/span><\/a> bor\u00f0i\u00f0 og \u00e1h\u00f6ld \u00feess, lj\u00f3sastikuna \u00far sk\u00edru gulli og \u00f6ll \u00e1h\u00f6ld hennar, reykelsisaltari\u00f0, <a name=\"9\"><span class=\"versanumer_2007\">9<\/span><\/a> brennif\u00f3rnaraltari\u00f0 og \u00f6ll \u00e1h\u00f6ld \u00feess, keri\u00f0 og st\u00e9tt \u00feess, <a name=\"10\"><span class=\"versanumer_2007\">10<\/span><\/a> litkl\u00e6\u00f0in og hinn helga skr\u00fa\u00f0a Arons prests og prestaskr\u00fa\u00f0a sona hans, <a name=\"11\"><span class=\"versanumer_2007\">11<\/span><\/a> smurningarol\u00eduna og ilmandi reykelsi\u00f0 fyrir helgid\u00f3minn. \u00deeir skulu gera allt n\u00e1kv\u00e6mlega eins og \u00e9g hef lagt fyrir \u00feig.\u201c<\/p>\n<h3 class=\"millifyrirsogn_2007\">Hv\u00edldardagurinn<\/h3>\n<p><a name=\"12\"><span class=\"versanumer_2007\">12<\/span><\/a> Drottinn \u00e1varpa\u00f0i M\u00f3se og sag\u00f0i: \u201eTala\u00f0u til \u00cdsraelsmanna og seg\u00f0u: <a name=\"13\"><span class=\"versanumer_2007\">13<\/span><\/a> \u00dei\u00f0 skulu\u00f0 halda hv\u00edldardaga m\u00edna \u00fev\u00ed a\u00f0 hv\u00edldardagurinn er t\u00e1kn milli m\u00edn og ykkar fr\u00e1 kyni til kyns svo a\u00f0 \u00fei\u00f0 j\u00e1ti\u00f0 a\u00f0 \u00e9g er Drottinn s\u00e1 sem helgar ykkur. <a name=\"14\"><span class=\"versanumer_2007\">14<\/span><\/a> Haldi\u00f0 hv\u00edldardaginn \u00fev\u00ed a\u00f0 hann skal vera ykkur heilagur. Hver sem vanhelgar hann skal l\u00edfl\u00e1tinn \u00fev\u00ed a\u00f0 hver sem vinnur \u00fe\u00e1 einhver dagleg st\u00f6rf skal uppr\u00e6ttur \u00far \u00fej\u00f3\u00f0 sinni. <a name=\"15\"><span class=\"versanumer_2007\">15<\/span><\/a> Sex daga skaltu vinna en sj\u00f6undi dagurinn er algj\u00f6r hv\u00edldardagur, helga\u00f0ur Drottni. S\u00e9rhver, sem vinnur verk \u00e1 hv\u00edldardegi, skal l\u00edfl\u00e1tinn. <a name=\"16\"><span class=\"versanumer_2007\">16<\/span><\/a> \u00cdsraelsmenn skulu vir\u00f0a hv\u00edldardaginn me\u00f0 \u00fev\u00ed a\u00f0 halda hv\u00edldardaginn fr\u00e1 kyni til kyns sem \u00e6varandi s\u00e1ttm\u00e1la. <a name=\"17\"><span class=\"versanumer_2007\">17<\/span><\/a> Hann er \u00e6varandi t\u00e1kn milli m\u00edn og \u00cdsraelsmanna \u00fev\u00ed a\u00f0 Drottinn ger\u00f0i himin og j\u00f6r\u00f0 \u00e1 sex d\u00f6gum en sj\u00f6unda daginn hv\u00edldist hann og endurn\u00e6r\u00f0ist.\u201c<br \/> <a name=\"18\"><span class=\"versanumer_2007\">18<\/span><\/a> \u00deegar Drottinn haf\u00f0i tala\u00f0 vi\u00f0 M\u00f3se \u00e1 S\u00edna\u00edfjalli f\u00e9kk hann honum b\u00e1\u00f0ar s\u00e1ttm\u00e1lst\u00f6flurnar, steint\u00f6flur, skr\u00e1\u00f0ar me\u00f0 fingri Gu\u00f0s.<\/p>\n","protected":false},"excerpt":{"rendered":"<p>Hagleiksmennirnir 1 Drottinn \u00e1varpa\u00f0i M\u00f3se og sag\u00f0i: 2 \u201e\u00c9g hef kalla\u00f0 Besalel \u00dar\u00edson, H\u00farssonar, af \u00e6ttb\u00e1lki J\u00fada, me\u00f0 nafni. 3 \u00c9g hef fyllt hann anda Gu\u00f0s me\u00f0 visku, skilningi, kunn\u00e1ttu og hvers konar hagleik, 4 til a\u00f0 gera uppdr\u00e6tti, til a\u00f0 sm\u00ed\u00f0a \u00far gulli, silfri og eir, 5 til a\u00f0 sl\u00edpa e\u00f0alsteina og greypa \u00fe\u00e1, til tr\u00e9skur\u00f0ar, j\u00e1, til a\u00f0 vinna a\u00f0 hvers kyns sm\u00ed\u00f0i. 6 \u00c9g hef sj\u00e1lfur fengi\u00f0 honum til a\u00f0sto\u00f0ar Ohol\u00edab Ak\u00edsamaksson af \u00e6ttb\u00e1lki Dans. \u00c9g hef lagt speki \u00ed hj\u00f6rtu allra hugvitsmannanna svo a\u00f0 \u00feeir geti gert allt sem \u00e9g hef fali\u00f0 \u00fe\u00e9r: 7 samfundatjaldi\u00f0, \u00f6rk <a href=\"https:\/\/biblian.is\/biblian\/onnur-mosebok-31-kafli\/\"> [&#8230;]<\/a><\/p>\n","protected":false},"author":1,"featured_media":0,"parent":0,"menu_order":0,"comment_status":"open","ping_status":"open","template":"bibliukaflar_NT.php","meta":{"footnotes":""},"class_list":["post-1698","page","type-page","status-publish","hentry"],"_links":{"self":[{"href":"https:\/\/biblian.is\/biblian\/wp-json\/wp\/v2\/pages\/1698","targetHints":{"allow":["GET"]}}],"collection":[{"href":"https:\/\/biblian.is\/biblian\/wp-json\/wp\/v2\/pages"}],"about":[{"href":"https:\/\/biblian.is\/biblian\/wp-json\/wp\/v2\/types\/page"}],"author":[{"embeddable":true,"href":"https:\/\/biblian.is\/biblian\/wp-json\/wp\/v2\/users\/1"}],"replies":[{"embeddable":true,"href":"https:\/\/biblian.is\/biblian\/wp-json\/wp\/v2\/comments?post=1698"}],"version-history":[{"count":0,"href":"https:\/\/biblian.is\/biblian\/wp-json\/wp\/v2\/pages\/1698\/revisions"}],"wp:attachment":[{"href":"https:\/\/biblian.is\/biblian\/wp-json\/wp\/v2\/media?parent=1698"}],"curies":[{"name":"wp","href":"https:\/\/api.w.org\/{rel}","templated":true}]}}