{"id":1688,"date":"2017-12-30T21:00:00","date_gmt":"2017-12-30T21:00:00","guid":{"rendered":"http:\/\/biblian.is\/biblian\/%c2%85nnur-m%c2%97seb%c2%97k-21-kafli\/"},"modified":"2023-05-01T16:21:26","modified_gmt":"2023-05-01T16:21:26","slug":"onnur-mosebok-21-kafli","status":"publish","type":"page","link":"https:\/\/biblian.is\/biblian\/onnur-mosebok-21-kafli\/","title":{"rendered":"\u00d6nnur M\u00f3seb\u00f3k 21. kafli"},"content":{"rendered":"<p><a name=\"1\"><span class=\"versanumer_2007\">1<\/span><\/a> \u00deetta eru r\u00e9ttarreglur sem \u00fe\u00fa skalt leggja fyrir \u00fe\u00e1.<\/p>\n<h3 class=\"millifyrirsogn_2007\">Hebreskir \u00fer\u00e6lar<\/h3>\n<p><a name=\"2\"><span class=\"versanumer_2007\">2<\/span><\/a> \u00deegar \u00fe\u00fa kaupir hebreskan \u00fer\u00e6l skal hann vinna sem \u00fer\u00e6ll \u00ed sex \u00e1r. \u00c1 sj\u00f6unda \u00e1ri skal hann halda burt sem frj\u00e1ls ma\u00f0ur \u00e1n lausnargjalds. <a name=\"3\"><span class=\"versanumer_2007\">3<\/span><\/a> Hafi hann komi\u00f0 einhleypur skal hann fara einhleypur en hafi hann veri\u00f0 kv\u00e6ntur skal kona hans fara me\u00f0 honum. <a name=\"4\"><span class=\"versanumer_2007\">4<\/span><\/a> Hafi h\u00fasb\u00f3ndi hans fengi\u00f0 honum eiginkonu og h\u00fan ali\u00f0 honum syni e\u00f0a d\u00e6tur eru konan og b\u00f6rn hennar eign h\u00fasb\u00f3nda hennar. \u00der\u00e6llinn skal fara einhleypur. <a name=\"5\"><span class=\"versanumer_2007\">5<\/span><\/a> Hafi n\u00fa \u00fer\u00e6llinn sagt: M\u00e9r \u00feykir v\u00e6nt um h\u00fasb\u00f3nda minn, eiginkonu m\u00edna og b\u00f6rn og vil \u00fev\u00ed ekki f\u00e1 frelsi, <a name=\"6\"><span class=\"versanumer_2007\">6<\/span><\/a> skal h\u00fasb\u00f3ndi hans lei\u00f0a hann fram fyrir Gu\u00f0 og a\u00f0 dyrunum e\u00f0a dyrastafnum. S\u00ed\u00f0an skal h\u00fasb\u00f3ndi hans stinga al \u00ed gegnum eyra hans og hann ver\u00f0a \u00fer\u00e6ll hans \u00e6vilangt.<br \/> <a name=\"7\"><span class=\"versanumer_2007\">7<\/span><\/a> \u00deegar ma\u00f0ur selur d\u00f3ttur s\u00edna sem amb\u00e1tt f\u00e6r h\u00fan ekki a\u00f0 fara frj\u00e1ls fer\u00f0a sinna \u00e1 sama h\u00e1tt og \u00fer\u00e6lar. <a name=\"8\"><span class=\"versanumer_2007\">8<\/span><\/a> Hafi h\u00fasb\u00f3ndi hennar \u00e6tla\u00f0 hana sj\u00e1lfum s\u00e9r en h\u00fan ekki falli\u00f0 honum \u00ed ge\u00f0 skal hann leyfa a\u00f0 h\u00fan ver\u00f0i keypt laus. Hann hefur ekki r\u00e9tt til a\u00f0 selja hana \u00fatlendingum \u00fev\u00ed a\u00f0 hann hefur sviki\u00f0 hana. <a name=\"9\"><span class=\"versanumer_2007\">9<\/span><\/a> Hafi hann \u00e6tla\u00f0 hana syni s\u00ednum skal h\u00fan hafa sama r\u00e9tt og d\u00e6tur. <a name=\"10\"><span class=\"versanumer_2007\">10<\/span><\/a> Taki hann s\u00e9r enn eina konu m\u00e1 hann ekki minnka vi\u00f0 hana mat, kl\u00e6\u00f0na\u00f0 e\u00f0a samb\u00fa\u00f0. <a name=\"11\"><span class=\"versanumer_2007\">11<\/span><\/a> Veiti hann henni ekki \u00feetta \u00ferennt getur h\u00fan fari\u00f0 burt \u00e1n \u00feess a\u00f0 lausnargjald ver\u00f0i greitt.<\/p>\n<h3 class=\"millifyrirsogn_2007\">Gl\u00e6pir sem var\u00f0a dau\u00f0arefsingu<\/h3>\n<p><a name=\"12\"><span class=\"versanumer_2007\">12<\/span><\/a> S\u00e1 sem l\u00fdstur mann banah\u00f6gg skal l\u00edfl\u00e1tinn. <a name=\"13\"><span class=\"versanumer_2007\">13<\/span><\/a> En hafi hann ekki seti\u00f0 um l\u00edf hans, heldur hafi Gu\u00f0 l\u00e1ti\u00f0 manninn ver\u00f0a fyrir hendi hans, mun \u00e9g velja sta\u00f0 fyrir \u00feig sem hann getur fl\u00fai\u00f0 til. <a name=\"14\"><span class=\"versanumer_2007\">14<\/span><\/a> S\u00fdni ma\u00f0ur \u00fe\u00e1 b\u00edr\u00e6fni a\u00f0 myr\u00f0a einhvern me\u00f0 svikum skaltu gr\u00edpa hann, jafnvel vi\u00f0 altari mitt, og f\u00e6ra til l\u00edfl\u00e1ts.<br \/> <a name=\"15\"><span class=\"versanumer_2007\">15<\/span><\/a> S\u00e1 sem sl\u00e6r f\u00f6\u00f0ur sinn e\u00f0a m\u00f3\u00f0ur skal l\u00edfl\u00e1tinn.<br \/> <a name=\"16\"><span class=\"versanumer_2007\">16<\/span><\/a> S\u00e1 sem r\u00e6nir manni skal l\u00edfl\u00e1tinn, hvort sem hann selur hann e\u00f0a ma\u00f0urinn finnst \u00ed v\u00f6rslu hans.<br \/> <a name=\"17\"><span class=\"versanumer_2007\">17<\/span><\/a> S\u00e1 sem b\u00f6lvar f\u00f6\u00f0ur s\u00ednum e\u00f0a m\u00f3\u00f0ur skal l\u00edfl\u00e1tinn.<\/p>\n<h3 class=\"millifyrirsogn_2007\">L\u00f6g um l\u00edkamsmei\u00f0ingar og b\u00fafj\u00e1rtj\u00f3n<\/h3>\n<p><a name=\"18\"><span class=\"versanumer_2007\">18<\/span><\/a> Deili menn og annar sl\u00e6r hinn me\u00f0 steini e\u00f0a krepptum hnefa og hann deyr ekki en ver\u00f0ur r\u00famliggjandi, <a name=\"19\"><span class=\"versanumer_2007\">19<\/span><\/a> kemst s\u00ed\u00f0an \u00e1 f\u00e6tur og getur gengi\u00f0 um \u00fati vi\u00f0 staf, er s\u00e1 sem sl\u00f3 hann s\u00fdkn saka. Samt skal hann b\u00e6ta honum vinnutap og l\u00e6knisme\u00f0fer\u00f0.<br \/> <a name=\"20\"><span class=\"versanumer_2007\">20<\/span><\/a> Berji ma\u00f0ur \u00fer\u00e6l sinn e\u00f0a amb\u00e1tt me\u00f0 staf svo a\u00f0 af hl\u00fdst bani skal \u00feess hefnt. <a name=\"21\"><span class=\"versanumer_2007\">21<\/span><\/a> En lifi hann einn dag e\u00f0a tvo skal \u00feess ekki hefnt \u00fev\u00ed a\u00f0 hann er eign mannsins. <a name=\"22\"><span class=\"versanumer_2007\">22<\/span><\/a> Flj\u00fagist menn \u00e1 og rekist \u00e1 \u00feunga\u00f0a konu svo a\u00f0 henni leysist h\u00f6fn \u00e1n \u00feess a\u00f0 annar ska\u00f0i hlj\u00f3tist af skal s\u00e1 sem olli grei\u00f0a \u00fe\u00e6r b\u00e6tur sem eiginma\u00f0ur hennar \u00e1kve\u00f0ur. Hann skal grei\u00f0a b\u00e6tur frammi fyrir d\u00f3murum. <a name=\"23\"><span class=\"versanumer_2007\">23<\/span><\/a> En hlj\u00f3tist ska\u00f0i af skaltu l\u00e1ta l\u00edf fyrir l\u00edf, <a name=\"24\"><span class=\"versanumer_2007\">24<\/span><\/a> auga fyrir auga, t\u00f6nn fyrir t\u00f6nn, f\u00f3t fyrir f\u00f3t, <a name=\"25\"><span class=\"versanumer_2007\">25<\/span><\/a> brunas\u00e1r fyrir brunas\u00e1r, s\u00e1r fyrir s\u00e1r, skeinu fyrir skeinu.<br \/> <a name=\"26\"><span class=\"versanumer_2007\">26<\/span><\/a> Sl\u00e1i ma\u00f0ur \u00fer\u00e6l sinn e\u00f0a amb\u00e1tt \u00e1 auga\u00f0 og skemmi \u00fea\u00f0 skal gefa honum frelsi fyrir auga\u00f0. <a name=\"27\"><span class=\"versanumer_2007\">27<\/span><\/a> Sl\u00e1i hann t\u00f6nn \u00far \u00fer\u00e6li s\u00ednum e\u00f0a amb\u00e1tt skal hann gefa honum frelsi fyrir t\u00f6nnina.<br \/> <a name=\"28\"><span class=\"versanumer_2007\">28<\/span><\/a> Stangi naut karl e\u00f0a konu til bana skal gr\u00fdta nauti\u00f0 og ekki neyta kj\u00f6tsins. Eigandi nautsins er \u00fe\u00e1 s\u00fdkn saka. <a name=\"29\"><span class=\"versanumer_2007\">29<\/span><\/a> Hafi nauti\u00f0 stanga\u00f0 \u00e1\u00f0ur og eigandi nautsins veri\u00f0 vara\u00f0ur vi\u00f0 en ekki g\u00e6tt nautsins sem skyldi svo a\u00f0 \u00fea\u00f0 ver\u00f0ur karli e\u00f0a konu a\u00f0 bana, skal gr\u00fdta nauti\u00f0. Eigandi \u00feess skal einnig tekinn af l\u00edfi. <a name=\"30\"><span class=\"versanumer_2007\">30<\/span><\/a> En s\u00e9u honum ger\u00f0ar f\u00e9b\u00e6tur skal hann grei\u00f0a \u00fea\u00f0 sem \u00e1 hann er lagt \u00ed lausnargjald fyrir l\u00edf sitt. <a name=\"31\"><span class=\"versanumer_2007\">31<\/span><\/a> Stangi nauti\u00f0 dreng e\u00f0a st\u00falku skal fari\u00f0 me\u00f0 eiganda \u00feess eftir s\u00f6mu reglum. <a name=\"32\"><span class=\"versanumer_2007\">32<\/span><\/a> Stangi \u00fea\u00f0 \u00fer\u00e6l e\u00f0a amb\u00e1tt skal eigandi \u00feess grei\u00f0a h\u00fasb\u00f3nda \u00feeirra \u00ferj\u00e1t\u00edu sikla silfurs og nauti\u00f0 skal gr\u00fdtt.<br \/> <a name=\"33\"><span class=\"versanumer_2007\">33<\/span><\/a> L\u00e1ti ma\u00f0ur brunn standa opinn e\u00f0a grafi brunn \u00e1n \u00feess a\u00f0 byrgja hann og naut e\u00f0a asni fellur \u00ed hann, <a name=\"34\"><span class=\"versanumer_2007\">34<\/span><\/a> skal eigandi brunnsins b\u00e6ta. Hann skal grei\u00f0a eiganda d\u00fdrsins f\u00e9 fyrir \u00fea\u00f0 en sj\u00e1lfur halda dau\u00f0a d\u00fdrinu.<br \/> <a name=\"35\"><span class=\"versanumer_2007\">35<\/span><\/a> Stangi naut manns naut annars manns til bana skulu \u00feeir selja nauti\u00f0 sem lifir og skipta ver\u00f0i \u00feess. Dau\u00f0a nautinu skulu \u00feeir einnig skipta. <a name=\"36\"><span class=\"versanumer_2007\">36<\/span><\/a> Ef vita\u00f0 var a\u00f0 nauti\u00f0 hef\u00f0i stanga\u00f0 \u00e1\u00f0ur og eigandi \u00feess ekki g\u00e6tt \u00feess sem skyldi, skal hann b\u00e6ta naut me\u00f0 nauti en sj\u00e1lfur f\u00e6r hann dau\u00f0a nauti\u00f0.<br \/> <a name=\"37\"><span class=\"versanumer_2007\">37<\/span><\/a> Steli ma\u00f0ur nauti e\u00f0a sau\u00f0i og sl\u00e1trar e\u00f0a selur, skal hann b\u00e6ta naut me\u00f0 fimm nautum og sau\u00f0inn me\u00f0 fj\u00f3rum sau\u00f0um.<\/p>\n","protected":false},"excerpt":{"rendered":"<p>1 \u00deetta eru r\u00e9ttarreglur sem \u00fe\u00fa skalt leggja fyrir \u00fe\u00e1. Hebreskir \u00fer\u00e6lar 2 \u00deegar \u00fe\u00fa kaupir hebreskan \u00fer\u00e6l skal hann vinna sem \u00fer\u00e6ll \u00ed sex \u00e1r. \u00c1 sj\u00f6unda \u00e1ri skal hann halda burt sem frj\u00e1ls ma\u00f0ur \u00e1n lausnargjalds. 3 Hafi hann komi\u00f0 einhleypur skal hann fara einhleypur en hafi hann veri\u00f0 kv\u00e6ntur skal kona hans fara me\u00f0 honum. 4 Hafi h\u00fasb\u00f3ndi hans fengi\u00f0 honum eiginkonu og h\u00fan ali\u00f0 honum syni e\u00f0a d\u00e6tur eru konan og b\u00f6rn hennar eign h\u00fasb\u00f3nda hennar. \u00der\u00e6llinn skal fara einhleypur. 5 Hafi n\u00fa \u00fer\u00e6llinn sagt: M\u00e9r \u00feykir v\u00e6nt um h\u00fasb\u00f3nda minn, eiginkonu m\u00edna og b\u00f6rn og <a href=\"https:\/\/biblian.is\/biblian\/onnur-mosebok-21-kafli\/\"> [&#8230;]<\/a><\/p>\n","protected":false},"author":1,"featured_media":0,"parent":0,"menu_order":0,"comment_status":"open","ping_status":"open","template":"bibliukaflar_NT.php","meta":{"footnotes":""},"class_list":["post-1688","page","type-page","status-publish","hentry"],"_links":{"self":[{"href":"https:\/\/biblian.is\/biblian\/wp-json\/wp\/v2\/pages\/1688","targetHints":{"allow":["GET"]}}],"collection":[{"href":"https:\/\/biblian.is\/biblian\/wp-json\/wp\/v2\/pages"}],"about":[{"href":"https:\/\/biblian.is\/biblian\/wp-json\/wp\/v2\/types\/page"}],"author":[{"embeddable":true,"href":"https:\/\/biblian.is\/biblian\/wp-json\/wp\/v2\/users\/1"}],"replies":[{"embeddable":true,"href":"https:\/\/biblian.is\/biblian\/wp-json\/wp\/v2\/comments?post=1688"}],"version-history":[{"count":0,"href":"https:\/\/biblian.is\/biblian\/wp-json\/wp\/v2\/pages\/1688\/revisions"}],"wp:attachment":[{"href":"https:\/\/biblian.is\/biblian\/wp-json\/wp\/v2\/media?parent=1688"}],"curies":[{"name":"wp","href":"https:\/\/api.w.org\/{rel}","templated":true}]}}