{"id":1686,"date":"2017-12-30T21:00:00","date_gmt":"2017-12-30T21:00:00","guid":{"rendered":"http:\/\/biblian.is\/biblian\/%c2%85nnur-m%c2%97seb%c2%97k-19-kafli\/"},"modified":"2023-05-01T16:21:24","modified_gmt":"2023-05-01T16:21:24","slug":"onnur-mosebok-19-kafli","status":"publish","type":"page","link":"https:\/\/biblian.is\/biblian\/onnur-mosebok-19-kafli\/","title":{"rendered":"\u00d6nnur M\u00f3seb\u00f3k 19. kafli"},"content":{"rendered":"<h2 class=\"millifyrirsogn_2007\"> S\u00e1ttm\u00e1linn \u00e1 S\u00edna\u00edfjalli <\/h2>\n<h3 class=\"millifyrirsogn_2007\">S\u00e1ttm\u00e1linn undirb\u00fainn<\/h3>\n<p><a name=\"1\"><span class=\"versanumer_2007\">1<\/span><\/a> \u00c1 fyrsta degi \u00feri\u00f0ja m\u00e1na\u00f0ar, sama m\u00e1na\u00f0ardag og \u00cdsraelsmenn f\u00f3ru fr\u00e1 Egyptalandi, komu \u00feeir inn \u00ed S\u00edna\u00edey\u00f0im\u00f6rkina. <a name=\"2\"><span class=\"versanumer_2007\">2<\/span><\/a> \u00deeir l\u00f6g\u00f0u af sta\u00f0 fr\u00e1 Ref\u00edd\u00edm, komu inn \u00ed S\u00edna\u00edey\u00f0im\u00f6rkina og settu upp b\u00fa\u00f0ir s\u00ednar \u00fear. \u00cdsrael sl\u00f3 upp tj\u00f6ldum gegnt fjallinu <a name=\"3\"><span class=\"versanumer_2007\">3<\/span><\/a> en M\u00f3se gekk upp til Gu\u00f0s.<br \/>Drottinn hr\u00f3pa\u00f0i til hans af fjallinu og sag\u00f0i: \u201eSeg\u00f0u svo vi\u00f0 ni\u00f0ja Jakobs og kunngj\u00f6r\u00f0u \u00cdsraelsm\u00f6nnum: <a name=\"4\"><span class=\"versanumer_2007\">4<\/span><\/a> \u00dei\u00f0 hafi\u00f0 s\u00e9\u00f0 hvernig \u00e9g hef fari\u00f0 me\u00f0 Egypta og hvernig \u00e9g hef bori\u00f0 ykkur \u00e1 arnarv\u00e6ngjum og flutt til m\u00edn. <a name=\"5\"><span class=\"versanumer_2007\">5<\/span><\/a> Ef \u00fei\u00f0 n\u00fa hl\u00fd\u00f0i\u00f0 \u00e1 mig af athygli og haldi\u00f0 s\u00e1ttm\u00e1la minn skulu\u00f0 \u00fei\u00f0 ver\u00f0a s\u00e9rst\u00f6k eign m\u00edn, umfram a\u00f0rar \u00fej\u00f3\u00f0ir, \u00fev\u00ed a\u00f0 \u00f6ll j\u00f6r\u00f0in er m\u00edn. <a name=\"6\"><span class=\"versanumer_2007\">6<\/span><\/a> \u00dei\u00f0 skulu\u00f0 ver\u00f0a m\u00e9r konungsr\u00edki presta og heil\u00f6g \u00fej\u00f3\u00f0. \u00deetta eru \u00feau or\u00f0 sem \u00fe\u00fa skalt flytja \u00cdsraelsm\u00f6nnum.\u201c<br \/> <a name=\"7\"><span class=\"versanumer_2007\">7<\/span><\/a> \u00deegar M\u00f3se kom aftur stefndi hann saman \u00f6ldungum \u00fej\u00f3\u00f0arinnar og flutti \u00feeim \u00f6ll \u00feau fyrirm\u00e6li sem Drottinn haf\u00f0i fali\u00f0 honum. <a name=\"8\"><span class=\"versanumer_2007\">8<\/span><\/a> \u00d6ll \u00fej\u00f3\u00f0in svara\u00f0i honum einum r\u00f3mi og sag\u00f0i: \u201eVi\u00f0 skulum gera allt sem Drottinn hefur bo\u00f0i\u00f0.\u201c M\u00f3se flutti Drottni svar \u00fej\u00f3\u00f0arinnar.<br \/> <a name=\"9\"><span class=\"versanumer_2007\">9<\/span><\/a> Drottinn sag\u00f0i vi\u00f0 M\u00f3se: \u201eN\u00fa kem \u00e9g til \u00fe\u00edn \u00ed dimmu sk\u00fdi svo a\u00f0 f\u00f3lki\u00f0 geti heyrt \u00feegar \u00e9g tala vi\u00f0 \u00feig og treyst \u00fe\u00e9r \u00e6vinlega.\u201c M\u00f3se sk\u00fdr\u00f0i Drottni fr\u00e1 or\u00f0um f\u00f3lksins.<br \/> <a name=\"10\"><span class=\"versanumer_2007\">10<\/span><\/a> Drottinn sag\u00f0i vi\u00f0 M\u00f3se: \u201eFar\u00f0u til f\u00f3lksins og helga\u00f0u \u00fea\u00f0 \u00ed dag og \u00e1 morgun. \u00dea\u00f0 \u00e1 a\u00f0 \u00fevo kl\u00e6\u00f0i s\u00edn <a name=\"11\"><span class=\"versanumer_2007\">11<\/span><\/a> og vera rei\u00f0ub\u00fai\u00f0 \u00e1 \u00feri\u00f0ja degi \u00fev\u00ed a\u00f0 \u00e1 \u00feri\u00f0ja degi st\u00edgur Drottinn ni\u00f0ur \u00e1 S\u00edna\u00edfjall \u00ed augs\u00fdn allrar \u00fej\u00f3\u00f0arinnar. <a name=\"12\"><span class=\"versanumer_2007\">12<\/span><\/a> \u00de\u00fa skalt setja f\u00f3lkinu m\u00f6rk \u00e1 allar hli\u00f0ar og segja: Varist a\u00f0 ganga upp \u00e1 fjalli\u00f0 e\u00f0a snerta r\u00e6tur \u00feess. S\u00e9rhver, sem snertir fjalli\u00f0, mun vissulega deyja. <a name=\"13\"><span class=\"versanumer_2007\">13<\/span><\/a> Engin h\u00f6nd m\u00e1 snerta \u00fea\u00f0. En hver sem \u00fea\u00f0 gerir, hvort heldur \u00fea\u00f0 er ma\u00f0ur e\u00f0a skepna, skal gr\u00fdttur e\u00f0a skotinn til bana. \u00deegar horni\u00f0 er \u00feeytt skulu \u00feeir ganga upp \u00e1 fjalli\u00f0.\u201c<br \/> <a name=\"14\"><span class=\"versanumer_2007\">14<\/span><\/a> M\u00f3se kom \u00fev\u00ed n\u00e6st ni\u00f0ur af fjallinu til f\u00f3lksins. Hann helga\u00f0i f\u00f3lki\u00f0 og \u00fea\u00f0 \u00fevo\u00f0i f\u00f6t s\u00edn. <a name=\"15\"><span class=\"versanumer_2007\">15<\/span><\/a> S\u00ed\u00f0an sag\u00f0i hann: \u201eVeri\u00f0 rei\u00f0ub\u00fanir \u00e1 \u00feri\u00f0ja degi. Komi\u00f0 ekki n\u00e1l\u00e6gt nokkurri konu.\u201c<br \/> <a name=\"16\"><span class=\"versanumer_2007\">16<\/span><\/a> \u00deegar morgna\u00f0i \u00e1 \u00feri\u00f0ja degi ur\u00f0u \u00ferumur og eldingar. \u00deykkur sk\u00fdsorti var yfir fjallinu og mj\u00f6g \u00f6flugur hornabl\u00e1stur heyr\u00f0ist. Skelfdist \u00fe\u00e1 allt f\u00f3lki\u00f0 \u00ed b\u00fa\u00f0unum. <a name=\"17\"><span class=\"versanumer_2007\">17<\/span><\/a> M\u00f3se leiddi f\u00f3lki\u00f0 \u00fat \u00far b\u00fa\u00f0unum \u00ed \u00e1ttina til Gu\u00f0s og \u00fea\u00f0 t\u00f3k s\u00e9r st\u00f6\u00f0u undir fjallinu. <a name=\"18\"><span class=\"versanumer_2007\">18<\/span><\/a> Allt S\u00edna\u00edfjall var huli\u00f0 reyk \u00fev\u00ed a\u00f0 Drottinn steig ni\u00f0ur \u00e1 \u00fea\u00f0 \u00ed eldi. M\u00f6kkurinn steig upp af \u00fev\u00ed eins og reykur \u00far br\u00e6\u00f0sluofni og allt fjalli\u00f0 l\u00e9k \u00e1 rei\u00f0iskj\u00e1lfi. <a name=\"19\"><span class=\"versanumer_2007\">19<\/span><\/a> Hornabl\u00e1sturinn var\u00f0 \u00e6 sterkari. M\u00f3se tala\u00f0i og Drottinn svara\u00f0i honum svo a\u00f0 heyra m\u00e1tti.<br \/> <a name=\"20\"><span class=\"versanumer_2007\">20<\/span><\/a> Drottinn steig ni\u00f0ur \u00e1 S\u00edna\u00edfjall, \u00e1 fjallstindinn. Drottinn kalla\u00f0i M\u00f3se upp \u00e1 fjallstindinn og M\u00f3se gekk upp. <a name=\"21\"><span class=\"versanumer_2007\">21<\/span><\/a> Drottinn sag\u00f0i vi\u00f0 M\u00f3se: \u201eFar\u00f0u ni\u00f0ur og vara\u00f0u f\u00f3lki\u00f0 vi\u00f0 svo a\u00f0 \u00fea\u00f0 ry\u00f0jist ekki fram til Drottins til a\u00f0 sj\u00e1 hann \u00fev\u00ed a\u00f0 \u00fe\u00e1 mundu margir l\u00e1ta l\u00edfi\u00f0. <a name=\"22\"><span class=\"versanumer_2007\">22<\/span><\/a> Jafnvel prestarnir, sem annars n\u00e1lgast Drottin, ver\u00f0a a\u00f0 helga sig svo a\u00f0 Drottinn r\u00e1\u00f0ist ekki gegn \u00feeim.\u201c <a name=\"23\"><span class=\"versanumer_2007\">23<\/span><\/a> M\u00f3se svara\u00f0i Drottni: \u201eF\u00f3lki\u00f0 getur ekki gengi\u00f0 upp \u00e1 S\u00edna\u00edfjall \u00fev\u00ed a\u00f0 \u00fe\u00fa hefur vara\u00f0 okkur vi\u00f0 og sagt: Afmarka\u00f0u fjalli\u00f0 og helga\u00f0u \u00fea\u00f0.\u201c <a name=\"24\"><span class=\"versanumer_2007\">24<\/span><\/a> Drottinn sag\u00f0i vi\u00f0 hann: \u201eFar\u00f0u n\u00fa, gakktu ni\u00f0ur og komdu svo upp aftur og Aron me\u00f0 \u00fe\u00e9r. En prestarnir og f\u00f3lki\u00f0 m\u00e1 ekki reyna a\u00f0 brj\u00f3tast upp hinga\u00f0 til Drottins svo a\u00f0 hann r\u00e1\u00f0ist ekki gegn \u00feeim.\u201c<br \/> <a name=\"25\"><span class=\"versanumer_2007\">25<\/span><\/a> M\u00f3se gekk ni\u00f0ur til f\u00f3lksins og sag\u00f0i \u00fev\u00ed \u00feetta.<\/p>\n","protected":false},"excerpt":{"rendered":"<p>S\u00e1ttm\u00e1linn \u00e1 S\u00edna\u00edfjalli S\u00e1ttm\u00e1linn undirb\u00fainn 1 \u00c1 fyrsta degi \u00feri\u00f0ja m\u00e1na\u00f0ar, sama m\u00e1na\u00f0ardag og \u00cdsraelsmenn f\u00f3ru fr\u00e1 Egyptalandi, komu \u00feeir inn \u00ed S\u00edna\u00edey\u00f0im\u00f6rkina. 2 \u00deeir l\u00f6g\u00f0u af sta\u00f0 fr\u00e1 Ref\u00edd\u00edm, komu inn \u00ed S\u00edna\u00edey\u00f0im\u00f6rkina og settu upp b\u00fa\u00f0ir s\u00ednar \u00fear. \u00cdsrael sl\u00f3 upp tj\u00f6ldum gegnt fjallinu 3 en M\u00f3se gekk upp til Gu\u00f0s.Drottinn hr\u00f3pa\u00f0i til hans af fjallinu og sag\u00f0i: \u201eSeg\u00f0u svo vi\u00f0 ni\u00f0ja Jakobs og kunngj\u00f6r\u00f0u \u00cdsraelsm\u00f6nnum: 4 \u00dei\u00f0 hafi\u00f0 s\u00e9\u00f0 hvernig \u00e9g hef fari\u00f0 me\u00f0 Egypta og hvernig \u00e9g hef bori\u00f0 ykkur \u00e1 arnarv\u00e6ngjum og flutt til m\u00edn. 5 Ef \u00fei\u00f0 n\u00fa hl\u00fd\u00f0i\u00f0 \u00e1 mig af athygli og <a href=\"https:\/\/biblian.is\/biblian\/onnur-mosebok-19-kafli\/\"> [&#8230;]<\/a><\/p>\n","protected":false},"author":1,"featured_media":0,"parent":0,"menu_order":0,"comment_status":"open","ping_status":"open","template":"bibliukaflar_NT.php","meta":{"footnotes":""},"class_list":["post-1686","page","type-page","status-publish","hentry"],"_links":{"self":[{"href":"https:\/\/biblian.is\/biblian\/wp-json\/wp\/v2\/pages\/1686","targetHints":{"allow":["GET"]}}],"collection":[{"href":"https:\/\/biblian.is\/biblian\/wp-json\/wp\/v2\/pages"}],"about":[{"href":"https:\/\/biblian.is\/biblian\/wp-json\/wp\/v2\/types\/page"}],"author":[{"embeddable":true,"href":"https:\/\/biblian.is\/biblian\/wp-json\/wp\/v2\/users\/1"}],"replies":[{"embeddable":true,"href":"https:\/\/biblian.is\/biblian\/wp-json\/wp\/v2\/comments?post=1686"}],"version-history":[{"count":0,"href":"https:\/\/biblian.is\/biblian\/wp-json\/wp\/v2\/pages\/1686\/revisions"}],"wp:attachment":[{"href":"https:\/\/biblian.is\/biblian\/wp-json\/wp\/v2\/media?parent=1686"}],"curies":[{"name":"wp","href":"https:\/\/api.w.org\/{rel}","templated":true}]}}