{"id":1683,"date":"2017-12-30T21:00:00","date_gmt":"2017-12-30T21:00:00","guid":{"rendered":"http:\/\/biblian.is\/biblian\/%c2%85nnur-m%c2%97seb%c2%97k-16-kafli\/"},"modified":"2023-05-01T16:21:23","modified_gmt":"2023-05-01T16:21:23","slug":"onnur-mosebok-16-kafli","status":"publish","type":"page","link":"https:\/\/biblian.is\/biblian\/onnur-mosebok-16-kafli\/","title":{"rendered":"\u00d6nnur M\u00f3seb\u00f3k 16. kafli"},"content":{"rendered":"<h3 class=\"millifyrirsogn_2007\"> Manna og lyngh\u00e6nur<\/h3>\n<p><a name=\"1\"><span class=\"versanumer_2007\">1<\/span><\/a> \u00dev\u00ed n\u00e6st l\u00f6g\u00f0u \u00feeir af sta\u00f0 fr\u00e1 El\u00edm. Allur s\u00f6fnu\u00f0ur \u00cdsraelsmanna kom inn \u00ed S\u00edney\u00f0im\u00f6rkina, sem er milli El\u00edm og S\u00edna\u00ed, \u00e1 fimmt\u00e1nda degi annars m\u00e1na\u00f0arins eftir brottf\u00f6r \u00feeirra \u00far Egyptalandi. <a name=\"2\"><span class=\"versanumer_2007\">2<\/span><\/a> \u00de\u00e1 m\u00f6gla\u00f0i allur s\u00f6fnu\u00f0ur \u00cdsraelsmanna gegn M\u00f3se og Aroni \u00ed ey\u00f0im\u00f6rkinni <a name=\"3\"><span class=\"versanumer_2007\">3<\/span><\/a> og sag\u00f0i vi\u00f0 \u00fe\u00e1: \u201eBetra v\u00e6ri okkur a\u00f0 vi\u00f0 hef\u00f0um falli\u00f0 fyrir hendi Drottins \u00ed Egyptalandi \u00feegar vi\u00f0 s\u00e1tum vi\u00f0 kj\u00f6tkatlana, \u00feegar vi\u00f0 \u00e1tum okkur s\u00f6dd af brau\u00f0i. En \u00fei\u00f0 hafi\u00f0 leitt okkur \u00fat \u00ed \u00feessa ey\u00f0im\u00f6rk til \u00feess a\u00f0 l\u00e1ta allan \u00feennan s\u00f6fnu\u00f0 farast \u00far hungri.\u201c<br \/> <a name=\"4\"><span class=\"versanumer_2007\">4<\/span><\/a> \u00de\u00e1 sag\u00f0i Drottinn vi\u00f0 M\u00f3se: \u201eN\u00fa \u00e6tla \u00e9g a\u00f0 l\u00e1ta brau\u00f0i rigna af himni handa ykkur. F\u00f3lki\u00f0 \u00e1 a\u00f0 ganga \u00fat og safna saman dag hvern \u00fev\u00ed sem \u00fea\u00f0 \u00fearf fyrir daginn. \u00deannig get \u00e9g reynt \u00fea\u00f0 og s\u00e9\u00f0 hvort \u00fea\u00f0 fylgir l\u00f6gum m\u00ednum e\u00f0a ekki. <a name=\"5\"><span class=\"versanumer_2007\">5<\/span><\/a> En \u00feegar \u00feeir m\u00e6la \u00fea\u00f0 sem \u00feeir koma me\u00f0 heim \u00e1 sj\u00f6tta degi ver\u00f0ur \u00fea\u00f0 helmingi meira en \u00fea\u00f0 sem \u00feeir safna hina dagana.\u201c<br \/> <a name=\"6\"><span class=\"versanumer_2007\">6<\/span><\/a> \u00de\u00e1 s\u00f6g\u00f0u M\u00f3se og Aron vi\u00f0 alla \u00cdsraelsmenn: \u201e\u00cd kv\u00f6ld munu\u00f0 \u00fei\u00f0 skilja a\u00f0 \u00fea\u00f0 var Drottinn sem leiddi ykkur \u00fat \u00far Egyptalandi <a name=\"7\"><span class=\"versanumer_2007\">7<\/span><\/a> og \u00e1 morgun f\u00e1i\u00f0 \u00fei\u00f0 a\u00f0 sj\u00e1 d\u00fdr\u00f0 Drottins af \u00fev\u00ed a\u00f0 hann hefur hlusta\u00f0 \u00e1 m\u00f6gl ykkar gegn Drottni. En hverjir erum vi\u00f0 \u00far \u00fev\u00ed a\u00f0 \u00fei\u00f0 m\u00f6gli\u00f0 gegn okkur?\u201c <a name=\"8\"><span class=\"versanumer_2007\">8<\/span><\/a> Og M\u00f3se h\u00e9lt \u00e1fram: \u201e\u00deegar Drottinn gefur ykkur kj\u00f6t a\u00f0 eta \u00ed kv\u00f6ld og brau\u00f0 a\u00f0 se\u00f0ja ykkur \u00e1 a\u00f0 morgni er \u00fea\u00f0 af \u00fev\u00ed a\u00f0 Drottinn hefur hlusta\u00f0 \u00e1 m\u00f6gl ykkar gegn honum. Hverjir erum vi\u00f0? \u00dei\u00f0 m\u00f6gli\u00f0 ekki gegn okkur heldur Drottni.\u201c<br \/> <a name=\"9\"><span class=\"versanumer_2007\">9<\/span><\/a> \u00de\u00e1 sag\u00f0i M\u00f3se vi\u00f0 Aron: \u201eSeg\u00f0u vi\u00f0 allan s\u00f6fnu\u00f0 \u00cdsraelsmanna: Gangi\u00f0 fram fyrir auglit Drottins \u00fev\u00ed a\u00f0 hann hefur hlusta\u00f0 \u00e1 m\u00f6gl ykkar.\u201c <a name=\"10\"><span class=\"versanumer_2007\">10<\/span><\/a> \u00c1 me\u00f0an Aron tala\u00f0i til alls safna\u00f0ar \u00cdsraelsmanna sneru \u00feeir s\u00e9r \u00ed \u00e1ttina a\u00f0 ey\u00f0im\u00f6rkinni. \u00de\u00e1 birtist \u00feeim skyndilega d\u00fdr\u00f0 Drottins \u00ed sk\u00fdi. <a name=\"11\"><span class=\"versanumer_2007\">11<\/span><\/a> Drottinn \u00e1varpa\u00f0i M\u00f3se og sag\u00f0i: <a name=\"12\"><span class=\"versanumer_2007\">12<\/span><\/a> \u201e\u00c9g hef heyrt m\u00f6gl \u00cdsraelsmanna. Tala\u00f0u til \u00feeirra og seg\u00f0u: \u00cdsraelsmenn, \u00e1\u00f0ur en dimmt er or\u00f0i\u00f0 munu\u00f0 \u00fei\u00f0 f\u00e1 kj\u00f6t til matar og \u00e1 morgun se\u00f0jist \u00fei\u00f0 af brau\u00f0i. \u00de\u00e1 munu\u00f0 \u00fei\u00f0 skilja a\u00f0 \u00e9g er Drottinn, Gu\u00f0 ykkar.\u201c<br \/> <a name=\"13\"><span class=\"versanumer_2007\">13<\/span><\/a> Um kv\u00f6ldi\u00f0 komu lyngh\u00e6nsn og \u00fe\u00f6ktu b\u00fa\u00f0irnar en morguninn eftir haf\u00f0i d\u00f6gg falli\u00f0 umhverfis b\u00fa\u00f0irnar. <a name=\"14\"><span class=\"versanumer_2007\">14<\/span><\/a> \u00deegar d\u00f6ggin \u00feorna\u00f0i l\u00e1 eitthva\u00f0 f\u00ednkorn\u00f3tt yfir ey\u00f0im\u00f6rkinni l\u00edkt og h\u00e9la. <a name=\"15\"><span class=\"versanumer_2007\">15<\/span><\/a> \u00deegar \u00cdsraelsmenn s\u00e1u \u00fea\u00f0 spur\u00f0u \u00feeir hver annan: \u201eHva\u00f0 er \u00feetta?\u201c \u00fev\u00ed a\u00f0 \u00feeir vissu ekki hva\u00f0 \u00fea\u00f0 var. \u00de\u00e1 sag\u00f0i M\u00f3se vi\u00f0 \u00fe\u00e1: \u201e\u00deetta er brau\u00f0 sem Drottinn hefur gefi\u00f0 ykkur til matar. <a name=\"16\"><span class=\"versanumer_2007\">16<\/span><\/a> Fyrirm\u00e6lin, sem Drottinn hefur gefi\u00f0, eru \u00feessi: Safni\u00f0 \u00fev\u00ed sem hver \u00fearf til matar, einum g\u00f3mer \u00e1 mann og skal hver um sig safna \u00ed samr\u00e6mi vi\u00f0 \u00feann fj\u00f6lda sem b\u00fdr \u00ed tjaldi hans.\u201c <a name=\"17\"><span class=\"versanumer_2007\">17<\/span><\/a> \u00deetta ger\u00f0u \u00cdsraelsmenn og s\u00f6fnu\u00f0u sumir miklu en a\u00f0rir litlu. <a name=\"18\"><span class=\"versanumer_2007\">18<\/span><\/a> \u00deegar \u00feeir m\u00e6ldu \u00fea\u00f0 \u00ed g\u00f3merm\u00e1li gekk ekkert af hj\u00e1 \u00feeim sem miklu safna\u00f0i og \u00feann sem litlu safna\u00f0i skorti ekkert. S\u00e9rhver haf\u00f0i safna\u00f0 \u00fev\u00ed sem hann \u00feurfti til matar. <a name=\"19\"><span class=\"versanumer_2007\">19<\/span><\/a> \u00de\u00e1 sag\u00f0i M\u00f3se vi\u00f0 \u00fe\u00e1: \u201eEnginn m\u00e1 leifa neinu til morguns.\u201c <a name=\"20\"><span class=\"versanumer_2007\">20<\/span><\/a> \u00deeir hlustu\u00f0u ekki \u00e1 M\u00f3se og nokkrir leif\u00f0u d\u00e1litlu til n\u00e6sta morguns. En \u00fea\u00f0 ma\u00f0ka\u00f0i og f\u00falna\u00f0i og M\u00f3se reiddist \u00feeim.<br \/> <a name=\"21\"><span class=\"versanumer_2007\">21<\/span><\/a> \u00deeir s\u00f6fnu\u00f0u morgun eftir morgun \u00fev\u00ed sem hver \u00feurfti til matar en \u00fea\u00f0 br\u00e1\u00f0na\u00f0i \u00feegar s\u00f3lskini\u00f0 var\u00f0 sem heitast.<br \/> <a name=\"22\"><span class=\"versanumer_2007\">22<\/span><\/a> Sj\u00f6tta daginn s\u00f6fnu\u00f0u \u00feeir helmingi meira en hina dagana, tveimur g\u00f3merum \u00e1 mann. \u00deegar allir lei\u00f0togar f\u00f3lksins komu og tj\u00e1\u00f0u M\u00f3se \u00fea\u00f0 <a name=\"23\"><span class=\"versanumer_2007\">23<\/span><\/a> sag\u00f0i hann vi\u00f0 \u00fe\u00e1: \u201e\u00deetta er \u00fea\u00f0 sem Drottinn sag\u00f0i: \u00c1 morgun er hv\u00edld, heilagur hv\u00edldardagur fyrir Drottin. Baki\u00f0 \u00fea\u00f0 sem \u00fei\u00f0 \u00feurfi\u00f0 a\u00f0 baka og sj\u00f3\u00f0i\u00f0 \u00fea\u00f0 sem \u00fei\u00f0 \u00feurfi\u00f0 a\u00f0 sj\u00f3\u00f0a. En allt sem eftir ver\u00f0ur skulu\u00f0 \u00fei\u00f0 leggja til hli\u00f0ar og geyma til n\u00e6sta morguns.\u201c <a name=\"24\"><span class=\"versanumer_2007\">24<\/span><\/a> \u00deeir l\u00f6g\u00f0u \u00fea\u00f0 til hli\u00f0ar til n\u00e6sta morguns eins og M\u00f3se haf\u00f0i skipa\u00f0 og \u00fea\u00f0 f\u00falna\u00f0i hvorki n\u00e9 skri\u00f0u \u00ed \u00fea\u00f0 ma\u00f0kar. <a name=\"25\"><span class=\"versanumer_2007\">25<\/span><\/a> \u00de\u00e1 sag\u00f0i M\u00f3se: \u201eEti\u00f0 \u00fea\u00f0 \u00ed dag \u00fev\u00ed a\u00f0 \u00ed dag er hv\u00edldardagur fyrir Drottin. \u00cd dag finni\u00f0 \u00fei\u00f0 \u00feetta ekki \u00fati \u00e1 v\u00ed\u00f0avangi. <a name=\"26\"><span class=\"versanumer_2007\">26<\/span><\/a> \u00cd sex daga skulu\u00f0 \u00fei\u00f0 safna \u00fev\u00ed saman en sj\u00f6unda daginn er hv\u00edldardagur, \u00fe\u00e1 finni\u00f0 \u00fei\u00f0 ekkert.\u201c<br \/> <a name=\"27\"><span class=\"versanumer_2007\">27<\/span><\/a> Sj\u00f6unda daginn gengu samt nokkrir \u00fat til a\u00f0 safna en fundu ekkert.<br \/> <a name=\"28\"><span class=\"versanumer_2007\">28<\/span><\/a> Drottinn sag\u00f0i vi\u00f0 M\u00f3se: \u201eHve lengi \u00e6tli\u00f0 \u00fei\u00f0 a\u00f0 neita a\u00f0 halda fyrirm\u00e6li m\u00edn og l\u00f6g? <a name=\"29\"><span class=\"versanumer_2007\">29<\/span><\/a> Reyni\u00f0 a\u00f0 skilja a\u00f0 Drottinn hefur gefi\u00f0 ykkur hv\u00edldardaginn og \u00feess vegna gefur hann ykkur brau\u00f0 til tveggja daga sj\u00f6tta daginn. Haldi\u00f0 kyrru fyrir, hver \u00e1 s\u00ednum sta\u00f0. Enginn m\u00e1 fara a\u00f0 heiman sj\u00f6unda daginn.\u201c <a name=\"30\"><span class=\"versanumer_2007\">30<\/span><\/a> \u00deannig h\u00e9lt f\u00f3lki\u00f0 hv\u00edldardaginn sj\u00f6unda daginn.<br \/> <a name=\"31\"><span class=\"versanumer_2007\">31<\/span><\/a> \u00cdsraelsmenn nefndu \u00feetta manna. \u00dea\u00f0 var hv\u00edtt eins og k\u00f3r\u00edanderfr\u00e6 og eins og hunangskaka \u00e1 brag\u00f0i\u00f0.<br \/> <a name=\"32\"><span class=\"versanumer_2007\">32<\/span><\/a> M\u00f3se sag\u00f0i: \u201e\u00deetta er \u00fea\u00f0 sem Drottinn hefur bo\u00f0i\u00f0: Fullt g\u00f3merm\u00e1l af \u00feessu skal var\u00f0veitt fyrir komandi kynsl\u00f3\u00f0ir svo a\u00f0 \u00fe\u00e6r geti s\u00e9\u00f0 brau\u00f0i\u00f0 sem \u00e9g gaf ykkur a\u00f0 eta \u00ed ey\u00f0im\u00f6rkinni \u00feegar \u00e9g leiddi ykkur \u00fat \u00far Egyptalandi.\u201c <a name=\"33\"><span class=\"versanumer_2007\">33<\/span><\/a> S\u00ed\u00f0an sag\u00f0i M\u00f3se vi\u00f0 Aron: \u201eTaktu krukku, fylltu hana me\u00f0 einum g\u00f3mer af manna og settu hana fyrir auglit Drottins. H\u00fan skal var\u00f0veitt fyrir komandi kynsl\u00f3\u00f0ir.\u201c <a name=\"34\"><span class=\"versanumer_2007\">34<\/span><\/a> Aron setti krukkuna fyrir framan s\u00e1ttm\u00e1lst\u00e1kni\u00f0 <span class=\"nedan_mal\" title=\" \u00de.e. s\u00e1ttm\u00e1ls\u00f6rkina.\">[<\/span> til var\u00f0veislu, eins og Drottinn haf\u00f0i bo\u00f0i\u00f0 M\u00f3se.<br \/> <a name=\"35\"><span class=\"versanumer_2007\">35<\/span><\/a> \u00cdsraelsmenn \u00e1tu manna \u00ed fj\u00f6rut\u00edu \u00e1r, \u00fear til \u00feeir komu \u00ed byggt land. \u00deeir \u00e1tu manna \u00fear til \u00feeir komu a\u00f0 landam\u00e6rum Kanaanslands.<br \/> <a name=\"36\"><span class=\"versanumer_2007\">36<\/span><\/a> Einn g\u00f3mer er t\u00edundi hluti \u00far efu.<\/p>\n","protected":false},"excerpt":{"rendered":"<p>Manna og lyngh\u00e6nur 1 \u00dev\u00ed n\u00e6st l\u00f6g\u00f0u \u00feeir af sta\u00f0 fr\u00e1 El\u00edm. Allur s\u00f6fnu\u00f0ur \u00cdsraelsmanna kom inn \u00ed S\u00edney\u00f0im\u00f6rkina, sem er milli El\u00edm og S\u00edna\u00ed, \u00e1 fimmt\u00e1nda degi annars m\u00e1na\u00f0arins eftir brottf\u00f6r \u00feeirra \u00far Egyptalandi. 2 \u00de\u00e1 m\u00f6gla\u00f0i allur s\u00f6fnu\u00f0ur \u00cdsraelsmanna gegn M\u00f3se og Aroni \u00ed ey\u00f0im\u00f6rkinni 3 og sag\u00f0i vi\u00f0 \u00fe\u00e1: \u201eBetra v\u00e6ri okkur a\u00f0 vi\u00f0 hef\u00f0um falli\u00f0 fyrir hendi Drottins \u00ed Egyptalandi \u00feegar vi\u00f0 s\u00e1tum vi\u00f0 kj\u00f6tkatlana, \u00feegar vi\u00f0 \u00e1tum okkur s\u00f6dd af brau\u00f0i. En \u00fei\u00f0 hafi\u00f0 leitt okkur \u00fat \u00ed \u00feessa ey\u00f0im\u00f6rk til \u00feess a\u00f0 l\u00e1ta allan \u00feennan s\u00f6fnu\u00f0 farast \u00far hungri.\u201c 4 \u00de\u00e1 sag\u00f0i Drottinn vi\u00f0 <a href=\"https:\/\/biblian.is\/biblian\/onnur-mosebok-16-kafli\/\"> [&#8230;]<\/a><\/p>\n","protected":false},"author":1,"featured_media":0,"parent":0,"menu_order":0,"comment_status":"open","ping_status":"open","template":"bibliukaflar_NT.php","meta":{"footnotes":""},"class_list":["post-1683","page","type-page","status-publish","hentry"],"_links":{"self":[{"href":"https:\/\/biblian.is\/biblian\/wp-json\/wp\/v2\/pages\/1683","targetHints":{"allow":["GET"]}}],"collection":[{"href":"https:\/\/biblian.is\/biblian\/wp-json\/wp\/v2\/pages"}],"about":[{"href":"https:\/\/biblian.is\/biblian\/wp-json\/wp\/v2\/types\/page"}],"author":[{"embeddable":true,"href":"https:\/\/biblian.is\/biblian\/wp-json\/wp\/v2\/users\/1"}],"replies":[{"embeddable":true,"href":"https:\/\/biblian.is\/biblian\/wp-json\/wp\/v2\/comments?post=1683"}],"version-history":[{"count":0,"href":"https:\/\/biblian.is\/biblian\/wp-json\/wp\/v2\/pages\/1683\/revisions"}],"wp:attachment":[{"href":"https:\/\/biblian.is\/biblian\/wp-json\/wp\/v2\/media?parent=1683"}],"curies":[{"name":"wp","href":"https:\/\/api.w.org\/{rel}","templated":true}]}}