{"id":1681,"date":"2017-12-30T21:00:00","date_gmt":"2017-12-30T21:00:00","guid":{"rendered":"http:\/\/biblian.is\/biblian\/%c2%85nnur-m%c2%97seb%c2%97k-14-kafli\/"},"modified":"2023-05-01T16:21:22","modified_gmt":"2023-05-01T16:21:22","slug":"onnur-mosebok-14-kafli","status":"publish","type":"page","link":"https:\/\/biblian.is\/biblian\/onnur-mosebok-14-kafli\/","title":{"rendered":"\u00d6nnur M\u00f3seb\u00f3k 14. kafli"},"content":{"rendered":"<p><a name=\"1\"><span class=\"versanumer_2007\">1<\/span><\/a> Drottinn \u00e1varpa\u00f0i M\u00f3se og sag\u00f0i: <a name=\"2\"><span class=\"versanumer_2007\">2<\/span><\/a> \u201eSeg\u00f0u \u00cdsraelsm\u00f6nnum a\u00f0 sn\u00faa vi\u00f0 og setja b\u00fa\u00f0ir s\u00ednar andsp\u00e6nis P\u00ed Hak\u00edr\u00f3t, milli Migd\u00f3ls og hafsins, gegnt Baal Sef\u00f3n. Andsp\u00e6nis Baal Sef\u00f3n skulu\u00f0 \u00fei\u00f0 sl\u00e1 upp b\u00fa\u00f0um vi\u00f0 hafi\u00f0. <a name=\"3\"><span class=\"versanumer_2007\">3<\/span><\/a> \u00de\u00e1 mun fara\u00f3 hugsa um \u00cdsraelsmenn: \u00deeir hafa villst \u00ed landinu, ey\u00f0im\u00f6rkin hefur gleypt \u00fe\u00e1. <a name=\"4\"><span class=\"versanumer_2007\">4<\/span><\/a> \u00c9g mun her\u00f0a hjarta fara\u00f3s svo a\u00f0 hann elti \u00fe\u00e1 og \u00e9g mun birta d\u00fdr\u00f0 m\u00edna \u00e1 fara\u00f3 og \u00f6llum her hans svo a\u00f0 Egyptar skilji a\u00f0 \u00e9g er Drottinn.\u201c \u00deetta ger\u00f0u \u00feeir.<br \/> <a name=\"5\"><span class=\"versanumer_2007\">5<\/span><\/a> Egyptalandskonungi var tilkynnt a\u00f0 f\u00f3lki\u00f0 v\u00e6ri fl\u00fai\u00f0. \u00de\u00e1 snerist hugur fara\u00f3s og \u00fej\u00f3na hans gegn f\u00f3lkinu og \u00feeir s\u00f6g\u00f0u: \u201eHva\u00f0 h\u00f6fum vi\u00f0 gert? Vi\u00f0 h\u00f6fum sleppt \u00cdsrael \u00far \u00fej\u00f3nustu okkar?\u201c <a name=\"6\"><span class=\"versanumer_2007\">6<\/span><\/a> Fara\u00f3 l\u00e9t \u00fev\u00ed spenna fyrir hervagna s\u00edna og t\u00f3k her sinn me\u00f0 s\u00e9r. <a name=\"7\"><span class=\"versanumer_2007\">7<\/span><\/a> Hann haf\u00f0i me\u00f0 s\u00e9r sex hundru\u00f0 \u00farvalsvagna og alla a\u00f0ra hervagna Egyptalands og haf\u00f0i foringja \u00e1 hverjum.<br \/> <a name=\"8\"><span class=\"versanumer_2007\">8<\/span><\/a> Drottinn herti hjarta fara\u00f3s Egyptalandskonungs og h\u00e9lt hann \u00e1 eftir \u00cdsraelsm\u00f6nnum en \u00cdsraelsmenn h\u00e9ldu \u00f3hr\u00e6ddir burt. <a name=\"9\"><span class=\"versanumer_2007\">9<\/span><\/a> Egyptar eltu \u00fe\u00e1 til P\u00ed Hak\u00edr\u00f3t gegnt Baal Sef\u00f3n, allir hestar fara\u00f3s, hervagnar, riddarar hans og herli\u00f0. \u00dear n\u00e1\u00f0u \u00feeir \u00feeim \u00fear sem \u00feeir h\u00f6f\u00f0u slegi\u00f0 upp b\u00fa\u00f0um vi\u00f0 hafi\u00f0.<br \/> <a name=\"10\"><span class=\"versanumer_2007\">10<\/span><\/a> Fara\u00f3 n\u00e1lga\u00f0ist og \u00feegar \u00cdsraelsmenn komu auga \u00e1 Egypta og s\u00e1u a\u00f0 \u00feeir s\u00f3ttu fram \u00e1 eftir \u00feeim ur\u00f0u \u00feeir mj\u00f6g hr\u00e6ddir. \u00cdsraelsmenn hr\u00f3pu\u00f0u \u00e1 hj\u00e1lp til Drottins <a name=\"11\"><span class=\"versanumer_2007\">11<\/span><\/a> en s\u00f6g\u00f0u vi\u00f0 M\u00f3se: \u201eEru engar grafir til \u00ed Egyptalandi \u00far \u00fev\u00ed a\u00f0 \u00fe\u00fa f\u00f3rst me\u00f0 okkur til a\u00f0 deyja \u00ed ey\u00f0im\u00f6rkinni? Hvers vegna hefur\u00f0u gert okkur \u00feetta og fari\u00f0 me\u00f0 okkur \u00fat \u00far Egyptalandi? <a name=\"12\"><span class=\"versanumer_2007\">12<\/span><\/a> Er \u00fea\u00f0 ekki einmitt \u00feetta sem vi\u00f0 s\u00f6g\u00f0um vi\u00f0 \u00feig \u00ed Egyptalandi: L\u00e1ttu okkur \u00ed fri\u00f0i. Vi\u00f0 viljum \u00fer\u00e6la fyrir Egypta \u00fev\u00ed a\u00f0 \u00fea\u00f0 er sk\u00e1rra fyrir okkur a\u00f0 \u00fer\u00e6la fyrir Egypta en a\u00f0 deyja \u00fati \u00ed ey\u00f0im\u00f6rkinni.\u201c <a name=\"13\"><span class=\"versanumer_2007\">13<\/span><\/a> M\u00f3se svara\u00f0i f\u00f3lkinu: \u201e\u00d3ttist ekki. Standi\u00f0 kyrr og horfi\u00f0 \u00e1 \u00feegar Drottinn bjargar ykkur \u00ed dag \u00fev\u00ed a\u00f0 \u00fei\u00f0 munu\u00f0 aldrei framar sj\u00e1 Egypta eins og \u00fei\u00f0 munu\u00f0 sj\u00e1 \u00fe\u00e1 \u00ed dag. <a name=\"14\"><span class=\"versanumer_2007\">14<\/span><\/a> Drottinn mun sj\u00e1lfur berjast fyrir ykkur en \u00fei\u00f0 skulu\u00f0 ekkert a\u00f0 hafast.\u201c<br \/> <a name=\"15\"><span class=\"versanumer_2007\">15<\/span><\/a> Drottinn sag\u00f0i vi\u00f0 M\u00f3se: \u201eHvers vegna hr\u00f3par \u00fe\u00fa til m\u00edn? Seg\u00f0u \u00cdsraelsm\u00f6nnum a\u00f0 halda af sta\u00f0. <a name=\"16\"><span class=\"versanumer_2007\">16<\/span><\/a> En \u00fe\u00fa skalt rei\u00f0a upp staf \u00feinn og r\u00e9tta h\u00f6nd \u00fe\u00edna \u00fat yfir hafi\u00f0 og klj\u00fafa \u00fea\u00f0 svo a\u00f0 \u00cdsraelsmenn geti gengi\u00f0 \u00e1 \u00feurru \u00ed gegnum hafi\u00f0. <a name=\"17\"><span class=\"versanumer_2007\">17<\/span><\/a> Sj\u00e1lfur \u00e6tla \u00e9g a\u00f0 her\u00f0a hjarta Egypta svo a\u00f0 \u00feeir haldi \u00e1 eftir \u00feeim. \u00de\u00e1 mun \u00e9g birta d\u00fdr\u00f0 m\u00edna \u00e1 fara\u00f3 og \u00f6llum her hans, \u00e1 herv\u00f6gnum hans og riddurum. <a name=\"18\"><span class=\"versanumer_2007\">18<\/span><\/a> Egyptar munu komast a\u00f0 raun um a\u00f0 \u00e9g er Drottinn \u00feegar \u00e9g birti d\u00fdr\u00f0 m\u00edna \u00e1 fara\u00f3, v\u00f6gnum hans og riddurum.\u201c<br \/> <a name=\"19\"><span class=\"versanumer_2007\">19<\/span><\/a> Engill Gu\u00f0s, sem f\u00f3r fyrir hersveit \u00cdsraels, f\u00e6r\u00f0i sig aftur fyrir \u00fe\u00e1 og sk\u00fdst\u00f3lpinn, sem var fyrir framan \u00fe\u00e1, f\u00e6r\u00f0i sig og kom s\u00e9r fyrir a\u00f0 baki \u00feeim <a name=\"20\"><span class=\"versanumer_2007\">20<\/span><\/a> svo a\u00f0 hann var\u00f0 \u00e1 milli hers Egypta og hers \u00cdsraelsmanna. Sk\u00fdi\u00f0 var dimmt \u00f6\u00f0rum megin en l\u00fdsti alla n\u00f3ttina hinum megin. Herirnir n\u00e1lgu\u00f0ust ekki hvor annan alla \u00feessa n\u00f3tt.<br \/> <a name=\"21\"><span class=\"versanumer_2007\">21<\/span><\/a> \u00de\u00e1 r\u00e9tti M\u00f3se h\u00f6nd s\u00edna \u00fat yfir hafi\u00f0. Drottinn b\u00e6g\u00f0i hafinu burt me\u00f0 hv\u00f6ssum austanvindi alla n\u00f3ttina og \u00feannig ger\u00f0i hann hafi\u00f0 a\u00f0 \u00feurrlendi.<br \/>\u00de\u00e1 klofna\u00f0i hafi\u00f0 <a name=\"22\"><span class=\"versanumer_2007\">22<\/span><\/a> svo a\u00f0 \u00cdsraelsmenn g\u00e1tu gengi\u00f0 \u00e1 \u00feurru \u00ed gegnum \u00fea\u00f0 en vatni\u00f0 st\u00f3\u00f0 eins og veggur \u00feeim til h\u00e6gri og vinstri handar. <a name=\"23\"><span class=\"versanumer_2007\">23<\/span><\/a> Egyptar eltu og f\u00f3ru \u00e1 eftir \u00feeim \u00fat \u00ed mitt hafi\u00f0, allir hestar fara\u00f3s, hervagnar hans og riddarar. <a name=\"24\"><span class=\"versanumer_2007\">24<\/span><\/a> \u00c1 morgunv\u00f6kunni leit Drottinn yfir her Egypta \u00ed eld- og sk\u00fdst\u00f3lpanum og olli ringulrei\u00f0 \u00ed her Egypta. <a name=\"25\"><span class=\"versanumer_2007\">25<\/span><\/a> Hann l\u00e9t hervagna \u00feeirra ganga af hj\u00f3lunum svo a\u00f0 \u00feeim s\u00f3ttist fer\u00f0in erfi\u00f0lega. \u00de\u00e1 s\u00f6g\u00f0u Egyptar: \u201eVi\u00f0 skulum fl\u00fdja fyrir \u00cdsraelsm\u00f6nnum \u00fev\u00ed a\u00f0 Drottinn berst fyrir \u00fe\u00e1 gegn Egyptum.\u201c<br \/> <a name=\"26\"><span class=\"versanumer_2007\">26<\/span><\/a> Drottinn sag\u00f0i vi\u00f0 M\u00f3se: \u201eR\u00e9ttu h\u00f6nd \u00fe\u00edna \u00fat yfir hafi\u00f0, \u00fe\u00e1 kemur vatni\u00f0 aftur og fellur yfir Egypta, hervagna \u00feeirra og riddara.\u201c <a name=\"27\"><span class=\"versanumer_2007\">27<\/span><\/a> M\u00f3se r\u00e9tti \u00fe\u00e1 h\u00f6nd s\u00edna \u00fat yfir hafi\u00f0. \u00cd d\u00f6gun kom vatni\u00f0 aftur og rann \u00ed sinn fyrri farveg en er Egyptar reyndu a\u00f0 fl\u00fdja undan \u00fev\u00ed hrakti Drottinn \u00fe\u00e1 \u00fat \u00ed mitt hafi\u00f0.<br \/> <a name=\"28\"><span class=\"versanumer_2007\">28<\/span><\/a> \u00deegar vatni\u00f0 kom aftur luktist \u00fea\u00f0 yfir hervagna, riddara og allt herli\u00f0 fara\u00f3s sem fari\u00f0 haf\u00f0i \u00e1 eftir \u00feeim \u00fat \u00ed hafi\u00f0. Enginn \u00feeirra komst af. <a name=\"29\"><span class=\"versanumer_2007\">29<\/span><\/a> En \u00cdsraelsmenn h\u00f6f\u00f0u gengi\u00f0 \u00e1 \u00feurru mitt \u00ed gegnum hafi\u00f0 en vatni\u00f0 st\u00f3\u00f0 eins og veggur \u00feeim til h\u00e6gri og vinstri handar.<br \/> <a name=\"30\"><span class=\"versanumer_2007\">30<\/span><\/a> \u00deannig bjarga\u00f0i Drottinn \u00cdsrael \u00far greipum Egypta \u00e1 \u00feessum degi. \u00cdsrael s\u00e1 Egypta liggja dau\u00f0a \u00e1 str\u00f6ndinni. <a name=\"31\"><span class=\"versanumer_2007\">31<\/span><\/a> \u00deegar \u00cdsrael s\u00e1 m\u00e1ttarverki\u00f0, sem Drottinn haf\u00f0i unni\u00f0 \u00e1 Egyptum, \u00f3tta\u00f0ist \u00fej\u00f3\u00f0in Drottin og tr\u00fa\u00f0i \u00e1 Drottin og M\u00f3se, \u00fej\u00f3n hans.<\/p>\n","protected":false},"excerpt":{"rendered":"<p>1 Drottinn \u00e1varpa\u00f0i M\u00f3se og sag\u00f0i: 2 \u201eSeg\u00f0u \u00cdsraelsm\u00f6nnum a\u00f0 sn\u00faa vi\u00f0 og setja b\u00fa\u00f0ir s\u00ednar andsp\u00e6nis P\u00ed Hak\u00edr\u00f3t, milli Migd\u00f3ls og hafsins, gegnt Baal Sef\u00f3n. Andsp\u00e6nis Baal Sef\u00f3n skulu\u00f0 \u00fei\u00f0 sl\u00e1 upp b\u00fa\u00f0um vi\u00f0 hafi\u00f0. 3 \u00de\u00e1 mun fara\u00f3 hugsa um \u00cdsraelsmenn: \u00deeir hafa villst \u00ed landinu, ey\u00f0im\u00f6rkin hefur gleypt \u00fe\u00e1. 4 \u00c9g mun her\u00f0a hjarta fara\u00f3s svo a\u00f0 hann elti \u00fe\u00e1 og \u00e9g mun birta d\u00fdr\u00f0 m\u00edna \u00e1 fara\u00f3 og \u00f6llum her hans svo a\u00f0 Egyptar skilji a\u00f0 \u00e9g er Drottinn.\u201c \u00deetta ger\u00f0u \u00feeir. 5 Egyptalandskonungi var tilkynnt a\u00f0 f\u00f3lki\u00f0 v\u00e6ri fl\u00fai\u00f0. \u00de\u00e1 snerist hugur fara\u00f3s og \u00fej\u00f3na <a href=\"https:\/\/biblian.is\/biblian\/onnur-mosebok-14-kafli\/\"> [&#8230;]<\/a><\/p>\n","protected":false},"author":1,"featured_media":0,"parent":0,"menu_order":0,"comment_status":"open","ping_status":"open","template":"bibliukaflar_NT.php","meta":{"footnotes":""},"class_list":["post-1681","page","type-page","status-publish","hentry"],"_links":{"self":[{"href":"https:\/\/biblian.is\/biblian\/wp-json\/wp\/v2\/pages\/1681","targetHints":{"allow":["GET"]}}],"collection":[{"href":"https:\/\/biblian.is\/biblian\/wp-json\/wp\/v2\/pages"}],"about":[{"href":"https:\/\/biblian.is\/biblian\/wp-json\/wp\/v2\/types\/page"}],"author":[{"embeddable":true,"href":"https:\/\/biblian.is\/biblian\/wp-json\/wp\/v2\/users\/1"}],"replies":[{"embeddable":true,"href":"https:\/\/biblian.is\/biblian\/wp-json\/wp\/v2\/comments?post=1681"}],"version-history":[{"count":0,"href":"https:\/\/biblian.is\/biblian\/wp-json\/wp\/v2\/pages\/1681\/revisions"}],"wp:attachment":[{"href":"https:\/\/biblian.is\/biblian\/wp-json\/wp\/v2\/media?parent=1681"}],"curies":[{"name":"wp","href":"https:\/\/api.w.org\/{rel}","templated":true}]}}