{"id":1680,"date":"2017-12-30T21:00:00","date_gmt":"2017-12-30T21:00:00","guid":{"rendered":"http:\/\/biblian.is\/biblian\/%c2%85nnur-m%c2%97seb%c2%97k-13-kafli\/"},"modified":"2023-05-01T16:21:22","modified_gmt":"2023-05-01T16:21:22","slug":"onnur-mosebok-13-kafli","status":"publish","type":"page","link":"https:\/\/biblian.is\/biblian\/onnur-mosebok-13-kafli\/","title":{"rendered":"\u00d6nnur M\u00f3seb\u00f3k 13. kafli"},"content":{"rendered":"<h3 class=\"millifyrirsogn_2007\"> Minningarh\u00e1t\u00ed\u00f0 og helgun frumbur\u00f0a<\/h3>\n<p><a name=\"1\"><span class=\"versanumer_2007\">1<\/span><\/a> Drottinn sag\u00f0i vi\u00f0 M\u00f3se: <a name=\"2\"><span class=\"versanumer_2007\">2<\/span><\/a> \u201eHelga m\u00e9r alla frumbur\u00f0i. Hva\u00f0 eina sem fyrst opnar m\u00f3\u00f0url\u00edf \u00e1 me\u00f0al \u00cdsraelsmanna er mitt, b\u00e6\u00f0i hj\u00e1 m\u00f6nnum og skepnum.\u201c<br \/> <a name=\"3\"><span class=\"versanumer_2007\">3<\/span><\/a> M\u00f3se sag\u00f0i vi\u00f0 f\u00f3lki\u00f0: \u201eMinnist \u00feessa dags \u00feegar \u00fei\u00f0 f\u00f3ru\u00f0 \u00fat \u00far Egyptalandi, \u00far \u00fer\u00e6lah\u00fasinu, \u00fev\u00ed a\u00f0 Drottinn leiddi ykkur \u00fea\u00f0an me\u00f0 m\u00e1ttugri hendi. S\u00fdrt brau\u00f0 m\u00e1 ekki eta. <a name=\"4\"><span class=\"versanumer_2007\">4<\/span><\/a> \u00cd dag haldi\u00f0 \u00fei\u00f0 af sta\u00f0, \u00ed ab\u00edbm\u00e1nu\u00f0i. <a name=\"5\"><span class=\"versanumer_2007\">5<\/span><\/a> \u00deegar Drottinn fer me\u00f0 \u00feig inn \u00ed land Kanverja, Het\u00edta, Amor\u00edta, Hev\u00edta og Jeb\u00fas\u00edta, sem hann h\u00e9t fe\u00f0rum \u00fe\u00ednum a\u00f0 gefa \u00fe\u00e9r, land sem fl\u00fdtur \u00ed mj\u00f3lk og hunangi, skaltu halda \u00feennan si\u00f0 \u00ed \u00feessum m\u00e1nu\u00f0i. <a name=\"6\"><span class=\"versanumer_2007\">6<\/span><\/a> \u00cd sj\u00f6 daga skaltu eta \u00f3s\u00fdrt brau\u00f0 og \u00e1 sj\u00f6unda degi skaltu halda Drottni h\u00e1t\u00ed\u00f0. <a name=\"7\"><span class=\"versanumer_2007\">7<\/span><\/a> \u00d3s\u00fdrt brau\u00f0 skal eti\u00f0 \u00feessa sj\u00f6 daga og hj\u00e1 \u00fe\u00e9r m\u00e1 ekkert s\u00fdrt sj\u00e1st. Ekkert s\u00fardeig m\u00e1 sj\u00e1st hj\u00e1 \u00fe\u00e9r neins sta\u00f0ar \u00ed landi \u00fe\u00ednu. <a name=\"8\"><span class=\"versanumer_2007\">8<\/span><\/a> \u00deennan dag skaltu segja vi\u00f0 son \u00feinn: \u00deetta er gert vegna \u00feess sem Drottinn ger\u00f0i fyrir mig \u00feegar \u00e9g f\u00f3r fr\u00e1 Egyptalandi. <a name=\"9\"><span class=\"versanumer_2007\">9<\/span><\/a> \u00deetta \u00e1 a\u00f0 ver\u00f0a \u00fe\u00e9r t\u00e1kn \u00e1 hendi \u00feinni og minningarmark milli augna \u00feinna svo a\u00f0 l\u00f6gm\u00e1l Drottins ver\u00f0i \u00fe\u00e9r \u00e6t\u00ed\u00f0 \u00e1 v\u00f6rum, \u00fev\u00ed a\u00f0 Drottinn leiddi \u00feig \u00fat \u00far Egyptalandi me\u00f0 m\u00e1ttugri hendi. <a name=\"10\"><span class=\"versanumer_2007\">10<\/span><\/a> \u00c1rlega skaltu fylgja \u00feessu \u00e1kv\u00e6\u00f0i \u00e1 tilsettum t\u00edma.<br \/> <a name=\"11\"><span class=\"versanumer_2007\">11<\/span><\/a> \u00deegar Drottinn lei\u00f0ir \u00feig inn \u00ed land Kanverja, eins og hann hefur heiti\u00f0 \u00fe\u00e9r og fe\u00f0rum \u00fe\u00ednum, og gefur \u00fe\u00e9r \u00fea\u00f0 <a name=\"12\"><span class=\"versanumer_2007\">12<\/span><\/a> skaltu f\u00e6ra Drottni til eignar allt sem fyrst opnar m\u00f3\u00f0url\u00edf. Allir frumbur\u00f0ir \u00fe\u00edns b\u00fafj\u00e1r eru eign Drottins s\u00e9u \u00feeir karlkyns. <a name=\"13\"><span class=\"versanumer_2007\">13<\/span><\/a> S\u00e9rhvern frumbur\u00f0 asna getur \u00fe\u00fa leyst me\u00f0 lambi en ef \u00fe\u00fa leysir hann ekki skaltu h\u00e1lsbrj\u00f3ta hann. \u00de\u00fa skalt leysa s\u00e9rhvern frumbur\u00f0 \u00e1 me\u00f0al sona \u00feinna. <a name=\"14\"><span class=\"versanumer_2007\">14<\/span><\/a> Ef sonur \u00feinn spyr \u00feig s\u00ed\u00f0ar og segir: Hva\u00f0 merkir \u00feetta? skaltu svara honum: Drottinn leiddi okkur me\u00f0 m\u00e1ttugri hendi \u00fat \u00far Egyptalandi, \u00fat \u00far \u00fer\u00e6lah\u00fasinu. <a name=\"15\"><span class=\"versanumer_2007\">15<\/span><\/a> \u00deegar fara\u00f3 forhertist gegn \u00fev\u00ed a\u00f0 sleppa okkur deyddi Drottinn alla frumbur\u00f0i \u00ed Egyptalandi, b\u00e6\u00f0i frumbur\u00f0i manna og skepna. \u00deess vegna f\u00e6ri \u00e9g Drottni sem sl\u00e1turf\u00f3rn allt karlkyns sem fyrst opnar m\u00f3\u00f0url\u00edf. En alla frumbur\u00f0i \u00e1 me\u00f0al sona minna leysi \u00e9g. <a name=\"16\"><span class=\"versanumer_2007\">16<\/span><\/a> \u00deetta skal ver\u00f0a t\u00e1kn \u00e1 h\u00f6ndum \u00fe\u00ednum og merki \u00e1 milli augna \u00feinna \u00fev\u00ed a\u00f0 Drottinn leiddi okkur me\u00f0 m\u00e1ttugri hendi \u00fat \u00far Egyptalandi.\u201c<\/p>\n<h3 class=\"millifyrirsogn_2007\">Bj\u00f6rgun \u00cdsraels vi\u00f0 Sefhafi\u00f0<\/h3>\n<p><a name=\"17\"><span class=\"versanumer_2007\">17<\/span><\/a> \u00deegar fara\u00f3 sleppti f\u00f3lkinu leiddi Gu\u00f0 \u00fea\u00f0 ekki beina lei\u00f0 til lands Filistea \u00fe\u00f3 a\u00f0 h\u00fan v\u00e6ri styst \u00fev\u00ed a\u00f0 Gu\u00f0 hugsa\u00f0i: \u201eEf til vill i\u00f0rast f\u00f3lki\u00f0 \u00feessa \u00feegar \u00fea\u00f0 s\u00e9r a\u00f0 \u00f3fri\u00f0ar er von og sn\u00fdr \u00fe\u00e1 aftur til Egyptalands.\u201c <a name=\"18\"><span class=\"versanumer_2007\">18<\/span><\/a> Gu\u00f0 l\u00e9t \u00fev\u00ed f\u00f3lki\u00f0 leggja lykkju \u00e1 lei\u00f0 s\u00edna og halda \u00ed \u00e1tt til Sefhafsins.<br \/> <a name=\"19\"><span class=\"versanumer_2007\">19<\/span><\/a> M\u00f3se haf\u00f0i teki\u00f0 bein J\u00f3sefs me\u00f0 s\u00e9r \u00fev\u00ed a\u00f0 J\u00f3sef haf\u00f0i teki\u00f0 ei\u00f0 af \u00cdsraelsm\u00f6nnum og sagt: \u201e\u00deegar Gu\u00f0 li\u00f0sinnir ykkur skulu\u00f0 \u00fei\u00f0 flytja bein m\u00edn h\u00e9\u00f0an me\u00f0 ykkur.\u201c<br \/> <a name=\"20\"><span class=\"versanumer_2007\">20<\/span><\/a> \u00deeir l\u00f6g\u00f0u af sta\u00f0 fr\u00e1 S\u00fakk\u00f3t og tj\u00f6ldu\u00f0u vi\u00f0 Etam \u00fear sem ey\u00f0im\u00f6rkin tekur vi\u00f0. <a name=\"21\"><span class=\"versanumer_2007\">21<\/span><\/a> Drottinn gekk fyrir \u00feeim \u00ed sk\u00fdst\u00f3lpa \u00e1 daginn til a\u00f0 v\u00edsa \u00feeim veginn og \u00ed eldst\u00f3lpa um n\u00e6tur til a\u00f0 l\u00fdsa \u00feeim svo a\u00f0 \u00feeir g\u00e6tu fer\u00f0ast n\u00f3tt sem dag. <a name=\"22\"><span class=\"versanumer_2007\">22<\/span><\/a> Sk\u00fdst\u00f3lpinn v\u00e9k hvorki \u00far augs\u00fdn f\u00f3lksins \u00e1 daginn n\u00e9 eldst\u00f3lpinn um n\u00e6tur.<\/p>\n","protected":false},"excerpt":{"rendered":"<p>Minningarh\u00e1t\u00ed\u00f0 og helgun frumbur\u00f0a 1 Drottinn sag\u00f0i vi\u00f0 M\u00f3se: 2 \u201eHelga m\u00e9r alla frumbur\u00f0i. Hva\u00f0 eina sem fyrst opnar m\u00f3\u00f0url\u00edf \u00e1 me\u00f0al \u00cdsraelsmanna er mitt, b\u00e6\u00f0i hj\u00e1 m\u00f6nnum og skepnum.\u201c 3 M\u00f3se sag\u00f0i vi\u00f0 f\u00f3lki\u00f0: \u201eMinnist \u00feessa dags \u00feegar \u00fei\u00f0 f\u00f3ru\u00f0 \u00fat \u00far Egyptalandi, \u00far \u00fer\u00e6lah\u00fasinu, \u00fev\u00ed a\u00f0 Drottinn leiddi ykkur \u00fea\u00f0an me\u00f0 m\u00e1ttugri hendi. S\u00fdrt brau\u00f0 m\u00e1 ekki eta. 4 \u00cd dag haldi\u00f0 \u00fei\u00f0 af sta\u00f0, \u00ed ab\u00edbm\u00e1nu\u00f0i. 5 \u00deegar Drottinn fer me\u00f0 \u00feig inn \u00ed land Kanverja, Het\u00edta, Amor\u00edta, Hev\u00edta og Jeb\u00fas\u00edta, sem hann h\u00e9t fe\u00f0rum \u00fe\u00ednum a\u00f0 gefa \u00fe\u00e9r, land sem fl\u00fdtur \u00ed mj\u00f3lk og hunangi, skaltu <a href=\"https:\/\/biblian.is\/biblian\/onnur-mosebok-13-kafli\/\"> [&#8230;]<\/a><\/p>\n","protected":false},"author":1,"featured_media":0,"parent":0,"menu_order":0,"comment_status":"open","ping_status":"open","template":"bibliukaflar_NT.php","meta":{"footnotes":""},"class_list":["post-1680","page","type-page","status-publish","hentry"],"_links":{"self":[{"href":"https:\/\/biblian.is\/biblian\/wp-json\/wp\/v2\/pages\/1680","targetHints":{"allow":["GET"]}}],"collection":[{"href":"https:\/\/biblian.is\/biblian\/wp-json\/wp\/v2\/pages"}],"about":[{"href":"https:\/\/biblian.is\/biblian\/wp-json\/wp\/v2\/types\/page"}],"author":[{"embeddable":true,"href":"https:\/\/biblian.is\/biblian\/wp-json\/wp\/v2\/users\/1"}],"replies":[{"embeddable":true,"href":"https:\/\/biblian.is\/biblian\/wp-json\/wp\/v2\/comments?post=1680"}],"version-history":[{"count":0,"href":"https:\/\/biblian.is\/biblian\/wp-json\/wp\/v2\/pages\/1680\/revisions"}],"wp:attachment":[{"href":"https:\/\/biblian.is\/biblian\/wp-json\/wp\/v2\/media?parent=1680"}],"curies":[{"name":"wp","href":"https:\/\/api.w.org\/{rel}","templated":true}]}}