{"id":1670,"date":"2017-12-30T20:59:55","date_gmt":"2017-12-30T20:59:55","guid":{"rendered":"http:\/\/biblian.is\/biblian\/%c2%85nnur-m%c2%97seb%c2%97k-3-kafli\/"},"modified":"2023-05-01T16:21:30","modified_gmt":"2023-05-01T16:21:30","slug":"onnur-mosebok-3-kafli","status":"publish","type":"page","link":"https:\/\/biblian.is\/biblian\/onnur-mosebok-3-kafli\/","title":{"rendered":"\u00d6nnur M\u00f3seb\u00f3k 3. kafli"},"content":{"rendered":"<h3 class=\"millifyrirsogn_2007\"> K\u00f6llun M\u00f3se<\/h3>\n<p><a name=\"1\"><span class=\"versanumer_2007\">1<\/span><\/a> M\u00f3se ger\u00f0ist fj\u00e1rhir\u00f0ir hj\u00e1 tengdaf\u00f6\u00f0ur s\u00ednum, Jetr\u00f3, presti \u00ed Mid\u00edan. Einu sinni rak hann f\u00e9\u00f0 langt inn \u00ed ey\u00f0im\u00f6rkina og kom a\u00f0 H\u00f3reb, fjalli Gu\u00f0s. <a name=\"2\"><span class=\"versanumer_2007\">2<\/span><\/a> \u00de\u00e1 birtist honum engill Gu\u00f0s \u00ed eldsloga sem st\u00f3\u00f0 upp af \u00feyrnirunna. Hann s\u00e1 a\u00f0 runninn st\u00f3\u00f0 \u00ed lj\u00f3sum logum en brann ekki. <a name=\"3\"><span class=\"versanumer_2007\">3<\/span><\/a> M\u00f3se hugsa\u00f0i: \u201e\u00c9g ver\u00f0 a\u00f0 ganga n\u00e6r og vir\u00f0a fyrir m\u00e9r \u00feessa mikilfenglegu s\u00fdn. Hvers vegna brennur runninn ekki?\u201c<br \/> <a name=\"4\"><span class=\"versanumer_2007\">4<\/span><\/a> \u00deegar Drottinn s\u00e1 a\u00f0 hann gekk n\u00e6r til a\u00f0 vir\u00f0a \u00feetta fyrir s\u00e9r kalla\u00f0i Gu\u00f0 til hans \u00far mi\u00f0jum runnanum og sag\u00f0i: \u201eM\u00f3se, M\u00f3se.\u201c Hann svara\u00f0i: \u201eH\u00e9r er \u00e9g.\u201c <a name=\"5\"><span class=\"versanumer_2007\">5<\/span><\/a> Drottinn sag\u00f0i: \u201eKomdu ekki n\u00e6r, drag sk\u00f3 \u00fe\u00edna af f\u00f3tum \u00fe\u00e9r \u00fev\u00ed a\u00f0 sta\u00f0urinn, sem \u00fe\u00fa stendur \u00e1, er heil\u00f6g j\u00f6r\u00f0.\u201c <a name=\"6\"><span class=\"versanumer_2007\">6<\/span><\/a> Og hann b\u00e6tti vi\u00f0: \u201e\u00c9g er Gu\u00f0 f\u00f6\u00f0ur \u00fe\u00edns, Gu\u00f0 Abrahams, Gu\u00f0 \u00cdsaks og Gu\u00f0 Jakobs.\u201c \u00de\u00e1 huldi M\u00f3se andlit sitt \u00fev\u00ed a\u00f0 hann \u00f3tta\u00f0ist a\u00f0 l\u00edta Gu\u00f0.<br \/> <a name=\"7\"><span class=\"versanumer_2007\">7<\/span><\/a> \u00de\u00e1 sag\u00f0i Drottinn: \u201e\u00c9g hef s\u00e9\u00f0 eymd \u00fej\u00f3\u00f0ar minnar \u00ed Egyptalandi og heyrt kvein hennar undan \u00feeim sem \u00fer\u00e6lka hana. J\u00e1, \u00e9g \u00feekki \u00fej\u00e1ningu hennar. <a name=\"8\"><span class=\"versanumer_2007\">8<\/span><\/a> \u00c9g er kominn ni\u00f0ur til a\u00f0 bjarga henni \u00far greipum Egypta og lei\u00f0a hana \u00far \u00feessu landi og upp til lands sem er gott og v\u00ed\u00f0lent, til lands sem fl\u00fdtur \u00ed mj\u00f3lk og hunangi, til landsv\u00e6\u00f0is Kanverja, Het\u00edta, Amor\u00edta, Peres\u00edta, Hev\u00edta og Jeb\u00fas\u00edta. <a name=\"9\"><span class=\"versanumer_2007\">9<\/span><\/a> En n\u00fa er kvein \u00cdsraelsmanna komi\u00f0 til m\u00edn og \u00e9g hef einnig s\u00e9\u00f0 hvernig Egyptar k\u00faga \u00fe\u00e1. <a name=\"10\"><span class=\"versanumer_2007\">10<\/span><\/a> Far\u00f0u n\u00fa af sta\u00f0. \u00c9g sendi \u00feig til fara\u00f3s. Leiddu \u00fej\u00f3\u00f0 m\u00edna, \u00cdsraelsmenn, \u00fat \u00far Egyptalandi.\u201c <a name=\"11\"><span class=\"versanumer_2007\">11<\/span><\/a> M\u00f3se svara\u00f0i Gu\u00f0i: \u201eHver er \u00e9g, a\u00f0 \u00e9g fari til fara\u00f3s og lei\u00f0i \u00cdsraelsmenn \u00fat \u00far Egyptalandi?\u201c <a name=\"12\"><span class=\"versanumer_2007\">12<\/span><\/a> Gu\u00f0 sag\u00f0i: \u201e\u00c9g mun vera me\u00f0 \u00fe\u00e9r. \u00deetta skal vera \u00fe\u00e9r t\u00e1kn \u00feess a\u00f0 \u00e9g hef sent \u00feig: \u00deegar \u00fe\u00fa hefur leitt \u00fej\u00f3\u00f0ina \u00fat \u00far Egyptalandi munu\u00f0 \u00fei\u00f0 \u00fej\u00f3na Gu\u00f0i \u00e1 \u00feessu fjalli.\u201c <a name=\"13\"><span class=\"versanumer_2007\">13<\/span><\/a> M\u00f3se sag\u00f0i vi\u00f0 Gu\u00f0: \u201eEf \u00e9g kem til \u00cdsraelsmanna og segi vi\u00f0 \u00fe\u00e1: Gu\u00f0 fe\u00f0ra ykkar hefur sent mig til ykkar, og \u00feeir spyrja mig: Hvert er nafn hans? hverju \u00e1 \u00e9g \u00fe\u00e1 a\u00f0 svara \u00feeim?\u201c <a name=\"14\"><span class=\"versanumer_2007\">14<\/span><\/a> Gu\u00f0 svara\u00f0i M\u00f3se: \u201e\u00c9g er s\u00e1 sem \u00e9g er.\u201c Og hann b\u00e6tti vi\u00f0: \u201eSvo skaltu segja vi\u00f0 \u00cdsraelsmenn: \u201e\u00c9g er\u201c sendi mig til ykkar.\u201c <a name=\"15\"><span class=\"versanumer_2007\">15<\/span><\/a> Enn fremur sag\u00f0i Gu\u00f0 vi\u00f0 M\u00f3se: \u201eSvo skaltu segja vi\u00f0 \u00cdsraelsmenn: Drottinn, Gu\u00f0 fe\u00f0ra ykkar, Gu\u00f0 Abrahams, Gu\u00f0 \u00cdsaks og Gu\u00f0 Jakobs, sendi mig til ykkar. \u00deetta er nafn mitt um aldur og \u00e6vi, heiti mitt fr\u00e1 kyni til kyns. <a name=\"16\"><span class=\"versanumer_2007\">16<\/span><\/a> Far\u00f0u og stefndu saman \u00f6ldungum \u00cdsraels og seg\u00f0u vi\u00f0 \u00fe\u00e1: Drottinn, Gu\u00f0 fe\u00f0ra ykkar, birtist m\u00e9r, Gu\u00f0 Abrahams, \u00cdsaks og Jakobs, og sag\u00f0i: \u00c9g hef fylgst gaumg\u00e6filega me\u00f0 ykkur og \u00fev\u00ed sem ykkur hefur veri\u00f0 gert \u00ed Egyptalandi. <a name=\"17\"><span class=\"versanumer_2007\">17<\/span><\/a> \u00c9g hef \u00e1kve\u00f0i\u00f0 a\u00f0 lei\u00f0a ykkur \u00far \u00fej\u00e1ningunni \u00ed Egyptalandi til lands Kanverja, Het\u00edta, Amor\u00edta, Peres\u00edta, Hev\u00edta og Jeb\u00fas\u00edta, til lands sem fl\u00fdtur \u00ed mj\u00f3lk og hunangi. <a name=\"18\"><span class=\"versanumer_2007\">18<\/span><\/a> \u00deeir munu hlusta \u00e1 \u00feig og \u00fe\u00fa skalt fara sj\u00e1lfur \u00e1samt \u00f6ldungum \u00cdsraels til Egyptalandskonungs og segja vi\u00f0 hann: Drottinn, Gu\u00f0 Hebrea, birtist okkur. N\u00fa viljum vi\u00f0 fara \u00ferj\u00e1r daglei\u00f0ir inn \u00ed ey\u00f0im\u00f6rkina og f\u00e6ra Drottni, Gu\u00f0i okkar, sl\u00e1turf\u00f3rnir. <a name=\"19\"><span class=\"versanumer_2007\">19<\/span><\/a> Sj\u00e1lfur veit \u00e9g a\u00f0 konungur Egyptalands leyfir ykkur ekki a\u00f0 fara nema teki\u00f0 s\u00e9 hart \u00e1 honum. <a name=\"20\"><span class=\"versanumer_2007\">20<\/span><\/a> \u00c9g mun r\u00e9tta \u00fat h\u00f6nd m\u00edna og brj\u00f3ta Egyptaland \u00e1 bak aftur me\u00f0 \u00f6llum m\u00e1ttarverkum m\u00ednum sem \u00e9g mun gera \u00fear. \u00de\u00e1 fyrst mun hann sleppa ykkur. <a name=\"21\"><span class=\"versanumer_2007\">21<\/span><\/a> En \u00e9g mun l\u00e1ta \u00feessa \u00fej\u00f3\u00f0 nj\u00f3ta velvildar Egypta svo a\u00f0 \u00fei\u00f0 fari\u00f0 ekki t\u00f3mhentir \u00feegar \u00fei\u00f0 haldi\u00f0 burt. <a name=\"22\"><span class=\"versanumer_2007\">22<\/span><\/a> Hver kona skal bi\u00f0ja grannkonu s\u00edna e\u00f0a a\u00f0komukonu \u00ed h\u00fasi s\u00ednu um silfurgripi og gullgripi, einnig um kl\u00e6\u00f0i. \u00dei\u00f0 skulu\u00f0 l\u00e1ta syni ykkar og d\u00e6tur bera \u00feetta; \u00feannig skulu\u00f0 \u00fei\u00f0 r\u00e6na Egypta.\u201c<\/p>\n","protected":false},"excerpt":{"rendered":"<p>K\u00f6llun M\u00f3se 1 M\u00f3se ger\u00f0ist fj\u00e1rhir\u00f0ir hj\u00e1 tengdaf\u00f6\u00f0ur s\u00ednum, Jetr\u00f3, presti \u00ed Mid\u00edan. Einu sinni rak hann f\u00e9\u00f0 langt inn \u00ed ey\u00f0im\u00f6rkina og kom a\u00f0 H\u00f3reb, fjalli Gu\u00f0s. 2 \u00de\u00e1 birtist honum engill Gu\u00f0s \u00ed eldsloga sem st\u00f3\u00f0 upp af \u00feyrnirunna. Hann s\u00e1 a\u00f0 runninn st\u00f3\u00f0 \u00ed lj\u00f3sum logum en brann ekki. 3 M\u00f3se hugsa\u00f0i: \u201e\u00c9g ver\u00f0 a\u00f0 ganga n\u00e6r og vir\u00f0a fyrir m\u00e9r \u00feessa mikilfenglegu s\u00fdn. Hvers vegna brennur runninn ekki?\u201c 4 \u00deegar Drottinn s\u00e1 a\u00f0 hann gekk n\u00e6r til a\u00f0 vir\u00f0a \u00feetta fyrir s\u00e9r kalla\u00f0i Gu\u00f0 til hans \u00far mi\u00f0jum runnanum og sag\u00f0i: \u201eM\u00f3se, M\u00f3se.\u201c Hann svara\u00f0i: \u201eH\u00e9r <a href=\"https:\/\/biblian.is\/biblian\/onnur-mosebok-3-kafli\/\"> [&#8230;]<\/a><\/p>\n","protected":false},"author":1,"featured_media":0,"parent":0,"menu_order":0,"comment_status":"open","ping_status":"open","template":"bibliukaflar_NT.php","meta":{"footnotes":""},"class_list":["post-1670","page","type-page","status-publish","hentry"],"_links":{"self":[{"href":"https:\/\/biblian.is\/biblian\/wp-json\/wp\/v2\/pages\/1670","targetHints":{"allow":["GET"]}}],"collection":[{"href":"https:\/\/biblian.is\/biblian\/wp-json\/wp\/v2\/pages"}],"about":[{"href":"https:\/\/biblian.is\/biblian\/wp-json\/wp\/v2\/types\/page"}],"author":[{"embeddable":true,"href":"https:\/\/biblian.is\/biblian\/wp-json\/wp\/v2\/users\/1"}],"replies":[{"embeddable":true,"href":"https:\/\/biblian.is\/biblian\/wp-json\/wp\/v2\/comments?post=1670"}],"version-history":[{"count":0,"href":"https:\/\/biblian.is\/biblian\/wp-json\/wp\/v2\/pages\/1670\/revisions"}],"wp:attachment":[{"href":"https:\/\/biblian.is\/biblian\/wp-json\/wp\/v2\/media?parent=1670"}],"curies":[{"name":"wp","href":"https:\/\/api.w.org\/{rel}","templated":true}]}}