{"id":1668,"date":"2017-12-30T20:59:55","date_gmt":"2017-12-30T20:59:55","guid":{"rendered":"http:\/\/biblian.is\/biblian\/%c2%85nnur-m%c2%97seb%c2%97k-1-kafli\/"},"modified":"2023-05-01T16:21:19","modified_gmt":"2023-05-01T16:21:19","slug":"onnur-mosebok-1-kafli","status":"publish","type":"page","link":"https:\/\/biblian.is\/biblian\/onnur-mosebok-1-kafli\/","title":{"rendered":"\u00d6nnur M\u00f3seb\u00f3k 1. kafli"},"content":{"rendered":"<h2 class=\"millifyrirsogn_2007\">Brottf\u00f6rin fr\u00e1 Egyptalandi<\/h2>\n<h3 class=\"millifyrirsogn_2007\">Ni\u00f0jar Jakobs \u00ed Egyptalandi<\/h3>\n<p><a name=\"1\"><\/a><span class=\"versanumer_2007\">1<\/span> \u00deetta eru n\u00f6fn sona \u00cdsraels sem komu til Egyptalands me\u00f0 Jakobi. Hver um sig haf\u00f0i komi\u00f0 \u00e1samt fj\u00f6lskyldu sinni: <a name=\"2\"><\/a><span class=\"versanumer_2007\">2<\/span> R\u00faben, S\u00edmeon, Lev\u00ed, J\u00fada, <a name=\"3\"><\/a><span class=\"versanumer_2007\">3<\/span> \u00cdssakar, Seb\u00falon, Benjam\u00edn, <a name=\"4\"><\/a><span class=\"versanumer_2007\">4<\/span> Dan, Naftal\u00ed, Ga\u00f0 og Asser. <a name=\"5\"><\/a><span class=\"versanumer_2007\">5<\/span> \u00deetta voru allir ni\u00f0jar Jakobs, sj\u00f6t\u00edu manns, en J\u00f3sef var fyrir \u00ed Egyptalandi.<br \/>\n<a name=\"6\"><\/a><span class=\"versanumer_2007\">6<\/span> S\u00ed\u00f0an d\u00f3 J\u00f3sef, allir br\u00e6\u00f0ur hans og \u00f6ll s\u00fa kynsl\u00f3\u00f0. <a name=\"7\"><\/a><span class=\"versanumer_2007\">7<\/span> En ni\u00f0jar \u00cdsraels voru frj\u00f3samir svo a\u00f0 \u00feeim fj\u00f6lga\u00f0i. \u00deeir margf\u00f6ldu\u00f0ust, efldust meira og meira og landi\u00f0 var\u00f0 fullt af \u00feeim.<\/p>\n<h3 class=\"millifyrirsogn_2007\">\u00der\u00e6lkun \u00cdsraels<\/h3>\n<p><a name=\"8\"><\/a><span class=\"versanumer_2007\">8<\/span> N\u00fdr konungur, sem ekki haf\u00f0i \u00feekkt J\u00f3sef, komst til valda \u00ed Egyptalandi. <a name=\"9\"><\/a><span class=\"versanumer_2007\">9<\/span> Hann sag\u00f0i vi\u00f0 \u00fej\u00f3\u00f0 s\u00edna: \u201eTaki\u00f0 eftir. \u00cdsraels\u00fej\u00f3\u00f0in er fj\u00f6lmennari og \u00f6flugri en vi\u00f0. <a name=\"10\"><\/a><span class=\"versanumer_2007\">10<\/span> Vi\u00f0 skulum beita hana k\u00e6nsku svo a\u00f0 henni fj\u00f6lgi ekki meira. Komi til \u00f3fri\u00f0ar g\u00e6tu \u00cdsraelsmenn jafnvel gengi\u00f0 \u00ed li\u00f0 me\u00f0 fjandm\u00f6nnum okkar og barist gegn okkur og s\u00ed\u00f0an yfirgefi\u00f0 landi\u00f0.\u201c <span class=\"nedan_mal\" title=\" \u00d6nnur hugsanleg \u00fe\u00fd\u00f0ing: N\u00e1\u00f0 v\u00f6ldum \u00ed landinu.\">[<\/span> <a name=\"11\"><\/a><span class=\"versanumer_2007\">11<\/span> \u00de\u00e1 settu Egyptar verkstj\u00f3ra yfir \u00fe\u00e1 til a\u00f0 \u00fejaka \u00fe\u00e1 me\u00f0 kva\u00f0avinnu og \u00feeir ur\u00f0u a\u00f0 reisa birg\u00f0aborgir, P\u00edt\u00f3m og Ramses, handa fara\u00f3. <a name=\"12\"><\/a><span class=\"versanumer_2007\">12<\/span> En \u00fev\u00ed meir sem \u00feeir voru \u00fejaka\u00f0ir \u00fev\u00ed meir fj\u00f6lga\u00f0i \u00feeim og \u00feeim mun meir breiddust \u00feeir \u00fat svo a\u00f0 Egyptar t\u00f3ku a\u00f0 \u00f3ttast \u00cdsraelsmenn. <a name=\"13\"><\/a><span class=\"versanumer_2007\">13<\/span> \u00deeir ger\u00f0u \u00fev\u00ed \u00cdsraelsmenn a\u00f0 \u00fer\u00e6lum og beittu \u00fe\u00e1 h\u00f6rku. <a name=\"14\"><\/a><span class=\"versanumer_2007\">14<\/span> \u00deeir ger\u00f0u \u00feeim l\u00edfi\u00f0 leitt me\u00f0 \u00feungri \u00fer\u00e6lavinnu vi\u00f0 leir og t\u00edgulsteina og alls kyns vinnu \u00e1 \u00f6krunum og me\u00f0 \u00f6llum \u00fer\u00e6ld\u00f3mi sem Egyptar \u00fej\u00f6ku\u00f0u \u00fe\u00e1 v\u00e6g\u00f0arlaust me\u00f0.<br \/>\n<a name=\"15\"><\/a><span class=\"versanumer_2007\">15<\/span> Egyptalandskonungur tala\u00f0i s\u00ed\u00f0an vi\u00f0 hebresku lj\u00f3sm\u00e6\u00f0urnar. H\u00e9t \u00f6nnur Sifra og hin P\u00faa. <a name=\"16\"><\/a><span class=\"versanumer_2007\">16<\/span> Hann sag\u00f0i: \u201e\u00deegar \u00fei\u00f0 hj\u00e1lpi\u00f0 hebreskum konum a\u00f0 f\u00e6\u00f0a skulu\u00f0 \u00fei\u00f0 gefa gaum a\u00f0 kynfer\u00f0inu. S\u00e9 barni\u00f0 drengur skulu\u00f0 \u00fei\u00f0 svipta hann l\u00edfi; s\u00e9 \u00fea\u00f0 st\u00falka m\u00e1 h\u00fan lifa.\u201c <a name=\"17\"><\/a><span class=\"versanumer_2007\">17<\/span> En lj\u00f3sm\u00e6\u00f0urnar \u00f3ttu\u00f0ust Gu\u00f0 og f\u00f3ru ekki eftir fyrirm\u00e6lum Egyptalandskonungs heldur g\u00e1fu b\u00f6rnunum l\u00edf. <a name=\"18\"><\/a><span class=\"versanumer_2007\">18<\/span> \u00de\u00e1 kalla\u00f0i konungur Egyptalands lj\u00f3sm\u00e6\u00f0urnar fyrir sig og spur\u00f0i \u00fe\u00e6r: \u201eHvers vegna geri\u00f0 \u00fei\u00f0 \u00feetta og gefi\u00f0 drengjunum l\u00edf?\u201c <a name=\"19\"><\/a><span class=\"versanumer_2007\">19<\/span> Lj\u00f3sm\u00e6\u00f0urnar sv\u00f6ru\u00f0u fara\u00f3: \u201eHebreskar konur eru ekki eins og egypskar \u00fev\u00ed a\u00f0 \u00fe\u00e6r eru hraustbygg\u00f0ar. \u00de\u00e6r hafa \u00feegar f\u00e6tt er lj\u00f3sm\u00f3\u00f0irin kemur til \u00feeirra.\u201c <a name=\"20\"><\/a><span class=\"versanumer_2007\">20<\/span> Gu\u00f0 launa\u00f0i lj\u00f3sm\u00e6\u00f0runum me\u00f0 velgengni, og \u00fej\u00f3\u00f0inni fj\u00f6lga\u00f0i og h\u00fan efldist miki\u00f0. <a name=\"21\"><\/a><span class=\"versanumer_2007\">21<\/span> Vegna \u00feess a\u00f0 lj\u00f3sm\u00e6\u00f0urnar \u00f3ttu\u00f0ust Gu\u00f0 veitti hann \u00feeim barnal\u00e1n. <a name=\"22\"><\/a><span class=\"versanumer_2007\">22<\/span> En fara\u00f3 gaf allri \u00fej\u00f3\u00f0 sinni fyrirm\u00e6li og sag\u00f0i: \u201e\u00d6llum drengjum, sem f\u00e6\u00f0ast me\u00f0al Hebrea, skulu\u00f0 \u00fei\u00f0 kasta \u00ed flj\u00f3ti\u00f0 <span class=\"nedan_mal\" title=\" \u00de.e. N\u00edl.\">[<\/span> en \u00f6llum st\u00falkum megi\u00f0 \u00fei\u00f0 gefa l\u00edf.\u201c<\/p>\n","protected":false},"excerpt":{"rendered":"<p>Brottf\u00f6rin fr\u00e1 Egyptalandi Ni\u00f0jar Jakobs \u00ed Egyptalandi 1 \u00deetta eru n\u00f6fn sona \u00cdsraels sem komu til Egyptalands me\u00f0 Jakobi. Hver um sig haf\u00f0i komi\u00f0 \u00e1samt fj\u00f6lskyldu sinni: 2 R\u00faben, S\u00edmeon, Lev\u00ed, J\u00fada, 3 \u00cdssakar, Seb\u00falon, Benjam\u00edn, 4 Dan, Naftal\u00ed, Ga\u00f0 og Asser. 5 \u00deetta voru allir ni\u00f0jar Jakobs, sj\u00f6t\u00edu manns, en J\u00f3sef var fyrir \u00ed Egyptalandi. 6 S\u00ed\u00f0an d\u00f3 J\u00f3sef, allir br\u00e6\u00f0ur hans og \u00f6ll s\u00fa kynsl\u00f3\u00f0. 7 En ni\u00f0jar \u00cdsraels voru frj\u00f3samir svo a\u00f0 \u00feeim fj\u00f6lga\u00f0i. \u00deeir margf\u00f6ldu\u00f0ust, efldust meira og meira og landi\u00f0 var\u00f0 fullt af \u00feeim. \u00der\u00e6lkun \u00cdsraels 8 N\u00fdr konungur, sem ekki haf\u00f0i \u00feekkt J\u00f3sef, komst <a href=\"https:\/\/biblian.is\/biblian\/onnur-mosebok-1-kafli\/\"> [&#8230;]<\/a><\/p>\n","protected":false},"author":1,"featured_media":0,"parent":0,"menu_order":0,"comment_status":"open","ping_status":"open","template":"bibliukaflar_NT.php","meta":{"footnotes":""},"class_list":["post-1668","page","type-page","status-publish","hentry"],"_links":{"self":[{"href":"https:\/\/biblian.is\/biblian\/wp-json\/wp\/v2\/pages\/1668","targetHints":{"allow":["GET"]}}],"collection":[{"href":"https:\/\/biblian.is\/biblian\/wp-json\/wp\/v2\/pages"}],"about":[{"href":"https:\/\/biblian.is\/biblian\/wp-json\/wp\/v2\/types\/page"}],"author":[{"embeddable":true,"href":"https:\/\/biblian.is\/biblian\/wp-json\/wp\/v2\/users\/1"}],"replies":[{"embeddable":true,"href":"https:\/\/biblian.is\/biblian\/wp-json\/wp\/v2\/comments?post=1668"}],"version-history":[{"count":0,"href":"https:\/\/biblian.is\/biblian\/wp-json\/wp\/v2\/pages\/1668\/revisions"}],"wp:attachment":[{"href":"https:\/\/biblian.is\/biblian\/wp-json\/wp\/v2\/media?parent=1668"}],"curies":[{"name":"wp","href":"https:\/\/api.w.org\/{rel}","templated":true}]}}