{"id":1642,"date":"2017-12-30T20:59:50","date_gmt":"2017-12-30T20:59:50","guid":{"rendered":"http:\/\/biblian.is\/biblian\/fyrsta-m%c2%97seb%c2%97k-25-kafli\/"},"modified":"2022-12-16T13:42:53","modified_gmt":"2022-12-16T13:42:53","slug":"fyrsta-mosebok-25-kafli","status":"publish","type":"page","link":"https:\/\/biblian.is\/biblian\/fyrsta-mosebok-25-kafli\/","title":{"rendered":"Fyrsta M\u00f3seb\u00f3k 25. kafli"},"content":{"rendered":"<h3 class=\"millifyrirsogn_2007\">Ni\u00f0jar Abrahams<\/h3>\n<p><a name=\"1\"><\/a><span class=\"versanumer_2007\">1<\/span> Abraham t\u00f3k s\u00e9r a\u00f0ra konu og h\u00e9t h\u00fan Ket\u00fara. <a name=\"2\"><\/a><span class=\"versanumer_2007\">2<\/span> H\u00fan \u00f3l honum Simran, Joksan, Medan, Mid\u00edan, J\u00edsbak og S\u00faa.<br \/>\n<a name=\"3\"><\/a><span class=\"versanumer_2007\">3<\/span> Joksan gat S\u00e9ba og Dedan.<br \/>\nSynir Dedans voru Ass\u00far\u00edtar, Let\u00fas\u00edtar og Le\u00famm\u00edtar.<br \/>\n<a name=\"4\"><\/a><span class=\"versanumer_2007\">4<\/span> Synir Mid\u00edans voru Efa, Efer, Henok, Ab\u00edda og Eldaa.<br \/>\n\u00deeir voru allir synir Ket\u00faru.<br \/>\n<a name=\"5\"><\/a><span class=\"versanumer_2007\">5<\/span> Abraham gaf \u00cdsak, syni s\u00ednum, allar eigur s\u00ednar <a name=\"6\"><\/a><span class=\"versanumer_2007\">6<\/span> en sonum \u00feeim sem hann \u00e1tti me\u00f0 hj\u00e1konum s\u00ednum gaf hann gjafir og sendi \u00fe\u00e1 s\u00ed\u00f0an, me\u00f0an hann var enn \u00e1 l\u00edfi, \u00ed austur\u00e1tt, til Austurlanda, sem lengst fr\u00e1 \u00cdsak syni s\u00ednum.<\/p>\n<h3 class=\"millifyrirsogn_2007\">Abraham andast og er grafinn \u00ed Hebron<\/h3>\n<p><a name=\"7\"><\/a><span class=\"versanumer_2007\">7<\/span> \u00c6vidagar Abrahams ur\u00f0u hundra\u00f0 sj\u00f6t\u00edu og fimm \u00e1r. <a name=\"8\"><\/a><span class=\"versanumer_2007\">8<\/span> \u00de\u00e1 gaf Abraham upp andann. Hann d\u00f3 \u00ed h\u00e1rri elli, gamall og saddur l\u00edfdaga og safna\u00f0ist til fe\u00f0ra sinna. <a name=\"9\"><\/a><span class=\"versanumer_2007\">9<\/span> \u00cdsak og \u00cdsmael, synir hans, gr\u00f3fu hann \u00ed Makpelahelli, \u00ed landareign Het\u00edtans Efrons S\u00f3harssonar sem er gegnt Mamre, <a name=\"10\"><\/a><span class=\"versanumer_2007\">10<\/span> landareigninni sem Abraham keypti af Het\u00edtum. \u00dear var Abraham grafinn vi\u00f0 hli\u00f0 S\u00f6ru konu sinnar. <a name=\"11\"><\/a><span class=\"versanumer_2007\">11<\/span> Eftir dau\u00f0a Abrahams blessa\u00f0i Gu\u00f0 \u00cdsak son hans. Og \u00cdsak settist a\u00f0 hj\u00e1 brunninum Lahaj-ro\u00ed.<\/p>\n<h3 class=\"millifyrirsogn_2007\">\u00c6ttartala \u00cdsmaels<\/h3>\n<p><a name=\"12\"><\/a><span class=\"versanumer_2007\">12<\/span> \u00deetta er \u00e6ttartala \u00cdsmaels Abrahamssonar sem Hagar, hin egypska amb\u00e1tt S\u00f6ru, f\u00e6ddi honum. <a name=\"13\"><\/a><span class=\"versanumer_2007\">13<\/span> Og \u00feessi eru n\u00f6fn sona \u00cdsmaels eftir n\u00f6fnum \u00feeirra og aldri.<br \/>\nFrumbur\u00f0ur \u00cdsmaels var Nebaj\u00f3t. \u00de\u00e1 Kedar, Adbeel, M\u00edbsam, <a name=\"14\"><\/a><span class=\"versanumer_2007\">14<\/span> Misma, D\u00fama, Massa, <a name=\"15\"><\/a><span class=\"versanumer_2007\">15<\/span> Hadar, Tema, Jet\u00far, Nafis og Kedma.<br \/>\n<a name=\"16\"><\/a><span class=\"versanumer_2007\">16<\/span> \u00deessir menn voru synir \u00cdsmaels og \u00feetta n\u00f6fn \u00feeirra eftir landsv\u00e6\u00f0um \u00feeirra og tjaldb\u00fa\u00f0um, t\u00f3lf h\u00f6f\u00f0ingjar t\u00f3lf \u00e6ttflokka. <a name=\"17\"><\/a><span class=\"versanumer_2007\">17<\/span> \u00c6vi\u00e1r \u00cdsmaels ur\u00f0u hundra\u00f0 \u00ferj\u00e1t\u00edu og sj\u00f6. \u00de\u00e1 gaf hann upp andann og d\u00f3 og safna\u00f0ist til s\u00edns f\u00f3lks. <a name=\"18\"><\/a><span class=\"versanumer_2007\">18<\/span> Ni\u00f0jar hans t\u00f3ku s\u00e9r b\u00f3lfestu fr\u00e1 Hav\u00edla til S\u00far, sem er fyrir austan Egyptaland, og allt til Ass\u00far\u00edta. \u00deeir settust a\u00f0 gegnt fr\u00e6ndum s\u00ednum.<\/p>\n<h3 class=\"millifyrirsogn_2007\">F\u00e6\u00f0ing Esa\u00fa og Jakobs<\/h3>\n<p><a name=\"19\"><\/a><span class=\"versanumer_2007\">19<\/span> \u00deetta er saga \u00cdsaks Abrahamssonar: Abraham gat \u00cdsak. <a name=\"20\"><\/a><span class=\"versanumer_2007\">20<\/span> \u00cdsak var fertugur \u00feegar hann gekk a\u00f0 eiga Rebekku, d\u00f3ttur Bet\u00faels hins arame\u00edska fr\u00e1 Paddanaram, systur Labans hins arame\u00edska. <a name=\"21\"><\/a><span class=\"versanumer_2007\">21<\/span> \u00cdsak ba\u00f0 til Drottins fyrir konu sinni \u00fev\u00ed a\u00f0 h\u00fan var \u00f3byrja og Drottinn b\u00e6nheyr\u00f0i hann. Rebekka kona hans var\u00f0 \u00feungu\u00f0.<br \/>\n<a name=\"22\"><\/a><span class=\"versanumer_2007\">22<\/span> B\u00f6rnin sp\u00f6rku\u00f0ust \u00e1 \u00ed kvi\u00f0i hennar og h\u00fan m\u00e6lti: \u201e\u00dar \u00fev\u00ed a\u00f0 \u00feetta er svona, hva\u00f0 ver\u00f0ur \u00fe\u00e1 um mig?\u201c Og h\u00fan f\u00f3r a\u00f0 leita svars hj\u00e1 Drottni. <a name=\"23\"><\/a><span class=\"versanumer_2007\">23<\/span> Drottinn svara\u00f0i henni:<br \/>\n<span class=\"ljodatexti\"> Tv\u00e6r \u00fej\u00f3\u00f0ir eru \u00ed m\u00f3\u00f0url\u00edfi \u00fe\u00ednu<br \/>\nog tveir \u00fej\u00f3\u00f0flokkar skulu fram ganga \u00far skauti \u00fe\u00ednu.<br \/>\nAnnar skal vera hinum sterkari<br \/>\nog hinn eldri mun \u00fej\u00f3na hinum yngri. <\/span><br \/>\n<a name=\"24\"><\/a><span class=\"versanumer_2007\">24<\/span> \u00deegar s\u00e1 t\u00edmi kom er h\u00fan skyldi f\u00e6\u00f0a voru tv\u00edburar \u00ed kvi\u00f0i hennar. <a name=\"25\"><\/a><span class=\"versanumer_2007\">25<\/span> \u00deegar hinn fyrri kom \u00ed lj\u00f3s var hann rau\u00f0ur og allur sem lo\u00f0feldur og var hann nefndur Esa\u00fa. <a name=\"26\"><\/a><span class=\"versanumer_2007\">26<\/span> \u00dev\u00ed n\u00e6st kom br\u00f3\u00f0ir hans og h\u00e9lt hann fast um h\u00e6l Esa\u00fa. Menn nefndu hann \u00fev\u00ed Jakob. <span class=\"nedan_mal\" title=\" Jakob: h\u00e6lhaldari.\">[<\/span> \u00cdsak var sextugur er \u00feeir f\u00e6ddust.<\/p>\n<h3 class=\"millifyrirsogn_2007\">Esa\u00fa selur frumbur\u00f0arr\u00e9ttinn<\/h3>\n<p><a name=\"27\"><\/a><span class=\"versanumer_2007\">27<\/span> Sveinarnir ur\u00f0u fullvaxta og ger\u00f0ist Esa\u00fa slyngur vei\u00f0ima\u00f0ur og haf\u00f0ist vi\u00f0 \u00e1 hei\u00f0um en Jakob var g\u00e6flyndur og h\u00e9lt sig vi\u00f0 tj\u00f6ldin. <a name=\"28\"><\/a><span class=\"versanumer_2007\">28<\/span> \u00cdsak elska\u00f0i Esa\u00fa \u00fev\u00ed a\u00f0 honum \u00fe\u00f3tti villibr\u00e1\u00f0 g\u00f3\u00f0 en Rebekka elska\u00f0i Jakob.<br \/>\n<a name=\"29\"><\/a><span class=\"versanumer_2007\">29<\/span> Einhverju sinni var Jakob a\u00f0 sj\u00f3\u00f0a mat. Kom \u00fe\u00e1 Esa\u00fa ofan af hei\u00f0um og var \u00f6r\u00fereyttur. <a name=\"30\"><\/a><span class=\"versanumer_2007\">30<\/span> Og Esa\u00fa sag\u00f0i vi\u00f0 Jakob: \u201eGef\u00f0u m\u00e9r strax \u00feetta rau\u00f0a, \u00feetta rau\u00f0a \u00fearna, \u00fev\u00ed a\u00f0 \u00e9g er dau\u00f0\u00fereyttur.\u201c<br \/>\nAf \u00feessum s\u00f6kum var hann kalla\u00f0ur Ed\u00f3m.<br \/>\n<a name=\"31\"><\/a><span class=\"versanumer_2007\">31<\/span> \u00de\u00e1 m\u00e6lti Jakob: \u201eSeldu m\u00e9r \u00fe\u00e1 strax frumbur\u00f0arr\u00e9tt \u00feinn.\u201c <a name=\"32\"><\/a><span class=\"versanumer_2007\">32<\/span> Og Esa\u00fa svara\u00f0i: \u201eH\u00e9r er \u00e9g a\u00f0 dau\u00f0a kominn. Hvers vir\u00f0i er m\u00e9r \u00fe\u00e1 frumbur\u00f0arr\u00e9tturinn?\u201c<br \/>\n<a name=\"33\"><\/a><span class=\"versanumer_2007\">33<\/span> Jakob sag\u00f0i: \u201eSver\u00f0u m\u00e9r ei\u00f0 strax.\u201c<br \/>\nOg Esa\u00fa s\u00f3r honum ei\u00f0 og seldi Jakobi frumbur\u00f0arr\u00e9tt sinn.<br \/>\n<a name=\"34\"><\/a><span class=\"versanumer_2007\">34<\/span> Jakob gaf Esa\u00fa \u00fe\u00e1 brau\u00f0 og baunak\u00e1ssu og hann \u00e1t og drakk, st\u00f3\u00f0 \u00e1 f\u00e6tur og h\u00e9lt s\u00edna lei\u00f0. \u00deannig \u00f3virti Esa\u00fa frumbur\u00f0arr\u00e9ttinn.<\/p>\n","protected":false},"excerpt":{"rendered":"<p>Ni\u00f0jar Abrahams 1 Abraham t\u00f3k s\u00e9r a\u00f0ra konu og h\u00e9t h\u00fan Ket\u00fara. 2 H\u00fan \u00f3l honum Simran, Joksan, Medan, Mid\u00edan, J\u00edsbak og S\u00faa. 3 Joksan gat S\u00e9ba og Dedan. Synir Dedans voru Ass\u00far\u00edtar, Let\u00fas\u00edtar og Le\u00famm\u00edtar. 4 Synir Mid\u00edans voru Efa, Efer, Henok, Ab\u00edda og Eldaa. \u00deeir voru allir synir Ket\u00faru. 5 Abraham gaf \u00cdsak, syni s\u00ednum, allar eigur s\u00ednar 6 en sonum \u00feeim sem hann \u00e1tti me\u00f0 hj\u00e1konum s\u00ednum gaf hann gjafir og sendi \u00fe\u00e1 s\u00ed\u00f0an, me\u00f0an hann var enn \u00e1 l\u00edfi, \u00ed austur\u00e1tt, til Austurlanda, sem lengst fr\u00e1 \u00cdsak syni s\u00ednum. Abraham andast og er grafinn \u00ed Hebron <a href=\"https:\/\/biblian.is\/biblian\/fyrsta-mosebok-25-kafli\/\"> [&#8230;]<\/a><\/p>\n","protected":false},"author":1,"featured_media":0,"parent":0,"menu_order":0,"comment_status":"open","ping_status":"open","template":"bibliukaflar_NT.php","meta":{"footnotes":""},"class_list":["post-1642","page","type-page","status-publish","hentry"],"_links":{"self":[{"href":"https:\/\/biblian.is\/biblian\/wp-json\/wp\/v2\/pages\/1642","targetHints":{"allow":["GET"]}}],"collection":[{"href":"https:\/\/biblian.is\/biblian\/wp-json\/wp\/v2\/pages"}],"about":[{"href":"https:\/\/biblian.is\/biblian\/wp-json\/wp\/v2\/types\/page"}],"author":[{"embeddable":true,"href":"https:\/\/biblian.is\/biblian\/wp-json\/wp\/v2\/users\/1"}],"replies":[{"embeddable":true,"href":"https:\/\/biblian.is\/biblian\/wp-json\/wp\/v2\/comments?post=1642"}],"version-history":[{"count":0,"href":"https:\/\/biblian.is\/biblian\/wp-json\/wp\/v2\/pages\/1642\/revisions"}],"wp:attachment":[{"href":"https:\/\/biblian.is\/biblian\/wp-json\/wp\/v2\/media?parent=1642"}],"curies":[{"name":"wp","href":"https:\/\/api.w.org\/{rel}","templated":true}]}}