{"id":1640,"date":"2017-12-30T20:59:50","date_gmt":"2017-12-30T20:59:50","guid":{"rendered":"http:\/\/biblian.is\/biblian\/fyrsta-m%c2%97seb%c2%97k-23-kafli\/"},"modified":"2022-12-16T13:42:52","modified_gmt":"2022-12-16T13:42:52","slug":"fyrsta-mosebok-23-kafli","status":"publish","type":"page","link":"https:\/\/biblian.is\/biblian\/fyrsta-mosebok-23-kafli\/","title":{"rendered":"Fyrsta M\u00f3seb\u00f3k 23. kafli"},"content":{"rendered":"<h3 class=\"millifyrirsogn_2007\">Sara andast. Abraham kaupir henni legsta\u00f0<\/h3>\n<p><a name=\"1\"><\/a><span class=\"versanumer_2007\">1<\/span> Sara lif\u00f0i hundra\u00f0 tuttugu og sj\u00f6 \u00e1r. Svo m\u00f6rg ur\u00f0u hennar \u00e6vi\u00e1r. <a name=\"2\"><\/a><span class=\"versanumer_2007\">2<\/span> Sara d\u00f3 \u00ed Kirjat Arba, \u00fea\u00f0 er \u00ed Hebron \u00ed Kanaanslandi, og h\u00f3f Abraham \u00fe\u00e1 a\u00f0 flytja l\u00edks\u00f6ng og syrgja hana. <a name=\"3\"><\/a><span class=\"versanumer_2007\">3<\/span> S\u00ed\u00f0an reis Abraham upp fr\u00e1 hinni l\u00e1tnu og kom a\u00f0 m\u00e1li vi\u00f0 Het\u00edtana og sag\u00f0i: <a name=\"4\"><\/a><span class=\"versanumer_2007\">4<\/span> \u201e\u00c9g dvelst me\u00f0al ykkar sem landlaus a\u00f0komuma\u00f0ur. L\u00e1ti\u00f0 mig f\u00e1 legsta\u00f0 til eignar svo a\u00f0 \u00e9g geti jar\u00f0sett hina l\u00e1tnu.\u201c<br \/>\n<a name=\"5\"><\/a><span class=\"versanumer_2007\">5<\/span> Het\u00edtar sv\u00f6ru\u00f0u Abraham og s\u00f6g\u00f0u: <a name=\"6\"><\/a><span class=\"versanumer_2007\">6<\/span> \u201eHl\u00fd\u00f0 \u00e1, herra minn. \u00de\u00fa ert Gu\u00f0s h\u00f6f\u00f0ingi \u00e1 me\u00f0al okkar! Jar\u00f0set \u00fe\u00fa \u00fe\u00edna l\u00e1tnu \u00ed hinum besta af grafreitum okkar. Enginn okkar mun meina \u00fe\u00e9r a\u00f0 greftra \u00fe\u00edna l\u00e1tnu \u00ed legsta\u00f0 s\u00ednum.\u201c<br \/>\n<a name=\"7\"><\/a><span class=\"versanumer_2007\">7<\/span> \u00de\u00e1 reis Abraham \u00e1 f\u00e6tur og laut landsl\u00fd\u00f0num, Het\u00edtunum, dj\u00fapt <a name=\"8\"><\/a><span class=\"versanumer_2007\">8<\/span> og m\u00e6lti til \u00feeirra: \u201eEf \u00fea\u00f0 er vilji ykkar a\u00f0 \u00e9g f\u00e1i greftra\u00f0 hina l\u00e1tnu, \u00fe\u00e1 hl\u00fd\u00f0i\u00f0 \u00e1. Tali\u00f0 m\u00e1li m\u00ednu vi\u00f0 Efron S\u00f3arsson, <a name=\"9\"><\/a><span class=\"versanumer_2007\">9<\/span> a\u00f0 hann selji m\u00e9r Makpelahelli sem hann \u00e1 og er \u00ed \u00fatja\u00f0ri landareignar hans. Fyrir fullt ver\u00f0 skal hann selja m\u00e9r hann sem grafreit mitt \u00e1 me\u00f0al ykkar.\u201c<br \/>\n<a name=\"10\"><\/a><span class=\"versanumer_2007\">10<\/span> Efron sat me\u00f0al Het\u00edtanna. Het\u00edtinn Efron svara\u00f0i Abraham \u00ed \u00e1heyrn Het\u00edtanna, allra samborgara sinna, og m\u00e6lti: <a name=\"11\"><\/a><span class=\"versanumer_2007\">11<\/span> \u201eNei, herra minn. Hl\u00fd\u00f0 n\u00fa \u00e1 mig. \u00c9g gef \u00fe\u00e9r akurinn og hellinn sem \u00fear er. \u00c9g gef \u00fe\u00e9r hann \u00ed augs\u00fdn samlanda minna. Greftra \u00fe\u00fa hina l\u00e1tnu.\u201c<br \/>\n<a name=\"12\"><\/a><span class=\"versanumer_2007\">12<\/span> \u00de\u00e1 laut Abraham landsl\u00fd\u00f0num dj\u00fapt <a name=\"13\"><\/a><span class=\"versanumer_2007\">13<\/span> og m\u00e6lti til Efrons \u00ed \u00e1heyrn alls l\u00fd\u00f0sins: \u201e\u00c9g bi\u00f0 \u00feig a\u00f0 hl\u00fd\u00f0a \u00e1 mig. \u00c9g grei\u00f0i ver\u00f0 akursins. Tak vi\u00f0 \u00fev\u00ed af m\u00e9r svo \u00e9g geti greftra\u00f0 hina l\u00e1tnu \u00fear.\u201c<br \/>\n<a name=\"14\"><\/a><span class=\"versanumer_2007\">14<\/span> \u00de\u00e1 svara\u00f0i Efron Abraham og sag\u00f0i vi\u00f0 hann: <a name=\"15\"><\/a><span class=\"versanumer_2007\">15<\/span> \u201eHerra minn, hl\u00fd\u00f0 \u00e1 mig. Landi\u00f0 er fj\u00f6gur hundru\u00f0 silfursikla vir\u00f0i. Hva\u00f0 er \u00fea\u00f0 okkar \u00e1 milli? Greftra \u00fe\u00fa \u00fe\u00edna l\u00e1tnu.\u201c<br \/>\n<a name=\"16\"><\/a><span class=\"versanumer_2007\">16<\/span> Abraham hl\u00fdddi \u00e1 m\u00e1l Efrons og reiddi fram ver\u00f0i\u00f0 sem hann haf\u00f0i nefnt \u00ed \u00e1heyrn Het\u00edtanna, fj\u00f6gur hundru\u00f0 silfursikla \u00e1 gangver\u00f0i kaupmanna. <a name=\"17\"><\/a><span class=\"versanumer_2007\">17<\/span> \u00deannig var landareign Efrons \u00ed Makpela n\u00e1l\u00e6gt Mamre, b\u00e6\u00f0i landareignin og hellirinn, sem \u00fear er, og \u00f6ll tr\u00e9 sem eru \u00ed landareigninni umhverfis, <a name=\"18\"><\/a><span class=\"versanumer_2007\">18<\/span> fest Abraham til eignar \u00ed augs\u00fdn Het\u00edtanna, samborgara hans.<br \/>\n<a name=\"19\"><\/a><span class=\"versanumer_2007\">19<\/span> Eftir \u00fea\u00f0 jar\u00f0setti Abraham S\u00f6ru konu s\u00edna \u00ed hellinum \u00e1 Makpelaakri gegnt Mamre, sem n\u00fa heitir Hebron, \u00ed Kanaanslandi. <a name=\"20\"><\/a><span class=\"versanumer_2007\">20<\/span> \u00deannig var landareignin og hellirinn, sem \u00fear er, fest Abraham til eignar sem grafreitur \u00far hendi Het\u00edta.<\/p>\n","protected":false},"excerpt":{"rendered":"<p>Sara andast. Abraham kaupir henni legsta\u00f0 1 Sara lif\u00f0i hundra\u00f0 tuttugu og sj\u00f6 \u00e1r. Svo m\u00f6rg ur\u00f0u hennar \u00e6vi\u00e1r. 2 Sara d\u00f3 \u00ed Kirjat Arba, \u00fea\u00f0 er \u00ed Hebron \u00ed Kanaanslandi, og h\u00f3f Abraham \u00fe\u00e1 a\u00f0 flytja l\u00edks\u00f6ng og syrgja hana. 3 S\u00ed\u00f0an reis Abraham upp fr\u00e1 hinni l\u00e1tnu og kom a\u00f0 m\u00e1li vi\u00f0 Het\u00edtana og sag\u00f0i: 4 \u201e\u00c9g dvelst me\u00f0al ykkar sem landlaus a\u00f0komuma\u00f0ur. L\u00e1ti\u00f0 mig f\u00e1 legsta\u00f0 til eignar svo a\u00f0 \u00e9g geti jar\u00f0sett hina l\u00e1tnu.\u201c 5 Het\u00edtar sv\u00f6ru\u00f0u Abraham og s\u00f6g\u00f0u: 6 \u201eHl\u00fd\u00f0 \u00e1, herra minn. \u00de\u00fa ert Gu\u00f0s h\u00f6f\u00f0ingi \u00e1 me\u00f0al okkar! Jar\u00f0set \u00fe\u00fa \u00fe\u00edna l\u00e1tnu <a href=\"https:\/\/biblian.is\/biblian\/fyrsta-mosebok-23-kafli\/\"> [&#8230;]<\/a><\/p>\n","protected":false},"author":1,"featured_media":0,"parent":0,"menu_order":0,"comment_status":"open","ping_status":"open","template":"bibliukaflar_NT.php","meta":{"footnotes":""},"class_list":["post-1640","page","type-page","status-publish","hentry"],"_links":{"self":[{"href":"https:\/\/biblian.is\/biblian\/wp-json\/wp\/v2\/pages\/1640","targetHints":{"allow":["GET"]}}],"collection":[{"href":"https:\/\/biblian.is\/biblian\/wp-json\/wp\/v2\/pages"}],"about":[{"href":"https:\/\/biblian.is\/biblian\/wp-json\/wp\/v2\/types\/page"}],"author":[{"embeddable":true,"href":"https:\/\/biblian.is\/biblian\/wp-json\/wp\/v2\/users\/1"}],"replies":[{"embeddable":true,"href":"https:\/\/biblian.is\/biblian\/wp-json\/wp\/v2\/comments?post=1640"}],"version-history":[{"count":0,"href":"https:\/\/biblian.is\/biblian\/wp-json\/wp\/v2\/pages\/1640\/revisions"}],"wp:attachment":[{"href":"https:\/\/biblian.is\/biblian\/wp-json\/wp\/v2\/media?parent=1640"}],"curies":[{"name":"wp","href":"https:\/\/api.w.org\/{rel}","templated":true}]}}