{"id":1637,"date":"2017-12-30T20:59:45","date_gmt":"2017-12-30T20:59:45","guid":{"rendered":"http:\/\/biblian.is\/biblian\/fyrsta-m%c2%97seb%c2%97k-20-kafli\/"},"modified":"2022-12-16T13:42:51","modified_gmt":"2022-12-16T13:42:51","slug":"fyrsta-mosebok-20-kafli","status":"publish","type":"page","link":"https:\/\/biblian.is\/biblian\/fyrsta-mosebok-20-kafli\/","title":{"rendered":"Fyrsta M\u00f3seb\u00f3k 20. kafli"},"content":{"rendered":"<h3 class=\"millifyrirsogn_2007\">Ab\u00edmelek og Abraham<\/h3>\n<p><a name=\"1\"><\/a><span class=\"versanumer_2007\">1<\/span> Abraham t\u00f3k sig upp \u00fea\u00f0an og h\u00e9lt su\u00f0ur til Negeb. Hann bj\u00f3 milli Kades og S\u00far og dvaldist \u00ed Gerar sem a\u00f0komuma\u00f0ur. <a name=\"2\"><\/a><span class=\"versanumer_2007\">2<\/span> En Abraham sag\u00f0i S\u00f6ru konu s\u00edna vera systur s\u00edna. \u00de\u00e1 sendi Ab\u00edmelek, konungur \u00ed Gerar, menn eftir S\u00f6ru. <a name=\"3\"><\/a><span class=\"versanumer_2007\">3<\/span> En Gu\u00f0 birtist Ab\u00edmelek \u00ed draumi um n\u00f3ttina og sag\u00f0i vi\u00f0 hann: \u201e\u00de\u00fa ert dau\u00f0ans matur vegna konunnar sem \u00fe\u00fa hefur teki\u00f0 til \u00fe\u00edn. H\u00fan \u00e1 s\u00e9r eiginmann.\u201c<br \/>\n<a name=\"4\"><\/a><span class=\"versanumer_2007\">4<\/span> Ab\u00edmelek haf\u00f0i ekki komi\u00f0 n\u00e1l\u00e6gt henni og m\u00e6lti: \u201eDrottinn, dey\u00f0ir \u00fe\u00fa f\u00f3lk \u00fe\u00f3tt \u00fea\u00f0 s\u00e9 r\u00e9ttl\u00e1tt? <a name=\"5\"><\/a><span class=\"versanumer_2007\">5<\/span> Hann sag\u00f0i sj\u00e1lfur vi\u00f0 mig a\u00f0 h\u00fan v\u00e6ri systir s\u00edn og h\u00fan sag\u00f0i einnig: Hann er br\u00f3\u00f0ir minn. \u00c9g hef gert \u00feetta af einl\u00e6gu hjarta og me\u00f0 hreinar hendur.\u201c<br \/>\n<a name=\"6\"><\/a><span class=\"versanumer_2007\">6<\/span> Og Gu\u00f0 sag\u00f0i vi\u00f0 hann \u00ed draumnum: \u201e\u00c9g vissi vel a\u00f0 \u00fe\u00fa ger\u00f0ir \u00feetta \u00ed einl\u00e6gni hjartans og \u00e9g for\u00f0a\u00f0i \u00fe\u00e9r meira a\u00f0 segja fr\u00e1 \u00fev\u00ed a\u00f0 syndga gegn m\u00e9r. \u00deess vegna leyf\u00f0i \u00e9g \u00fe\u00e9r ekki a\u00f0 snerta hana. <a name=\"7\"><\/a><span class=\"versanumer_2007\">7<\/span> N\u00fa skaltu f\u00e1 manninum aftur konu s\u00edna \u00fev\u00ed a\u00f0 hann er sp\u00e1ma\u00f0ur og mun bi\u00f0ja fyrir \u00fe\u00e9r, a\u00f0 \u00fe\u00fa haldir l\u00edfi. En vita skaltu a\u00f0 skilir \u00fe\u00fa henni ekki aftur muntu deyja og allt sem \u00feitt er.\u201c<br \/>\n<a name=\"8\"><\/a><span class=\"versanumer_2007\">8<\/span> \u00deegar Ab\u00edmelek f\u00f3r \u00e1 f\u00e6tur um morguninn kalla\u00f0i hann fyrir sig alla r\u00e1\u00f0gjafa s\u00edna og sk\u00fdr\u00f0i \u00feeim gerla fr\u00e1 atbur\u00f0um n\u00e6turinnar og ur\u00f0u \u00feeir mj\u00f6g \u00f3ttaslegnir. <a name=\"9\"><\/a><span class=\"versanumer_2007\">9<\/span> \u00de\u00e1 kalla\u00f0i Ab\u00edmelek Abraham fyrir sig og sag\u00f0i vi\u00f0 hann: \u201eHva\u00f0 hefur\u00f0u gert okkur? Hva\u00f0 hef \u00e9g misgert vi\u00f0 \u00feig a\u00f0 \u00fe\u00fa skyldir lei\u00f0a svo mikla synd yfir mig og r\u00edki mitt? \u00de\u00fa hefur gert \u00fea\u00f0 vi\u00f0 mig sem menn gera ekki.\u201c <a name=\"10\"><\/a><span class=\"versanumer_2007\">10<\/span> Og Ab\u00edmelek sag\u00f0i enn fremur vi\u00f0 Abraham: \u201eHva\u00f0 gekk \u00fe\u00e9r til a\u00f0 gera \u00feetta?\u201c<br \/>\n<a name=\"11\"><\/a><span class=\"versanumer_2007\">11<\/span> Abraham svara\u00f0i: \u201e\u00c9g hugsa\u00f0i a\u00f0eins sem svo: \u00dea\u00f0 er enginn gu\u00f0s\u00f3tti \u00e1 \u00feessum sta\u00f0. \u00deeir munu drepa mig vegna konu minnar. <a name=\"12\"><\/a><span class=\"versanumer_2007\">12<\/span> \u00dear a\u00f0 auki er h\u00fan vissulega systir m\u00edn. H\u00fan er d\u00f3ttir f\u00f6\u00f0ur m\u00edns \u00fe\u00f3tt vi\u00f0 eigum ekki s\u00f6mu m\u00f3\u00f0ur. Og h\u00fan var\u00f0 kona m\u00edn. <a name=\"13\"><\/a><span class=\"versanumer_2007\">13<\/span> Og \u00feegar Gu\u00f0 l\u00e9t mig fara \u00far f\u00f6\u00f0urh\u00fasum og reika um sag\u00f0i \u00e9g vi\u00f0 hana: \u00deetta er k\u00e6rleiksverki\u00f0 sem \u00fe\u00fa skalt gera vi\u00f0 mig: Hvar sem vi\u00f0 komum skaltu segja um mig: Hann er br\u00f3\u00f0ir minn.\u201c<br \/>\n<a name=\"14\"><\/a><span class=\"versanumer_2007\">14<\/span> \u00de\u00e1 t\u00f3k Ab\u00edmelek sau\u00f0i, naut, \u00fer\u00e6la og amb\u00e1ttir og gaf Abraham. Og hann skila\u00f0i honum S\u00f6ru konu hans. <a name=\"15\"><\/a><span class=\"versanumer_2007\">15<\/span> Og Ab\u00edmelek sag\u00f0i: \u201eH\u00e9r s\u00e9r\u00f0u land mitt fyrir augum \u00fe\u00e9r. \u00dear sem \u00fe\u00e9r finnst b\u00fas\u00e6ldarlegt skaltu setjast a\u00f0.\u201c<br \/>\n<a name=\"16\"><\/a><span class=\"versanumer_2007\">16<\/span> Og vi\u00f0 S\u00f6ru sag\u00f0i hann: \u201eH\u00e9r me\u00f0 gef \u00e9g br\u00f3\u00f0ur \u00fe\u00ednum \u00fe\u00fasund sikla silfurs. Gj\u00f6fin mun r\u00e9ttl\u00e6ta \u00feig \u00ed augum allra sem me\u00f0 \u00fe\u00e9r eru. \u00de\u00fa hefur a\u00f0 \u00f6llu leyti fengi\u00f0 uppreisn \u00e6ru.\u201c<br \/>\n<a name=\"17\"><\/a><span class=\"versanumer_2007\">17<\/span> Og Abraham ba\u00f0 til Gu\u00f0s fyrir Ab\u00edmelek og Gu\u00f0 l\u00e6kna\u00f0i Ab\u00edmelek, konu hans og amb\u00e1ttir og g\u00e1tu \u00fe\u00e6r f\u00e6tt <a name=\"18\"><\/a><span class=\"versanumer_2007\">18<\/span> en Drottinn haf\u00f0i loka\u00f0 s\u00e9rhverjum m\u00f3\u00f0urkvi\u00f0i \u00ed h\u00fasi Ab\u00edmeleks vegna S\u00f6ru, konu Abrahams.<\/p>\n","protected":false},"excerpt":{"rendered":"<p>Ab\u00edmelek og Abraham 1 Abraham t\u00f3k sig upp \u00fea\u00f0an og h\u00e9lt su\u00f0ur til Negeb. Hann bj\u00f3 milli Kades og S\u00far og dvaldist \u00ed Gerar sem a\u00f0komuma\u00f0ur. 2 En Abraham sag\u00f0i S\u00f6ru konu s\u00edna vera systur s\u00edna. \u00de\u00e1 sendi Ab\u00edmelek, konungur \u00ed Gerar, menn eftir S\u00f6ru. 3 En Gu\u00f0 birtist Ab\u00edmelek \u00ed draumi um n\u00f3ttina og sag\u00f0i vi\u00f0 hann: \u201e\u00de\u00fa ert dau\u00f0ans matur vegna konunnar sem \u00fe\u00fa hefur teki\u00f0 til \u00fe\u00edn. H\u00fan \u00e1 s\u00e9r eiginmann.\u201c 4 Ab\u00edmelek haf\u00f0i ekki komi\u00f0 n\u00e1l\u00e6gt henni og m\u00e6lti: \u201eDrottinn, dey\u00f0ir \u00fe\u00fa f\u00f3lk \u00fe\u00f3tt \u00fea\u00f0 s\u00e9 r\u00e9ttl\u00e1tt? 5 Hann sag\u00f0i sj\u00e1lfur vi\u00f0 mig a\u00f0 h\u00fan v\u00e6ri <a href=\"https:\/\/biblian.is\/biblian\/fyrsta-mosebok-20-kafli\/\"> [&#8230;]<\/a><\/p>\n","protected":false},"author":1,"featured_media":0,"parent":0,"menu_order":0,"comment_status":"open","ping_status":"open","template":"bibliukaflar_NT.php","meta":{"footnotes":""},"class_list":["post-1637","page","type-page","status-publish","hentry"],"_links":{"self":[{"href":"https:\/\/biblian.is\/biblian\/wp-json\/wp\/v2\/pages\/1637","targetHints":{"allow":["GET"]}}],"collection":[{"href":"https:\/\/biblian.is\/biblian\/wp-json\/wp\/v2\/pages"}],"about":[{"href":"https:\/\/biblian.is\/biblian\/wp-json\/wp\/v2\/types\/page"}],"author":[{"embeddable":true,"href":"https:\/\/biblian.is\/biblian\/wp-json\/wp\/v2\/users\/1"}],"replies":[{"embeddable":true,"href":"https:\/\/biblian.is\/biblian\/wp-json\/wp\/v2\/comments?post=1637"}],"version-history":[{"count":0,"href":"https:\/\/biblian.is\/biblian\/wp-json\/wp\/v2\/pages\/1637\/revisions"}],"wp:attachment":[{"href":"https:\/\/biblian.is\/biblian\/wp-json\/wp\/v2\/media?parent=1637"}],"curies":[{"name":"wp","href":"https:\/\/api.w.org\/{rel}","templated":true}]}}