{"id":1632,"date":"2017-12-30T20:59:45","date_gmt":"2017-12-30T20:59:45","guid":{"rendered":"http:\/\/biblian.is\/biblian\/fyrsta-m%c2%97seb%c2%97k-15-kafli\/"},"modified":"2022-12-16T13:42:48","modified_gmt":"2022-12-16T13:42:48","slug":"fyrsta-mosebok-15-kafli","status":"publish","type":"page","link":"https:\/\/biblian.is\/biblian\/fyrsta-mosebok-15-kafli\/","title":{"rendered":"Fyrsta M\u00f3seb\u00f3k 15. kafli"},"content":{"rendered":"<h3 class=\"millifyrirsogn_2007\">S\u00e1ttm\u00e1li vi\u00f0 Abram<\/h3>\n<p><a name=\"1\"><\/a><span class=\"versanumer_2007\">1<\/span> Eftir \u00feessa atbur\u00f0i kom or\u00f0 Drottins til Abrams \u00ed s\u00fdn: \u201e\u00d3ttast \u00fe\u00fa ekki, Abram. \u00c9g er skj\u00f6ldur \u00feinn. Laun \u00fe\u00edn munu mj\u00f6g mikil ver\u00f0a.\u201c<br \/>\n<a name=\"2\"><\/a><span class=\"versanumer_2007\">2<\/span> Abram svara\u00f0i: \u201eDrottinn Gu\u00f0! Hva\u00f0 getur \u00fe\u00fa gefi\u00f0 m\u00e9r? \u00c9g fer h\u00e9\u00f0an barnlaus og erfingi h\u00fass m\u00edns ver\u00f0ur El\u00edeser fr\u00e1 Damaskus.\u201c <a name=\"3\"><\/a><span class=\"versanumer_2007\">3<\/span> Og enn fremur m\u00e6lti hann: \u201eSj\u00e1, \u00fe\u00fa hefur ekki gefi\u00f0 m\u00e9r neitt afkv\u00e6mi og h\u00faskarl minn mun erfa mig.\u201c<br \/>\n<a name=\"4\"><\/a><span class=\"versanumer_2007\">4<\/span> \u00de\u00e1 kom or\u00f0 Drottins aftur til Abrams: \u201eEkki mun hann erfa \u00feig heldur s\u00e1 sem af \u00fe\u00e9r mun getinn ver\u00f0a. Hann skal erfa \u00feig.\u201c<br \/>\n<a name=\"5\"><\/a><span class=\"versanumer_2007\">5<\/span> \u00de\u00e1 leiddi hann Abram \u00fat fyrir og m\u00e6lti: \u201eL\u00edttu til himins og teldu stj\u00f6rnurnar ef \u00fe\u00fa getur.\u201c Og hann sag\u00f0i: \u201eSvo margir munu ni\u00f0jar \u00fe\u00ednir ver\u00f0a.\u201c<br \/>\n<a name=\"6\"><\/a><span class=\"versanumer_2007\">6<\/span> Og Abram tr\u00fa\u00f0i Drottni og hann reikna\u00f0i honum \u00fea\u00f0 til r\u00e9ttl\u00e6tis.<br \/>\n<a name=\"7\"><\/a><span class=\"versanumer_2007\">7<\/span> Og Drottinn sag\u00f0i vi\u00f0 hann: \u201e\u00c9g er Drottinn sem leiddi \u00feig \u00fat fr\u00e1 \u00dar \u00ed Kaldeu til \u00feess a\u00f0 gefa \u00fe\u00e9r \u00feetta land til eignar.\u201c<br \/>\n<a name=\"8\"><\/a><span class=\"versanumer_2007\">8<\/span> Abram svara\u00f0i: \u201eDrottinn Gu\u00f0, hva\u00f0 hef \u00e9g til marks um a\u00f0 \u00e9g muni eignast \u00fea\u00f0?\u201c<br \/>\n<a name=\"9\"><\/a><span class=\"versanumer_2007\">9<\/span> Drottinn svara\u00f0i honum: \u201eF\u00e6r\u00f0u m\u00e9r \u00ferevetra kv\u00edgu, \u00ferevetra geit og \u00ferevetra hr\u00fat, turtild\u00fafu og d\u00fafuunga.\u201c<br \/>\n<a name=\"10\"><\/a><span class=\"versanumer_2007\">10<\/span> Hann f\u00e6r\u00f0i honum \u00f6ll \u00feessi d\u00fdr, hluta\u00f0i \u00feau sundur \u00ed mi\u00f0ju og lag\u00f0i hvern helminginn gegnt \u00f6\u00f0rum. En fuglana hluta\u00f0i hann ekki \u00ed tvennt. <a name=\"11\"><\/a><span class=\"versanumer_2007\">11<\/span> Flugu \u00fe\u00e1 hr\u00e6fuglar a\u00f0 \u00e6tinu en Abram f\u00e6ldi \u00fe\u00e1 burt.<br \/>\n<a name=\"12\"><\/a><span class=\"versanumer_2007\">12<\/span> Er s\u00f3l var a\u00f0 ganga til vi\u00f0ar lei\u00f0 \u00feungur svefnh\u00f6fgi \u00e1 Abram og \u00f3tti og myrk skelfing kom yfir hann.<br \/>\n<a name=\"13\"><\/a><span class=\"versanumer_2007\">13<\/span> \u00de\u00e1 sag\u00f0i Drottinn: \u201e\u00dea\u00f0 skaltu vita a\u00f0 ni\u00f0jar \u00fe\u00ednir munu lifa sem landlausir a\u00f0komumenn \u00ed landi sem \u00feeir eiga ekki. \u00deeir munu \u00fer\u00e6lka\u00f0ir ver\u00f0a og \u00fej\u00e1\u00f0ir \u00ed fj\u00f6gur hundru\u00f0 \u00e1r. <a name=\"14\"><\/a><span class=\"versanumer_2007\">14<\/span> En \u00e9g mun vissulega kve\u00f0a upp d\u00f3m yfir \u00fej\u00f3\u00f0inni sem \u00fer\u00e6lkar \u00fe\u00e1 og s\u00ed\u00f0ar munu \u00feeir \u00fea\u00f0an fara me\u00f0 mikinn fj\u00e1rhlut. <a name=\"15\"><\/a><span class=\"versanumer_2007\">15<\/span> Og \u00fe\u00fa munt safnast til fe\u00f0ra \u00feinna \u00ed fri\u00f0i og ver\u00f0a jar\u00f0a\u00f0ur \u00ed h\u00e1rri elli. <a name=\"16\"><\/a><span class=\"versanumer_2007\">16<\/span> \u00cd fj\u00f3r\u00f0a \u00e6ttli\u00f0 munu \u00feeir sn\u00faa hinga\u00f0 aftur \u00fev\u00ed a\u00f0 enn hafa Amor\u00edtar ekki fyllt m\u00e6li sektar sinnar.\u201c<br \/>\n<a name=\"17\"><\/a><span class=\"versanumer_2007\">17<\/span> S\u00f3lin gekk til vi\u00f0ar og myrkur skall \u00e1. Kom \u00fe\u00e1 reykur sem \u00far ofni og eldslogi er lei\u00f0 fram \u00e1 milli f\u00f3rnarstykkjanna.<br \/>\n<a name=\"18\"><\/a><span class=\"versanumer_2007\">18<\/span> \u00c1 \u00feeim degi ger\u00f0i Drottinn s\u00e1ttm\u00e1la vi\u00f0 Abram og m\u00e6lti: \u201eNi\u00f0jum \u00fe\u00ednum gef \u00e9g \u00feetta land, fr\u00e1 Egyptalands\u00e1 til flj\u00f3tsins mikla, Efrats, <a name=\"19\"><\/a><span class=\"versanumer_2007\">19<\/span> land Ken\u00edta, Kenis\u00edta, Kadmon\u00edta, <a name=\"20\"><\/a><span class=\"versanumer_2007\">20<\/span> Het\u00edta, Peres\u00edta, Refa\u00edta, <a name=\"21\"><\/a><span class=\"versanumer_2007\">21<\/span> Amor\u00edta, Kanverja, G\u00edrgas\u00edta og Jeb\u00fas\u00edta.\u201c<\/p>\n","protected":false},"excerpt":{"rendered":"<p>S\u00e1ttm\u00e1li vi\u00f0 Abram 1 Eftir \u00feessa atbur\u00f0i kom or\u00f0 Drottins til Abrams \u00ed s\u00fdn: \u201e\u00d3ttast \u00fe\u00fa ekki, Abram. \u00c9g er skj\u00f6ldur \u00feinn. Laun \u00fe\u00edn munu mj\u00f6g mikil ver\u00f0a.\u201c 2 Abram svara\u00f0i: \u201eDrottinn Gu\u00f0! Hva\u00f0 getur \u00fe\u00fa gefi\u00f0 m\u00e9r? \u00c9g fer h\u00e9\u00f0an barnlaus og erfingi h\u00fass m\u00edns ver\u00f0ur El\u00edeser fr\u00e1 Damaskus.\u201c 3 Og enn fremur m\u00e6lti hann: \u201eSj\u00e1, \u00fe\u00fa hefur ekki gefi\u00f0 m\u00e9r neitt afkv\u00e6mi og h\u00faskarl minn mun erfa mig.\u201c 4 \u00de\u00e1 kom or\u00f0 Drottins aftur til Abrams: \u201eEkki mun hann erfa \u00feig heldur s\u00e1 sem af \u00fe\u00e9r mun getinn ver\u00f0a. Hann skal erfa \u00feig.\u201c 5 \u00de\u00e1 leiddi hann Abram <a href=\"https:\/\/biblian.is\/biblian\/fyrsta-mosebok-15-kafli\/\"> [&#8230;]<\/a><\/p>\n","protected":false},"author":1,"featured_media":0,"parent":0,"menu_order":0,"comment_status":"open","ping_status":"open","template":"bibliukaflar_NT.php","meta":{"footnotes":""},"class_list":["post-1632","page","type-page","status-publish","hentry"],"_links":{"self":[{"href":"https:\/\/biblian.is\/biblian\/wp-json\/wp\/v2\/pages\/1632","targetHints":{"allow":["GET"]}}],"collection":[{"href":"https:\/\/biblian.is\/biblian\/wp-json\/wp\/v2\/pages"}],"about":[{"href":"https:\/\/biblian.is\/biblian\/wp-json\/wp\/v2\/types\/page"}],"author":[{"embeddable":true,"href":"https:\/\/biblian.is\/biblian\/wp-json\/wp\/v2\/users\/1"}],"replies":[{"embeddable":true,"href":"https:\/\/biblian.is\/biblian\/wp-json\/wp\/v2\/comments?post=1632"}],"version-history":[{"count":0,"href":"https:\/\/biblian.is\/biblian\/wp-json\/wp\/v2\/pages\/1632\/revisions"}],"wp:attachment":[{"href":"https:\/\/biblian.is\/biblian\/wp-json\/wp\/v2\/media?parent=1632"}],"curies":[{"name":"wp","href":"https:\/\/api.w.org\/{rel}","templated":true}]}}