{"id":2530,"date":"2017-11-18T20:22:10","date_gmt":"2017-11-18T20:22:10","guid":{"rendered":"http:\/\/biblian.is\/1981\/opinberunarbokin-16-kafli\/"},"modified":"2021-06-06T11:04:26","modified_gmt":"2021-06-06T11:04:26","slug":"opinberunarbok-johannesar-16-kafli","status":"publish","type":"page","link":"https:\/\/biblian.is\/1981\/opinberunarbok-johannesar-16-kafli\/","title":{"rendered":"Opinberunarb\u00f3k J\u00f3hannesar 16. kafli"},"content":{"rendered":"<p><a name=\"1\"><span class=\"versanumer\">1<\/span><\/a>Og \u00e9g heyr\u00f0i raust mikla fr\u00e1 musterinu segja vi\u00f0 englana sj\u00f6: Fari\u00f0 og helli\u00f0 \u00far \u00feeim sj\u00f6 sk\u00e1lum Gu\u00f0s rei\u00f0i yfir j\u00f6r\u00f0ina.<a name=\"2\"><span class=\"versanumer\">2<\/span><\/a>Og hinn fyrsti f\u00f3r og hellti \u00far sinni sk\u00e1l \u00e1 j\u00f6r\u00f0ina. Og vond og illkynju\u00f0 kaun komu \u00e1 mennina, sem h\u00f6f\u00f0u merki d\u00fdrsins og tilb\u00e1\u00f0u l\u00edkneski \u00feess.<a name=\"3\"><span class=\"versanumer\">3<\/span><\/a>Og hinn annar hellti \u00far sinni sk\u00e1l \u00ed hafi\u00f0, og \u00fea\u00f0 var\u00f0 a\u00f0 bl\u00f3\u00f0i eins og bl\u00f3\u00f0 \u00far dau\u00f0um manni, og s\u00e9rhver lifandi s\u00e1l d\u00f3, s\u00fa er \u00ed hafinu var.<a name=\"4\"><span class=\"versanumer\">4<\/span><\/a>Og hinn \u00feri\u00f0ji hellti \u00far sinni sk\u00e1l \u00ed flj\u00f3tin og uppsprettur vatnanna og \u00fea\u00f0 var\u00f0 a\u00f0 bl\u00f3\u00f0i.<a name=\"5\"><span class=\"versanumer\">5<\/span><\/a>Og \u00e9g heyr\u00f0i engil vatnanna segja: R\u00e9ttl\u00e1tur ert \u00fe\u00fa, a\u00f0 \u00fe\u00fa hefur d\u00e6mt \u00feannig, \u00fe\u00fa sem ert og \u00fe\u00fa sem varst, \u00fe\u00fa hinn heilagi.<a name=\"6\"><span class=\"versanumer\">6<\/span><\/a>\u00deeir hafa \u00fathellt bl\u00f3\u00f0i heilagra og sp\u00e1manna, og \u00fev\u00ed hefur \u00fe\u00fa gefi\u00f0 \u00feeim bl\u00f3\u00f0 a\u00f0 drekka. Maklegir eru \u00feeir \u00feess.<a name=\"7\"><span class=\"versanumer\">7<\/span><\/a>Og \u00e9g heyr\u00f0i altari\u00f0 segja: J\u00e1, Drottinn Gu\u00f0, \u00fe\u00fa alvaldi, sannir og r\u00e9ttl\u00e1tir eru d\u00f3mar \u00fe\u00ednir.<a name=\"8\"><span class=\"versanumer\">8<\/span><\/a>Og hinn fj\u00f3r\u00f0i hellti \u00far sinni sk\u00e1l yfir s\u00f3lina. Og s\u00f3linni var gefi\u00f0 vald til a\u00f0 brenna mennina \u00ed eldi.<a name=\"9\"><span class=\"versanumer\">9<\/span><\/a>Og mennirnir stiknu\u00f0u \u00ed ofurhita og lastm\u00e6ltu nafni Gu\u00f0s, sem valdi\u00f0 hefur yfir pl\u00e1gum \u00feessum. Og ekki gj\u00f6r\u00f0u \u00feeir i\u00f0run, svo a\u00f0 \u00feeir g\u00e6fu honum d\u00fdr\u00f0ina.<a name=\"10\"><span class=\"versanumer\">10<\/span><\/a>Og hinn fimmti hellti \u00far sinni sk\u00e1l yfir h\u00e1s\u00e6ti d\u00fdrsins. Og r\u00edki \u00feess myrkva\u00f0ist, og menn bitu \u00ed tungur s\u00ednar af kv\u00f6l.<a name=\"11\"><span class=\"versanumer\">11<\/span><\/a>Og menn lastm\u00e6ltu Gu\u00f0i himinsins fyrir kvalirnar og fyrir kaun s\u00edn og eigi gj\u00f6r\u00f0u \u00feeir i\u00f0run og l\u00e9tu af verkum s\u00ednum.<a name=\"12\"><span class=\"versanumer\">12<\/span><\/a>Og hinn sj\u00f6tti hellti \u00far sinni sk\u00e1l yfir flj\u00f3ti\u00f0 mikla, Efrat. Og vatni\u00f0 \u00ed \u00fev\u00ed \u00feorna\u00f0i upp, svo a\u00f0 vegur yr\u00f0i b\u00fainn fyrir konungana, \u00fe\u00e1 er koma \u00far austri.<a name=\"13\"><span class=\"versanumer\">13<\/span><\/a>Og \u00e9g s\u00e1 koma \u00fat af munni drekans og munni d\u00fdrsins og munni falssp\u00e1mannsins \u00ferj\u00e1 \u00f3hreina anda, sem froskar v\u00e6ru,<a name=\"14\"><span class=\"versanumer\">14<\/span><\/a>\u00fev\u00ed a\u00f0 \u00feeir eru dj\u00f6fla andar, sem gj\u00f6ra t\u00e1kn. \u00deeir ganga \u00fat til konunga allrar heimsbygg\u00f0arinnar til a\u00f0 safna \u00feeim saman til str\u00ed\u00f0sins \u00e1 hinum mikla degi Gu\u00f0s hins alvalda.<a name=\"15\"><span class=\"versanumer\">15<\/span><\/a>Sj\u00e1, \u00e9g kem eins og \u00fej\u00f3fur. S\u00e6ll er s\u00e1 sem vakir og var\u00f0veitir kl\u00e6\u00f0i s\u00edn, til \u00feess a\u00f0 hann gangi ekki nakinn um og menn sj\u00e1i blyg\u00f0un hans.<a name=\"16\"><span class=\"versanumer\">16<\/span><\/a>Og \u00feeir s\u00f6fnu\u00f0u \u00feeim saman \u00e1 \u00feann sta\u00f0, sem \u00e1 hebresku kallast Harmaged\u00f3n.<a name=\"17\"><span class=\"versanumer\">17<\/span><\/a>Og hinn sj\u00f6undi hellti \u00far sinni sk\u00e1l yfir lofti\u00f0 og raust mikil kom \u00fat \u00far musterinu, fr\u00e1 h\u00e1s\u00e6tinu og sag\u00f0i: \u00dea\u00f0 er fram komi\u00f0.<a name=\"18\"><span class=\"versanumer\">18<\/span><\/a>Og eldingar komu og brestir og \u00ferumur og mikill landskj\u00e1lfti, svo a\u00f0 sl\u00edkur hefur eigi komi\u00f0 fr\u00e1 \u00fev\u00ed menn ur\u00f0u til \u00e1 j\u00f6r\u00f0unni. Svo mikill var s\u00e1 jar\u00f0skj\u00e1lfti.<a name=\"19\"><span class=\"versanumer\">19<\/span><\/a>Og borgin mikla f\u00f3r \u00ed \u00ferj\u00e1 hluta, og borgir \u00fej\u00f3\u00f0anna hrundu. Og Gu\u00f0 gleymdi ekki hinni miklu Bab\u00fdlon og gaf henni v\u00ednbikar heiftarrei\u00f0i sinnar.<a name=\"20\"><span class=\"versanumer\">20<\/span><\/a>Og allar eyjar hurfu og fj\u00f6llin voru ekki lengur til.<a name=\"21\"><span class=\"versanumer\">21<\/span><\/a>Og st\u00f3r h\u00f6gl, v\u00e6ttar\u00feung, f\u00e9llu ni\u00f0ur af himni yfir mennina. Og mennirnir lastm\u00e6ltu Gu\u00f0i fyrir haglpl\u00e1guna, \u00fev\u00ed a\u00f0 s\u00fa pl\u00e1ga var mikil.<\/p>\n<div class=\"footnote1981\"><b>16.1<\/b> Raust fr\u00e1 musterinu Jes 66.6; Opb 16.17<br \/>\n<b>16.2<\/b> Illkynju\u00f0 kaun 2M\u00f3s 9.10; 5M\u00f3s 28.35 \u2013 merki d\u00fdrsins Opb13.16+ &#8211; l\u00edkneski d\u00fdrsins Opb 13.8+<br \/>\n<b>16.3-4<\/b> Vatn breytist \u00ed bl\u00f3\u00f0 Opb 8.8+<br \/>\n<b>16.5<\/b> R\u00e9ttl\u00e1tur ert \u00fe\u00fa 5M\u00f3s 32.4; Slm 119.137; 145.17; Opb 15.3 \u2013 \u00fe\u00fa sem ert &#8230; Opb 1.4+<br \/>\n<b>16.6<\/b> Bl\u00f3\u00f0 heilagra og sp\u00e1manna Matt 23.35-37; Opb 17.6; 18.24; 19.2 \u2013 gefi\u00f0 \u00feeim bl\u00f3\u00f0 a\u00f0 drekka Jes 49.26<br \/>\n<b>16.7<\/b> P\u00edlsarvottarnir Opb 6.9+ &#8211; sannir d\u00f3mar Slm 19.10; 119.137; Opb 19.2<br \/>\n<b>16.10<\/b> Myrkvast 2M\u00f3s 10.21-22; Jes 8.21-22<br \/>\n<b>16.12<\/b> Flj\u00f3ti\u00f0 \u00feorna\u00f0i Jes 11.15; 44.27; Jer 50.38; 51.36<br \/>\n<b>16.15<\/b> Eins og \u00fej\u00f3fur Opb 3.3+<br \/>\n<b>16.18<\/b> Eldingar, \u00ferumur &#8230; Opb 4.5+<br \/>\n<b>16.19<\/b> Bikar rei\u00f0innar Opb 14.10+<br \/>\n<b>16.20<\/b> T\u00e1kn endalokanna Opb 6.12-14+<br \/>\n<b>16.21<\/b> H\u00f6gl 2M\u00f3s 9.24; Opb 11.19<\/div>\n","protected":false},"excerpt":{"rendered":"<p>1Og \u00e9g heyr\u00f0i raust mikla fr\u00e1 musterinu segja vi\u00f0 englana sj\u00f6: Fari\u00f0 og helli\u00f0 \u00far \u00feeim sj\u00f6 sk\u00e1lum Gu\u00f0s rei\u00f0i yfir j\u00f6r\u00f0ina.2Og hinn fyrsti f\u00f3r og hellti \u00far sinni sk\u00e1l \u00e1 j\u00f6r\u00f0ina. Og vond og illkynju\u00f0 kaun komu \u00e1 mennina, sem h\u00f6f\u00f0u merki d\u00fdrsins og tilb\u00e1\u00f0u l\u00edkneski \u00feess.3Og hinn annar hellti \u00far sinni sk\u00e1l \u00ed hafi\u00f0, og \u00fea\u00f0 var\u00f0 a\u00f0 bl\u00f3\u00f0i eins og bl\u00f3\u00f0 \u00far dau\u00f0um manni, og s\u00e9rhver lifandi s\u00e1l d\u00f3, s\u00fa er \u00ed hafinu var.4Og hinn \u00feri\u00f0ji hellti \u00far sinni sk\u00e1l \u00ed flj\u00f3tin og uppsprettur vatnanna og \u00fea\u00f0 var\u00f0 a\u00f0 bl\u00f3\u00f0i.5Og \u00e9g heyr\u00f0i engil vatnanna segja: R\u00e9ttl\u00e1tur ert <a href=\"https:\/\/biblian.is\/1981\/opinberunarbok-johannesar-16-kafli\/\"> [&#8230;]<\/a><\/p>\n","protected":false},"author":1,"featured_media":0,"parent":0,"menu_order":0,"comment_status":"open","ping_status":"open","template":"bibliukaflar.php","meta":{"footnotes":""},"class_list":["post-2530","page","type-page","status-publish","hentry"],"_links":{"self":[{"href":"https:\/\/biblian.is\/1981\/wp-json\/wp\/v2\/pages\/2530","targetHints":{"allow":["GET"]}}],"collection":[{"href":"https:\/\/biblian.is\/1981\/wp-json\/wp\/v2\/pages"}],"about":[{"href":"https:\/\/biblian.is\/1981\/wp-json\/wp\/v2\/types\/page"}],"author":[{"embeddable":true,"href":"https:\/\/biblian.is\/1981\/wp-json\/wp\/v2\/users\/1"}],"replies":[{"embeddable":true,"href":"https:\/\/biblian.is\/1981\/wp-json\/wp\/v2\/comments?post=2530"}],"version-history":[{"count":0,"href":"https:\/\/biblian.is\/1981\/wp-json\/wp\/v2\/pages\/2530\/revisions"}],"wp:attachment":[{"href":"https:\/\/biblian.is\/1981\/wp-json\/wp\/v2\/media?parent=2530"}],"curies":[{"name":"wp","href":"https:\/\/api.w.org\/{rel}","templated":true}]}}