{"id":2524,"date":"2017-11-18T20:22:06","date_gmt":"2017-11-18T20:22:06","guid":{"rendered":"http:\/\/biblian.is\/1981\/opinberunarbokin-10-kafli\/"},"modified":"2021-06-06T11:04:24","modified_gmt":"2021-06-06T11:04:24","slug":"opinberunarbok-johannesar-10-kafli","status":"publish","type":"page","link":"https:\/\/biblian.is\/1981\/opinberunarbok-johannesar-10-kafli\/","title":{"rendered":"Opinberunarb\u00f3k J\u00f3hannesar 10. kafli"},"content":{"rendered":"<p><a name=\"1\"><span class=\"versanumer\">1<\/span><\/a>Og \u00e9g s\u00e1 annan sterkan engil st\u00edga af himni ofan, hj\u00fapa\u00f0an sk\u00fdi. Regnboginn var yfir h\u00f6f\u00f0i honum og \u00e1sj\u00f3na hans var sem s\u00f3lin og f\u00e6tur hans sem eldst\u00f3lpar.<a name=\"2\"><span class=\"versanumer\">2<\/span><\/a>Hann haf\u00f0i \u00ed hendi s\u00e9r litla b\u00f3k opna. H\u00e6gra f\u00e6ti st\u00f3\u00f0 hann \u00e1 hafinu, en vinstra f\u00e6ti \u00e1 j\u00f6r\u00f0inni.<a name=\"3\"><span class=\"versanumer\">3<\/span><\/a>Hann kalla\u00f0i h\u00e1rri r\u00f6ddu, eins og \u00feegar lj\u00f3n \u00f6skrar. Er hann haf\u00f0i kalla\u00f0, t\u00f6lu\u00f0u \u00ferumurnar sj\u00f6 s\u00ednum raustum.<a name=\"4\"><span class=\"versanumer\">4<\/span><\/a>Og er \u00ferumurnar sj\u00f6 h\u00f6f\u00f0u tala\u00f0, \u00e6tla\u00f0i \u00e9g a\u00f0 fara a\u00f0 rita. \u00de\u00e1 heyr\u00f0i \u00e9g r\u00f6dd af himni, sem sag\u00f0i: Innsigla \u00fe\u00fa \u00fea\u00f0, sem \u00ferumurnar sj\u00f6 t\u00f6lu\u00f0u, og rita \u00fea\u00f0 ekki.<a name=\"5\"><span class=\"versanumer\">5<\/span><\/a>Og engillinn, sem \u00e9g s\u00e1 standa \u00e1 hafinu og \u00e1 j\u00f6r\u00f0inni, h\u00f3f upp h\u00e6gri h\u00f6nd s\u00edna til himins<a name=\"6\"><span class=\"versanumer\">6<\/span><\/a>og s\u00f3r vi\u00f0 \u00feann, sem lifir um aldir alda, hann sem himininn sk\u00f3p og \u00fea\u00f0 sem \u00ed honum er, j\u00f6r\u00f0ina og \u00fea\u00f0 sem \u00e1 henni er, og hafi\u00f0 og \u00fea\u00f0 sem \u00ed \u00fev\u00ed er: Enginn frestur skal lengur gefinn ver\u00f0a,<a name=\"7\"><span class=\"versanumer\">7<\/span><\/a>en \u00feegar kemur a\u00f0 r\u00f6dd sj\u00f6unda engilsins og hann fer a\u00f0 b\u00e1s\u00fana, mun fram koma leyndard\u00f3mur Gu\u00f0s, eins og hann haf\u00f0i bo\u00f0a\u00f0 \u00fej\u00f3num s\u00ednum, sp\u00e1m\u00f6nnunum.<a name=\"8\"><span class=\"versanumer\">8<\/span><\/a>Og r\u00f6ddina, sem \u00e9g heyr\u00f0i af himni, heyr\u00f0i \u00e9g aftur tala vi\u00f0 mig. H\u00fan sag\u00f0i: Far og tak opnu b\u00f3kina \u00far hendi engilsins, sem stendur \u00e1 hafinu og \u00e1 j\u00f6r\u00f0unni.<a name=\"9\"><span class=\"versanumer\">9<\/span><\/a>\u00c9g f\u00f3r til engilsins og ba\u00f0 hann a\u00f0 f\u00e1 m\u00e9r litlu b\u00f3kina. Og hann segir vi\u00f0 mig: Tak og et hana eins og h\u00fan er, h\u00fan mun ver\u00f0a beisk \u00ed kvi\u00f0i \u00fe\u00ednum, en \u00ed munni \u00fe\u00ednum mun h\u00fan ver\u00f0a s\u00e6t sem hunang.<a name=\"10\"><span class=\"versanumer\">10<\/span><\/a>\u00c9g t\u00f3k litlu b\u00f3kina \u00far hendi engilsins og \u00e1t hana upp, og \u00ed munni m\u00e9r var h\u00fan s\u00e6t sem hunang. En er \u00e9g haf\u00f0i eti\u00f0 hana, fann \u00e9g til beiskju \u00ed kvi\u00f0i m\u00ednum.<a name=\"11\"><span class=\"versanumer\">11<\/span><\/a>\u00de\u00e1 segja \u00feeir vi\u00f0 mig: Enn \u00e1tt \u00fe\u00fa a\u00f0 sp\u00e1 um marga l\u00fd\u00f0i og \u00fej\u00f3\u00f0ir og tungur og konunga.<\/p>\n<div class=\"footnote1981\"><b>10.2<\/b> Opin b\u00f3k Esk 2.8-3.3<br \/>\n<b>10.3<\/b> Lj\u00f3n \u00f6skrar H\u00f3s 11.10; Am 1.2; 3.8<br \/>\n<b>10.4<\/b> Geymdu me\u00f0 sj\u00e1lfum \u00fe\u00e9r Dan 8.26; 12.4,9; sbr Opb 22.10<br \/>\n<b>10.6<\/b> Engill sver Dan 12.7 \u2013 s\u00e1, sem sk\u00f3p himininn og j\u00f6r\u00f0ina 1M\u00f3s 14.19,22; 2M\u00f3s 20.11; Slm 146.6; Neh 9.6; Post 4.24; Opb 14.7<br \/>\n<b>10.7<\/b> Leyndard\u00f3mur Gu\u00f0s R\u00f3m 16.25; 1Kor 2.7; Ef 1.9; 3.3-5,9; 6.19; K\u00f3l 1.26-27; 2.2; 4.3 \u2013 sp\u00e1mennirnir \u00fej\u00f3nar Gu\u00f0s Am 3.7; Sak 1.6; Dan 9.6,10; Opb 11.18<br \/>\n<b>10.10<\/b> S\u00e6t sem hunang Esk 3.3<br \/>\n<b>10.11<\/b> Sp\u00e1 um margar \u00fej\u00f3\u00f0ir Jer 1.10; 25.30<\/div>\n","protected":false},"excerpt":{"rendered":"<p>1Og \u00e9g s\u00e1 annan sterkan engil st\u00edga af himni ofan, hj\u00fapa\u00f0an sk\u00fdi. Regnboginn var yfir h\u00f6f\u00f0i honum og \u00e1sj\u00f3na hans var sem s\u00f3lin og f\u00e6tur hans sem eldst\u00f3lpar.2Hann haf\u00f0i \u00ed hendi s\u00e9r litla b\u00f3k opna. H\u00e6gra f\u00e6ti st\u00f3\u00f0 hann \u00e1 hafinu, en vinstra f\u00e6ti \u00e1 j\u00f6r\u00f0inni.3Hann kalla\u00f0i h\u00e1rri r\u00f6ddu, eins og \u00feegar lj\u00f3n \u00f6skrar. Er hann haf\u00f0i kalla\u00f0, t\u00f6lu\u00f0u \u00ferumurnar sj\u00f6 s\u00ednum raustum.4Og er \u00ferumurnar sj\u00f6 h\u00f6f\u00f0u tala\u00f0, \u00e6tla\u00f0i \u00e9g a\u00f0 fara a\u00f0 rita. \u00de\u00e1 heyr\u00f0i \u00e9g r\u00f6dd af himni, sem sag\u00f0i: Innsigla \u00fe\u00fa \u00fea\u00f0, sem \u00ferumurnar sj\u00f6 t\u00f6lu\u00f0u, og rita \u00fea\u00f0 ekki.5Og engillinn, sem \u00e9g s\u00e1 standa \u00e1 hafinu <a href=\"https:\/\/biblian.is\/1981\/opinberunarbok-johannesar-10-kafli\/\"> [&#8230;]<\/a><\/p>\n","protected":false},"author":1,"featured_media":0,"parent":0,"menu_order":0,"comment_status":"open","ping_status":"open","template":"bibliukaflar.php","meta":{"footnotes":""},"class_list":["post-2524","page","type-page","status-publish","hentry"],"_links":{"self":[{"href":"https:\/\/biblian.is\/1981\/wp-json\/wp\/v2\/pages\/2524","targetHints":{"allow":["GET"]}}],"collection":[{"href":"https:\/\/biblian.is\/1981\/wp-json\/wp\/v2\/pages"}],"about":[{"href":"https:\/\/biblian.is\/1981\/wp-json\/wp\/v2\/types\/page"}],"author":[{"embeddable":true,"href":"https:\/\/biblian.is\/1981\/wp-json\/wp\/v2\/users\/1"}],"replies":[{"embeddable":true,"href":"https:\/\/biblian.is\/1981\/wp-json\/wp\/v2\/comments?post=2524"}],"version-history":[{"count":0,"href":"https:\/\/biblian.is\/1981\/wp-json\/wp\/v2\/pages\/2524\/revisions"}],"wp:attachment":[{"href":"https:\/\/biblian.is\/1981\/wp-json\/wp\/v2\/media?parent=2524"}],"curies":[{"name":"wp","href":"https:\/\/api.w.org\/{rel}","templated":true}]}}