{"id":2518,"date":"2017-11-18T20:22:06","date_gmt":"2017-11-18T20:22:06","guid":{"rendered":"http:\/\/biblian.is\/1981\/opinberunarbokin-4-kafli\/"},"modified":"2021-06-06T11:04:29","modified_gmt":"2021-06-06T11:04:29","slug":"opinberunarbok-johannesar-4-kafli","status":"publish","type":"page","link":"https:\/\/biblian.is\/1981\/opinberunarbok-johannesar-4-kafli\/","title":{"rendered":"Opinberunarb\u00f3k J\u00f3hannesar 4. kafli"},"content":{"rendered":"<p><a name=\"1\"><span class=\"versanumer\">1<\/span><\/a>Eftir \u00feetta s\u00e1 \u00e9g s\u00fdn: Opnar dyr \u00e1 himninum og raustin hin fyrri, er \u00e9g heyr\u00f0i sem l\u00fa\u00f0ur gylli, tala\u00f0i vi\u00f0 mig og sag\u00f0i: St\u00edg upp hinga\u00f0, og \u00e9g mun s\u00fdna \u00fe\u00e9r \u00fea\u00f0, sem ver\u00f0a \u00e1 eftir \u00feetta.<a name=\"2\"><span class=\"versanumer\">2<\/span><\/a>Jafnskj\u00f3tt var \u00e9g hrifinn \u00ed anda. Og sj\u00e1: H\u00e1s\u00e6ti st\u00f3\u00f0 \u00e1 himni og einhver sat \u00ed h\u00e1s\u00e6tinu.<a name=\"3\"><span class=\"versanumer\">3<\/span><\/a>S\u00e1, er \u00fear sat, s\u00fdndist l\u00edkur jaspissteini og sardissteini og regnbogi var kringum h\u00e1s\u00e6ti\u00f0 \u00e1 a\u00f0 sj\u00e1 sem smarag\u00f0ur.<a name=\"4\"><span class=\"versanumer\">4<\/span><\/a>Umhverfis h\u00e1s\u00e6ti\u00f0 voru tuttugu og fj\u00f6gur h\u00e1s\u00e6ti, og \u00ed \u00feeim h\u00e1s\u00e6tum s\u00e1 \u00e9g sitja tuttugu og fj\u00f3ra \u00f6ldunga, skr\u00fddda hv\u00edtum kl\u00e6\u00f0um og \u00e1 h\u00f6f\u00f0um \u00feeirra gullk\u00f3r\u00f3nur.<a name=\"5\"><span class=\"versanumer\">5<\/span><\/a>\u00dat fr\u00e1 h\u00e1s\u00e6tinu gengu eldingar, dunur og \u00ferumur, og sj\u00f6 eldblys brunnu frammi fyrir h\u00e1s\u00e6tinu. \u00dea\u00f0 eru \u00feeir sj\u00f6 andar Gu\u00f0s.<a name=\"6\"><span class=\"versanumer\">6<\/span><\/a>Og frammi fyrir h\u00e1s\u00e6tinu var sem glerhaf, l\u00edkt kristalli. Fyrir mi\u00f0ju h\u00e1s\u00e6tinu og umhverfis h\u00e1s\u00e6ti\u00f0 voru fj\u00f3rar verur alsettar augum \u00ed bak og fyrir.<a name=\"7\"><span class=\"versanumer\">7<\/span><\/a>Fyrsta veran var l\u00edk lj\u00f3ni, \u00f6nnur veran l\u00edk uxa, \u00feri\u00f0ja veran haf\u00f0i \u00e1sj\u00f3nu sem ma\u00f0ur og fj\u00f3r\u00f0a veran var l\u00edk flj\u00fagandi erni.<a name=\"8\"><span class=\"versanumer\">8<\/span><\/a>Verurnar fj\u00f3rar h\u00f6f\u00f0u hver um sig sex v\u00e6ngi og voru alsettar augum, allt um kring og a\u00f0 innanver\u00f0u. Og eigi l\u00e1ta \u00fe\u00e6r af, dag og n\u00f3tt, a\u00f0 segja: Heilagur, heilagur, heilagur, Drottinn Gu\u00f0, hinn alvaldi, hann sem var og er og kemur.<a name=\"9\"><span class=\"versanumer\">9<\/span><\/a>Og \u00feegar verurnar gjalda honum, sem \u00ed h\u00e1s\u00e6tinu situr, d\u00fdr\u00f0 og hei\u00f0ur og \u00fe\u00f6kk, honum sem lifir um aldir alda,<a name=\"10\"><span class=\"versanumer\">10<\/span><\/a>\u00fe\u00e1 falla \u00f6ldungarnir tuttugu og fj\u00f3rir ni\u00f0ur frammi fyrir honum, sem \u00ed h\u00e1s\u00e6tinu situr, og tilbi\u00f0ja hann, sem lifir um aldir alda, og varpa k\u00f3r\u00f3num s\u00ednum ni\u00f0ur fyrir h\u00e1s\u00e6tinu og segja:<a name=\"11\"><span class=\"versanumer\">11<\/span><\/a>Ver\u00f0ur ert \u00fe\u00fa, Drottinn vor og Gu\u00f0, a\u00f0 f\u00e1 d\u00fdr\u00f0ina og hei\u00f0urinn og m\u00e1ttinn, \u00fev\u00ed a\u00f0 \u00fe\u00fa hefur skapa\u00f0 alla hluti, og fyrir \u00feinn vilja ur\u00f0u \u00feeir til og voru skapa\u00f0ir.<\/p>\n<div class=\"footnote1981\"><b>4.1<\/b> Opnar dyr \u00e1 himninum Esk 1.1; Mrk 1.10; J\u00f3h 1.51; Opb 19.11<br \/>\n<b>4.2<\/b> H\u00e1s\u00e6ti Gu\u00f0s 1Kon 22.19; Slm 47.9; Jes 6.1; Esk 1.26-27; 10.1; S\u00edr 1.8; Opb 4.9; 5.1,7,13; 6.16; 7.10; 19.4; 21.5<br \/>\n<b>4.3<\/b> Sbr Esk 1.26-28<br \/>\n<b>4.4<\/b> \u00d6ldugar \u00cdsraels 2M\u00f3s 3.16; 24.1,9; 4M\u00f3s 11.16; 1Kon 8.1 \u2013 skr\u00fdddir hv\u00edtum kl\u00e6\u00f0um Opb 3.4+ &#8211; k\u00f3r\u00f3na Opb 3.11<br \/>\n<b>4.5<\/b> Eldingar, dunur &#8230; 2M\u00f3s 19.16; Esk 1.13; Opb 8.5; 11.19; 16.18 \u2013 eldblys Esk 1.13; Sak 4.2 \u2013 sj\u00f6 andar Opb 1.4+<br \/>\n<b>4.6<\/b> Glerhaf Opb 15.2; sbr 2M\u00f3s 24.10; Esk 1.22 \u2013 fj\u00f3rar verur Esk 1.5-21; 10.14; Opb 19.4<br \/>\n<b>4.8<\/b> Sex v\u00e6ngir Jes 6.2 \u2013 alsettar augum Esk 1.18; 10.12 \u2013 heilagur, heilagur, heilagur Jes 6.3 \u2013 hinn alvaldi Opb 1.8+ &#8211; s\u00e1, sem var og er og kemur Opb 1.4+<br \/>\n<b>4.9<\/b> H\u00e1s\u00e6ti Gu\u00f0s Opb 4.2+ &#8211; hann sem lifir Dan 4.31,34; 12.7<\/div>\n","protected":false},"excerpt":{"rendered":"<p>1Eftir \u00feetta s\u00e1 \u00e9g s\u00fdn: Opnar dyr \u00e1 himninum og raustin hin fyrri, er \u00e9g heyr\u00f0i sem l\u00fa\u00f0ur gylli, tala\u00f0i vi\u00f0 mig og sag\u00f0i: St\u00edg upp hinga\u00f0, og \u00e9g mun s\u00fdna \u00fe\u00e9r \u00fea\u00f0, sem ver\u00f0a \u00e1 eftir \u00feetta.2Jafnskj\u00f3tt var \u00e9g hrifinn \u00ed anda. Og sj\u00e1: H\u00e1s\u00e6ti st\u00f3\u00f0 \u00e1 himni og einhver sat \u00ed h\u00e1s\u00e6tinu.3S\u00e1, er \u00fear sat, s\u00fdndist l\u00edkur jaspissteini og sardissteini og regnbogi var kringum h\u00e1s\u00e6ti\u00f0 \u00e1 a\u00f0 sj\u00e1 sem smarag\u00f0ur.4Umhverfis h\u00e1s\u00e6ti\u00f0 voru tuttugu og fj\u00f6gur h\u00e1s\u00e6ti, og \u00ed \u00feeim h\u00e1s\u00e6tum s\u00e1 \u00e9g sitja tuttugu og fj\u00f3ra \u00f6ldunga, skr\u00fddda hv\u00edtum kl\u00e6\u00f0um og \u00e1 h\u00f6f\u00f0um \u00feeirra gullk\u00f3r\u00f3nur.5\u00dat fr\u00e1 h\u00e1s\u00e6tinu gengu <a href=\"https:\/\/biblian.is\/1981\/opinberunarbok-johannesar-4-kafli\/\"> [&#8230;]<\/a><\/p>\n","protected":false},"author":1,"featured_media":0,"parent":0,"menu_order":0,"comment_status":"open","ping_status":"open","template":"bibliukaflar.php","meta":{"footnotes":""},"class_list":["post-2518","page","type-page","status-publish","hentry"],"_links":{"self":[{"href":"https:\/\/biblian.is\/1981\/wp-json\/wp\/v2\/pages\/2518","targetHints":{"allow":["GET"]}}],"collection":[{"href":"https:\/\/biblian.is\/1981\/wp-json\/wp\/v2\/pages"}],"about":[{"href":"https:\/\/biblian.is\/1981\/wp-json\/wp\/v2\/types\/page"}],"author":[{"embeddable":true,"href":"https:\/\/biblian.is\/1981\/wp-json\/wp\/v2\/users\/1"}],"replies":[{"embeddable":true,"href":"https:\/\/biblian.is\/1981\/wp-json\/wp\/v2\/comments?post=2518"}],"version-history":[{"count":0,"href":"https:\/\/biblian.is\/1981\/wp-json\/wp\/v2\/pages\/2518\/revisions"}],"wp:attachment":[{"href":"https:\/\/biblian.is\/1981\/wp-json\/wp\/v2\/media?parent=2518"}],"curies":[{"name":"wp","href":"https:\/\/api.w.org\/{rel}","templated":true}]}}