{"id":2508,"date":"2017-11-18T20:22:06","date_gmt":"2017-11-18T20:22:06","guid":{"rendered":"http:\/\/biblian.is\/1981\/fyrsta-johannesarbref-2-kafli\/"},"modified":"2021-06-06T10:57:25","modified_gmt":"2021-06-06T10:57:25","slug":"fyrsta-johannesarbref-2-kafli","status":"publish","type":"page","link":"https:\/\/biblian.is\/1981\/fyrsta-johannesarbref-2-kafli\/","title":{"rendered":"Fyrsta J\u00f3hannesarbr\u00e9f 2. kafli"},"content":{"rendered":"<p><a name=\"1\"><span class=\"versanumer\">1<\/span><\/a>B\u00f6rnin m\u00edn! \u00deetta skrifa \u00e9g y\u00f0ur til \u00feess a\u00f0 \u00fe\u00e9r skulu\u00f0 ekki syndga. En ef einhver syndgar, \u00fe\u00e1 h\u00f6fum v\u00e9r \u00e1rna\u00f0armann hj\u00e1 f\u00f6\u00f0urnum, Jes\u00fa Krist, hinn r\u00e9ttl\u00e1ta.<a name=\"2\"><span class=\"versanumer\">2<\/span><\/a>Hann er fri\u00f0\u00fe\u00e6ging fyrir syndir vorar og ekki einungis fyrir vorar syndir, heldur l\u00edka fyrir syndir alls heimsins.<a name=\"3\"><span class=\"versanumer\">3<\/span><\/a>Og \u00e1 \u00fev\u00ed vitum v\u00e9r, a\u00f0 v\u00e9r \u00feekkjum hann, ef v\u00e9r h\u00f6ldum bo\u00f0or\u00f0 hans.<a name=\"4\"><span class=\"versanumer\">4<\/span><\/a>S\u00e1 sem segir: \u00c9g \u00feekki hann, og heldur ekki bo\u00f0or\u00f0 hans, er lygari og sannleikurinn er ekki \u00ed honum.<a name=\"5\"><span class=\"versanumer\">5<\/span><\/a>En hver sem var\u00f0veitir or\u00f0 hans, \u00ed honum er sannarlega k\u00e6rleikur til Gu\u00f0s or\u00f0inn fullkominn. Af \u00fev\u00ed \u00feekkjum v\u00e9r, a\u00f0 v\u00e9r erum \u00ed honum.<a name=\"6\"><span class=\"versanumer\">6<\/span><\/a>\u00deeim sem segist vera st\u00f6\u00f0ugur \u00ed honum, honum ber sj\u00e1lfum a\u00f0 breyta eins og hann breytti.<a name=\"7\"><span class=\"versanumer\">7<\/span><\/a>\u00de\u00e9r elska\u00f0ir, \u00fea\u00f0 er ekki n\u00fdtt bo\u00f0or\u00f0, sem \u00e9g rita y\u00f0ur, heldur gamalt bo\u00f0or\u00f0, sem \u00fe\u00e9r hafi\u00f0 haft fr\u00e1 upphafi. Hi\u00f0 gamla bo\u00f0or\u00f0 er or\u00f0i\u00f0, sem \u00fe\u00e9r heyr\u00f0u\u00f0.<a name=\"8\"><span class=\"versanumer\">8<\/span><\/a>Engu a\u00f0 s\u00ed\u00f0ur er \u00fea\u00f0 n\u00fdtt bo\u00f0or\u00f0, er \u00e9g rita y\u00f0ur, sem er auglj\u00f3st \u00ed honum og \u00ed y\u00f0ur, \u00fev\u00ed a\u00f0 myrkri\u00f0 er a\u00f0 hverfa og hi\u00f0 sanna lj\u00f3s er \u00feegar fari\u00f0 a\u00f0 sk\u00edna.<a name=\"9\"><span class=\"versanumer\">9<\/span><\/a>S\u00e1 sem segist vera \u00ed lj\u00f3sinu og hatar br\u00f3\u00f0ur sinn, hann er enn \u00fe\u00e1 \u00ed myrkrinu.<a name=\"10\"><span class=\"versanumer\">10<\/span><\/a>S\u00e1 sem elskar br\u00f3\u00f0ur sinn, hann er st\u00f6\u00f0ugur \u00ed lj\u00f3sinu og \u00ed honum er ekkert, er leitt geti hann til falls.<a name=\"11\"><span class=\"versanumer\">11<\/span><\/a>En s\u00e1 sem hatar br\u00f3\u00f0ur sinn, hann er \u00ed myrkrinu og lifir \u00ed myrkrinu og veit ekki hvert hann fer, \u00fev\u00ed a\u00f0 myrkri\u00f0 hefur blinda\u00f0 augu hans.<a name=\"12\"><span class=\"versanumer\">12<\/span><\/a>\u00c9g rita y\u00f0ur, b\u00f6rnin m\u00edn, af \u00fev\u00ed a\u00f0 syndir y\u00f0ar eru y\u00f0ur fyrirgefnar fyrir sakir nafns hans.<a name=\"13\"><span class=\"versanumer\">13<\/span><\/a>\u00c9g rita y\u00f0ur, \u00fe\u00e9r fe\u00f0ur, af \u00fev\u00ed a\u00f0 \u00fe\u00e9r \u00feekki\u00f0 hann, sem er fr\u00e1 upphafi. \u00c9g rita y\u00f0ur, \u00fe\u00e9r ungu menn, af \u00fev\u00ed a\u00f0 \u00fe\u00e9r hafi\u00f0 sigra\u00f0 hinn vonda.<a name=\"14\"><span class=\"versanumer\">14<\/span><\/a>\u00c9g hef rita\u00f0 y\u00f0ur, b\u00f6rn, af \u00fev\u00ed a\u00f0 \u00fe\u00e9r \u00feekki\u00f0 f\u00f6\u00f0urinn. \u00c9g hef rita\u00f0 y\u00f0ur, fe\u00f0ur, af \u00fev\u00ed a\u00f0 \u00fe\u00e9r \u00feekki\u00f0 hann, sem er fr\u00e1 upphafi. \u00c9g hef rita\u00f0 y\u00f0ur, ungu menn, af \u00fev\u00ed a\u00f0 \u00fe\u00e9r eru\u00f0 styrkir og Gu\u00f0s or\u00f0 er st\u00f6\u00f0ugt \u00ed y\u00f0ur og \u00fe\u00e9r hafi\u00f0 sigra\u00f0 hinn vonda.<a name=\"15\"><span class=\"versanumer\">15<\/span><\/a>Elski\u00f0 ekki heiminn, ekki heldur \u00fe\u00e1 hluti, sem \u00ed heiminum eru. S\u00e1 sem elskar heiminn, \u00e1 ekki \u00ed s\u00e9r k\u00e6rleika til f\u00f6\u00f0urins.<a name=\"16\"><span class=\"versanumer\">16<\/span><\/a>\u00dev\u00ed a\u00f0 allt \u00fea\u00f0, sem \u00ed heiminum er, f\u00fdsn holdsins og f\u00fdsn augnanna og au\u00f0\u00e6fa-ofl\u00e6ti, \u00fea\u00f0 er ekki fr\u00e1 f\u00f6\u00f0urnum, heldur er \u00fea\u00f0 fr\u00e1 heiminum.<a name=\"17\"><span class=\"versanumer\">17<\/span><\/a>Og heimurinn fyrirferst og f\u00fdsn hans, en s\u00e1, sem gj\u00f6rir Gu\u00f0s vilja, varir a\u00f0 eil\u00edfu.<a name=\"18\"><span class=\"versanumer\">18<\/span><\/a>B\u00f6rn m\u00edn, \u00fea\u00f0 er hin s\u00ed\u00f0asta stund. \u00de\u00e9r hafi\u00f0 heyrt a\u00f0 andkristur kemur, og n\u00fa eru l\u00edka margir andkristar komnir fram. Af \u00fev\u00ed vitum v\u00e9r, a\u00f0 \u00fea\u00f0 er hin s\u00ed\u00f0asta stund.<a name=\"19\"><span class=\"versanumer\">19<\/span><\/a>\u00deeir komu \u00far vorum h\u00f3pi, en heyr\u00f0u oss ekki til. Ef \u00feeir hef\u00f0u heyrt oss til, \u00fe\u00e1 hef\u00f0u \u00feeir \u00e1fram veri\u00f0 me\u00f0 oss. En \u00feetta var\u00f0 til \u00feess a\u00f0 auglj\u00f3st yr\u00f0i, a\u00f0 enginn \u00feeirra heyr\u00f0i oss til.<a name=\"20\"><span class=\"versanumer\">20<\/span><\/a>En \u00fe\u00e9r hafi\u00f0 smurning fr\u00e1 hinum heilaga og viti\u00f0 \u00feetta allir.<a name=\"21\"><span class=\"versanumer\">21<\/span><\/a>\u00c9g hef ekki skrifa\u00f0 y\u00f0ur vegna \u00feess, a\u00f0 \u00fe\u00e9r \u00feekki\u00f0 ekki sannleikann, heldur af \u00fev\u00ed a\u00f0 \u00fe\u00e9r \u00feekki\u00f0 hann og af \u00fev\u00ed a\u00f0 engin lygi getur komi\u00f0 fr\u00e1 sannleikanum.<a name=\"22\"><span class=\"versanumer\">22<\/span><\/a>Hver er lygari, ef ekki s\u00e1 sem neitar, a\u00f0 Jes\u00fas s\u00e9 Kristur? S\u00e1 er andkristurinn, sem afneitar f\u00f6\u00f0urnum og syninum.<a name=\"23\"><span class=\"versanumer\">23<\/span><\/a>Hver sem afneitar syninum hefur ekki heldur fundi\u00f0 f\u00f6\u00f0urinn. S\u00e1 sem j\u00e1tar soninn hefur og fundi\u00f0 f\u00f6\u00f0urinn.<a name=\"24\"><span class=\"versanumer\">24<\/span><\/a>En \u00fe\u00e9r, l\u00e1ti\u00f0 \u00fea\u00f0 vera st\u00f6\u00f0ugt \u00ed y\u00f0ur, sem \u00fe\u00e9r hafi\u00f0 heyrt fr\u00e1 upphafi. Ef \u00fea\u00f0 er st\u00f6\u00f0ugt \u00ed y\u00f0ur, sem \u00fe\u00e9r fr\u00e1 upphafi hafi\u00f0 heyrt, \u00fe\u00e1 munu\u00f0 \u00fe\u00e9r einnig vera st\u00f6\u00f0ugir \u00ed syninum og \u00ed f\u00f6\u00f0urnum.<a name=\"25\"><span class=\"versanumer\">25<\/span><\/a>Og \u00feetta er fyrirheiti\u00f0, sem hann gaf oss: Hi\u00f0 eil\u00edfa l\u00edf.<a name=\"26\"><span class=\"versanumer\">26<\/span><\/a>\u00deetta hef \u00e9g skrifa\u00f0 y\u00f0ur um \u00fe\u00e1, sem eru a\u00f0 lei\u00f0a y\u00f0ur afvega.<a name=\"27\"><span class=\"versanumer\">27<\/span><\/a>Og s\u00fa smurning, sem \u00fe\u00e9r fengu\u00f0 af honum, h\u00fan er st\u00f6\u00f0ug \u00ed y\u00f0ur, og \u00fe\u00e9r \u00feurfi\u00f0 \u00feess ekki, a\u00f0 neinn kenni y\u00f0ur, \u00fev\u00ed smurning hans fr\u00e6\u00f0ir y\u00f0ur um allt, h\u00fan er sannleiki, en engin lygi. Veri\u00f0 st\u00f6\u00f0ugir \u00ed honum, eins og h\u00fan kenndi y\u00f0ur.<a name=\"28\"><span class=\"versanumer\">28<\/span><\/a>Og n\u00fa, b\u00f6rnin m\u00edn, veri\u00f0 st\u00f6\u00f0ug \u00ed honum, til \u00feess a\u00f0 v\u00e9r getum, \u00feegar hann birtist, \u00e1tt dj\u00f6rfung og blyg\u00f0umst vor ekki fyrir honum, \u00feegar hann kemur.<a name=\"29\"><span class=\"versanumer\">29<\/span><\/a>\u00de\u00e9r viti\u00f0, a\u00f0 hann er r\u00e9ttl\u00e1tur. \u00de\u00e1 skilji\u00f0 \u00fe\u00e9r einnig, a\u00f0 hver sem i\u00f0kar r\u00e9ttl\u00e6ti\u00f0, er f\u00e6ddur af honum.<\/p>\n<div class=\"footnote1981\"><b>2.1<\/b> M\u00e1lsvari J\u00f3h 14.16,26; 15.26; 16.7; R\u00f3m 8.34; Heb 7.25; 9.24<br \/>\n<b>2.2<\/b> Fri\u00f0\u00fe\u00e6ging 2M\u00f3s 29.36-37; J\u00f3h 1.29; R\u00f3m 3.25; K\u00f3l 1.20; Heb 2.17; 1J\u00f3h 4.10,14; Opb 5.9-10 \u2013 alls heimsins J\u00f3h 4.42; K\u00f3l 1.20; 1J\u00f3h 4.14<br \/>\n<b>2.3<\/b> \u00deekkja Jer 31.34; Heb 8.11; 1J\u00f3h 2.13-14 \u2013 halda bo\u00f0or\u00f0 hans 1J\u00f3h 3.22-24; 4.21; 5.2-3; 2J\u00f3h 6<br \/>\n<b>2.4<\/b> Lygari T\u00edt 1.16; 1J\u00f3h 1.6; 4.20<br \/>\n<b>2.5<\/b> Var\u00f0veita or\u00f0 Gu\u00f0s J\u00f3h 14.21,23; 1J\u00f3h 5.3 \u2013 k\u00e6rleikurinn or\u00f0inn fullkominn 1J\u00f3h 4.12,17<br \/>\n<b>2.6<\/b> Eins og hann J\u00f3h 13.15,34; 1Kor 11.1; 1P\u00e9t 2.21-25; 1J\u00f3h 3.3,16; 4.17<br \/>\n<b>2.7<\/b> Gamalt bo\u00f0or\u00f0 1J\u00f3h 2.24; 3.11; 2J\u00f3h 5-6<br \/>\n<b>2.8<\/b> N\u00fdtt bo\u00f0or\u00f0 J\u00f3h 13.34; 15.12,17; 1J\u00f3h 3.16 \u2013 myrkur og lj\u00f3s Okv 4.18-19; J\u00f3h 8.12; R\u00f3m 13.12 \u2013 hi\u00f0 sanna lj\u00f3s J\u00f3h 1.9<br \/>\n<b>2.9<\/b> Enn \u00ed myrkri 1J\u00f3h 1.6; 2.4 \u2013 elska ekki br\u00f3\u00f0ur sinn 1J\u00f3h 2.11; 3.10,15; 4.20<br \/>\n<b>2.10<\/b> Lei\u00f0a til falls Slm 119.165; R\u00f3m 14.13<br \/>\n<b>2.11<\/b> Lifa \u00ed myrkrinu J\u00f3h 12.35; 1J\u00f3h 1.6; 2.9<br \/>\n<b>2.12<\/b> Syndir fyrirgefnar Slm 25.11; Matt 9.2; L\u00fak 24.47; J\u00f3h 20.23; 1Kor 6.11<br \/>\n<b>2.13<\/b> Yngri og eldri Post 2.17-18 \u2013 \u00feekkja Gu\u00f0 1J\u00f3h 2.3+ &#8211; fr\u00e1 upphafi J\u00f3h 1.1-2; 1J\u00f3h 1.1 \u2013 sigra hinn vonda 1J\u00f3h 4.4; 5.4-5,18; 1P\u00e9t 5.8-9; Opb 12.11<br \/>\n<b>2.14<\/b> Styrkir Ef 6.10-17<br \/>\n<b>2.15<\/b> Elska heiminn J\u00f3h 12.31+ ; 17.14; Jak 4.4 \u2013 elska ekki Gu\u00f0 J\u00f3h 5.42<br \/>\n<b>2.16<\/b> Girnast 2M\u00f3s 20.17; R\u00f3m 13.13; Ef 2.3; T\u00edt 2.12; 1P\u00e9t 2.11 \u2013 ofl\u00e6ti vegna eigna Mrk 10.24; L\u00fak 12.19; sbr Jak 4.16<br \/>\n<b>2.17<\/b> Heimurin fyrirferst 1Kor 7.31 \u2013 gera vilja Gu\u00f0s SSal 5.15; Matt 7.21<br \/>\n<b>2.18<\/b> Hin s\u00ed\u00f0asta stund 2T\u00edm 3.1; Jak 5.3; 2P\u00e9t 3.3; J\u00fad 18 \u2013 andkristar Matt 24.5,23-24; Mrk 13.21-22; 2\u00deess 2.3-4; 1T\u00edm 4.1; 1J\u00f3h 4.1,3; 2J\u00f3h 7<br \/>\n<b>2.19<\/b> \u00dar vorum h\u00f3pi Post 20.30 \u2013 til a\u00f0 auglj\u00f3st yr\u00f0i Mrk 4.22; 1Kor 11.19<br \/>\n<b>2.20<\/b> Smurning 1J\u00f3h 2.27; 2Kor 1.21 \u2013 hinn heilagi Mrk 1.24; L\u00fak 4.34; J\u00f3h 6.68; Post 3.14; Opb 3.7 \u2013 \u00fei\u00f0 \u00feekki\u00f0 Jer 31.34; 2P\u00e9t 1.12; J\u00fad 5<br \/>\n<b>2.21<\/b> \u00deekkja sannleikann J\u00f3h 8.32; 2J\u00f3h 1 \u2013 lygi J\u00f3h 8.44<br \/>\n<b>2.22<\/b> Neita, a\u00f0 Jes\u00fas s\u00e9 Kristur Matt 10.33; 1J\u00f3h 4.3; 2J\u00f3h 7<br \/>\n<b>2.23<\/b> Fa\u00f0ir og sonur Matt 11.27; J\u00f3h 5.23; 15.23; 1J\u00f3h 4.15; 5.1; 2J\u00f3h 9 \u2013 j\u00e1ta soninn 1J\u00f3h 4.2,15<br \/>\n<b>2.24<\/b> \u00cd upphafi 1J\u00f3h 2.7,18; 3.11; 4.3; 2J\u00f3h 6 \u2013 vera st\u00f6\u00f0ug J\u00f3h 15.7-10; 1J\u00f3h 2.27; 3.24<br \/>\n<b>2.25<\/b> Eil\u00edfa l\u00edfi\u00f0 J\u00f3h 3.15; 6.40<br \/>\n<b>2.26<\/b> Lei\u00f0a afvega Matt 24.4-5,11,24; T\u00edt 1.10; 1J\u00f3h 3.7; 2J\u00f3h 7; Opb 2.20; 12.9 o.fl.<br \/>\n<b>2.27<\/b> \u00deurfi\u00f0 \u00feess ekki Jer 31.34; Heb 8.11 \u2013 smurning og fr\u00e6\u00f0sla 1J\u00f3h 2.20,24; sbr J\u00f3h 14.26; 16.13<br \/>\n<b>2.28<\/b> \u00deegar hann birtist 1J\u00f3h 3.2 \u2013 dj\u00f6rfung Fil 1.20-21; 1J\u00f3h 4.17<br \/>\n<b>2.29<\/b> I\u00f0ka r\u00e9ttl\u00e6ti 1J\u00f3h 3.10 \u2013 barn Gu\u00f0s 1J\u00f3h 4.7; 5.1<\/div>\n","protected":false},"excerpt":{"rendered":"<p>1B\u00f6rnin m\u00edn! \u00deetta skrifa \u00e9g y\u00f0ur til \u00feess a\u00f0 \u00fe\u00e9r skulu\u00f0 ekki syndga. En ef einhver syndgar, \u00fe\u00e1 h\u00f6fum v\u00e9r \u00e1rna\u00f0armann hj\u00e1 f\u00f6\u00f0urnum, Jes\u00fa Krist, hinn r\u00e9ttl\u00e1ta.2Hann er fri\u00f0\u00fe\u00e6ging fyrir syndir vorar og ekki einungis fyrir vorar syndir, heldur l\u00edka fyrir syndir alls heimsins.3Og \u00e1 \u00fev\u00ed vitum v\u00e9r, a\u00f0 v\u00e9r \u00feekkjum hann, ef v\u00e9r h\u00f6ldum bo\u00f0or\u00f0 hans.4S\u00e1 sem segir: \u00c9g \u00feekki hann, og heldur ekki bo\u00f0or\u00f0 hans, er lygari og sannleikurinn er ekki \u00ed honum.5En hver sem var\u00f0veitir or\u00f0 hans, \u00ed honum er sannarlega k\u00e6rleikur til Gu\u00f0s or\u00f0inn fullkominn. Af \u00fev\u00ed \u00feekkjum v\u00e9r, a\u00f0 v\u00e9r erum \u00ed honum.6\u00deeim sem segist <a href=\"https:\/\/biblian.is\/1981\/fyrsta-johannesarbref-2-kafli\/\"> [&#8230;]<\/a><\/p>\n","protected":false},"author":1,"featured_media":0,"parent":0,"menu_order":0,"comment_status":"open","ping_status":"open","template":"bibliukaflar.php","meta":{"footnotes":""},"class_list":["post-2508","page","type-page","status-publish","hentry"],"_links":{"self":[{"href":"https:\/\/biblian.is\/1981\/wp-json\/wp\/v2\/pages\/2508","targetHints":{"allow":["GET"]}}],"collection":[{"href":"https:\/\/biblian.is\/1981\/wp-json\/wp\/v2\/pages"}],"about":[{"href":"https:\/\/biblian.is\/1981\/wp-json\/wp\/v2\/types\/page"}],"author":[{"embeddable":true,"href":"https:\/\/biblian.is\/1981\/wp-json\/wp\/v2\/users\/1"}],"replies":[{"embeddable":true,"href":"https:\/\/biblian.is\/1981\/wp-json\/wp\/v2\/comments?post=2508"}],"version-history":[{"count":0,"href":"https:\/\/biblian.is\/1981\/wp-json\/wp\/v2\/pages\/2508\/revisions"}],"wp:attachment":[{"href":"https:\/\/biblian.is\/1981\/wp-json\/wp\/v2\/media?parent=2508"}],"curies":[{"name":"wp","href":"https:\/\/api.w.org\/{rel}","templated":true}]}}