{"id":2503,"date":"2017-11-18T20:22:01","date_gmt":"2017-11-18T20:22:01","guid":{"rendered":"http:\/\/biblian.is\/1981\/fyrra-petursbref-5-kafli\/"},"modified":"2021-06-06T10:56:51","modified_gmt":"2021-06-06T10:56:51","slug":"fyrra-petursbref-5-kafli","status":"publish","type":"page","link":"https:\/\/biblian.is\/1981\/fyrra-petursbref-5-kafli\/","title":{"rendered":"Fyrra P\u00e9tursbr\u00e9f 5. kafli"},"content":{"rendered":"<p><a name=\"1\"><span class=\"versanumer\">1<\/span><\/a>\u00d6ldungana y\u00f0ar \u00e1 me\u00f0al \u00e1minni \u00e9g, sem einnig er \u00f6ldungur og vottur p\u00edsla Krists og einnig mun f\u00e1 hlutdeild \u00ed \u00feeirri d\u00fdr\u00f0, sem opinberu\u00f0 mun ver\u00f0a:<a name=\"2\"><span class=\"versanumer\">2<\/span><\/a>Veri\u00f0 hir\u00f0ar \u00feeirrar hjar\u00f0ar, sem Gu\u00f0 hefur fali\u00f0 y\u00f0ur. G\u00e6ti\u00f0 hennar ekki af nau\u00f0ung, heldur af f\u00fasu ge\u00f0i, a\u00f0 Gu\u00f0s vilja, ekki sakir vans\u00e6milegs \u00e1vinnings, heldur af \u00e1huga.<a name=\"3\"><span class=\"versanumer\">3<\/span><\/a>\u00de\u00e9r skulu\u00f0 eigi drottna yfir s\u00f6fnu\u00f0unum, heldur vera fyrirmynd hjar\u00f0arinnar.<a name=\"4\"><span class=\"versanumer\">4<\/span><\/a>\u00de\u00e1 munu\u00f0 \u00fe\u00e9r, \u00feegar hinn \u00e6\u00f0sti hir\u00f0ir birtist, \u00f6\u00f0last \u00feann d\u00fdr\u00f0arsveig, sem aldrei f\u00f6lnar.<a name=\"5\"><span class=\"versanumer\">5<\/span><\/a>Og \u00fe\u00e9r, yngri menn, veri\u00f0 \u00f6ldungunum undirgefnir og skr\u00fd\u00f0ist allir l\u00edtill\u00e6tinu hver gagnvart \u00f6\u00f0rum, \u00fev\u00ed a\u00f0 Gu\u00f0 stendur gegn drambl\u00e1tum, en au\u00f0mj\u00fakum veitir hann n\u00e1\u00f0.<a name=\"6\"><span class=\"versanumer\">6<\/span><\/a>Au\u00f0m\u00fdki\u00f0 y\u00f0ur \u00fev\u00ed undir Gu\u00f0s voldugu h\u00f6nd, til \u00feess a\u00f0 hann \u00e1 s\u00ednum t\u00edma upphefji y\u00f0ur.<a name=\"7\"><span class=\"versanumer\">7<\/span><\/a>Varpi\u00f0 allri \u00e1hyggju y\u00f0ar \u00e1 hann, \u00fev\u00ed a\u00f0 hann ber umhyggju fyrir y\u00f0ur.<a name=\"8\"><span class=\"versanumer\">8<\/span><\/a>Veri\u00f0 alg\u00e1\u00f0ir, vaki\u00f0. \u00d3vinur y\u00f0ar, dj\u00f6fullinn, gengur um sem \u00f6skrandi lj\u00f3n, leitandi a\u00f0 \u00feeim, sem hann geti gleypt.<a name=\"9\"><span class=\"versanumer\">9<\/span><\/a>Standi\u00f0 gegn honum, st\u00f6\u00f0ugir \u00ed tr\u00fanni, og viti\u00f0, a\u00f0 br\u00e6\u00f0ur y\u00f0ar um allan heim ver\u00f0a fyrir s\u00f6mu \u00fej\u00e1ningum.<a name=\"10\"><span class=\"versanumer\">10<\/span><\/a>En Gu\u00f0 allrar n\u00e1\u00f0ar, sem hefur kalla\u00f0 y\u00f0ur \u00ed Kristi til sinnar eil\u00edfu d\u00fdr\u00f0ar, mun sj\u00e1lfur, er \u00fe\u00e9r hafi\u00f0 \u00fej\u00e1\u00f0st um l\u00edtinn t\u00edma, fullkomna y\u00f0ur, styrkja og \u00f6fluga gj\u00f6ra.<a name=\"11\"><span class=\"versanumer\">11<\/span><\/a>Hans er m\u00e1tturinn um aldir alda. Amen.<a name=\"12\"><span class=\"versanumer\">12<\/span><\/a>Me\u00f0 hj\u00e1lp Silvanusar, hins tr\u00faa br\u00f3\u00f0ur, \u00ed m\u00ednum augum, hef \u00e9g stuttlega rita\u00f0 y\u00f0ur \u00feetta til \u00feess a\u00f0 minna \u00e1 og vitna h\u00e1t\u00ed\u00f0lega, a\u00f0 \u00feetta er hin sanna n\u00e1\u00f0 Gu\u00f0s. Standi\u00f0 st\u00f6\u00f0ugir \u00ed henni.<a name=\"13\"><span class=\"versanumer\">13<\/span><\/a>Y\u00f0ur heilsar s\u00f6fnu\u00f0urinn \u00ed Bab\u00fdlon, \u00fatvalinn \u00e1samt y\u00f0ur, og Mark\u00fas sonur minn.<a name=\"14\"><span class=\"versanumer\">14<\/span><\/a>Heilsi\u00f0 hver \u00f6\u00f0rum me\u00f0 k\u00e6rleikskossi. Fri\u00f0ur s\u00e9 me\u00f0 y\u00f0ur \u00f6llum, sem eru\u00f0 \u00ed Kristi.<\/p>\n<div class=\"footnote1981\"><b>5.1<\/b> \u00d6ldungarnir 1T\u00edm 5.17; T\u00edt 1.5-9; sbr Post 11.30+ &#8211; P\u00e9tur vottur Matt 13.16; 2P\u00e9t 1.16-17<br \/>\n<b>5.2<\/b> G\u00e6ti\u00f0 hjar\u00f0ar Gu\u00f0s J\u00f3h 21.15-17; Post 20.28 \u2013 f\u00fasu ge\u00f0i F\u00edlm 14+ &#8211; ekki af gr\u00ed\u00f0af\u00edkn 1T\u00edm 3.8; T\u00edt 1.7,11<br \/>\n<b>5.3<\/b> Drottna ekki 2Kor 1.24 \u2013 fyrirmynd 1Kor 4.16; 11.1; Fil 3.17; 1T\u00edm 4.12; T\u00edt 2.7<br \/>\n<b>5.4<\/b> Hir\u00f0ir J\u00f3h 10; L\u00fak 15.3-7 og hlst.; Matt 26.31 og hlst.; sbr Matt 9.36; 1P\u00e9t 2.25 \u2013 sveigur 1Kor 9.25+<br \/>\n<b>5.5<\/b> Gu\u00f0 stendur gegn &#8230; Okv 3.24; Jak 4.6,10<br \/>\n<b>5.7<\/b> Varpi\u00f0 \u00e1hyggju ykkar \u00e1 Gu\u00f0 Slm 55.23; Matt 6.25-30<br \/>\n<b>5.8<\/b> Veri\u00f0 alg\u00e1\u00f0 1\u00deess 5.6 \u2013 sem lj\u00f3n Slm 22.14; 2T\u00edm 4.17<br \/>\n<b>5.9<\/b> Standi\u00f0 gegn dj\u00f6flinum Ef 6.11-13; Jak 4.7<br \/>\n<b>5.10<\/b> Kallar til d\u00fdr\u00f0ar sinnar 1\u00deess 2.12<br \/>\n<b>5.12<\/b> Silvanus (S\u00edlas) Post 15.22+<br \/>\n<b>5.13<\/b> Bab\u00fdlon Opb 14.8; 16.19; 17.5; 18.2,10,21 \u2013 \u00fatvalinn  1P\u00e9t 1.1+<br \/>\n<b>5.14<\/b> K\u00e6rleikskoss R\u00f3m 16.16+<\/div>\n","protected":false},"excerpt":{"rendered":"<p>1\u00d6ldungana y\u00f0ar \u00e1 me\u00f0al \u00e1minni \u00e9g, sem einnig er \u00f6ldungur og vottur p\u00edsla Krists og einnig mun f\u00e1 hlutdeild \u00ed \u00feeirri d\u00fdr\u00f0, sem opinberu\u00f0 mun ver\u00f0a:2Veri\u00f0 hir\u00f0ar \u00feeirrar hjar\u00f0ar, sem Gu\u00f0 hefur fali\u00f0 y\u00f0ur. G\u00e6ti\u00f0 hennar ekki af nau\u00f0ung, heldur af f\u00fasu ge\u00f0i, a\u00f0 Gu\u00f0s vilja, ekki sakir vans\u00e6milegs \u00e1vinnings, heldur af \u00e1huga.3\u00de\u00e9r skulu\u00f0 eigi drottna yfir s\u00f6fnu\u00f0unum, heldur vera fyrirmynd hjar\u00f0arinnar.4\u00de\u00e1 munu\u00f0 \u00fe\u00e9r, \u00feegar hinn \u00e6\u00f0sti hir\u00f0ir birtist, \u00f6\u00f0last \u00feann d\u00fdr\u00f0arsveig, sem aldrei f\u00f6lnar.5Og \u00fe\u00e9r, yngri menn, veri\u00f0 \u00f6ldungunum undirgefnir og skr\u00fd\u00f0ist allir l\u00edtill\u00e6tinu hver gagnvart \u00f6\u00f0rum, \u00fev\u00ed a\u00f0 Gu\u00f0 stendur gegn drambl\u00e1tum, en au\u00f0mj\u00fakum veitir hann n\u00e1\u00f0.6Au\u00f0m\u00fdki\u00f0 y\u00f0ur <a href=\"https:\/\/biblian.is\/1981\/fyrra-petursbref-5-kafli\/\"> [&#8230;]<\/a><\/p>\n","protected":false},"author":1,"featured_media":0,"parent":0,"menu_order":0,"comment_status":"open","ping_status":"open","template":"bibliukaflar.php","meta":{"footnotes":""},"class_list":["post-2503","page","type-page","status-publish","hentry"],"_links":{"self":[{"href":"https:\/\/biblian.is\/1981\/wp-json\/wp\/v2\/pages\/2503","targetHints":{"allow":["GET"]}}],"collection":[{"href":"https:\/\/biblian.is\/1981\/wp-json\/wp\/v2\/pages"}],"about":[{"href":"https:\/\/biblian.is\/1981\/wp-json\/wp\/v2\/types\/page"}],"author":[{"embeddable":true,"href":"https:\/\/biblian.is\/1981\/wp-json\/wp\/v2\/users\/1"}],"replies":[{"embeddable":true,"href":"https:\/\/biblian.is\/1981\/wp-json\/wp\/v2\/comments?post=2503"}],"version-history":[{"count":0,"href":"https:\/\/biblian.is\/1981\/wp-json\/wp\/v2\/pages\/2503\/revisions"}],"wp:attachment":[{"href":"https:\/\/biblian.is\/1981\/wp-json\/wp\/v2\/media?parent=2503"}],"curies":[{"name":"wp","href":"https:\/\/api.w.org\/{rel}","templated":true}]}}