{"id":2500,"date":"2017-11-18T20:22:01","date_gmt":"2017-11-18T20:22:01","guid":{"rendered":"http:\/\/biblian.is\/1981\/fyrra-petursbref-2-kafli\/"},"modified":"2021-06-06T10:56:50","modified_gmt":"2021-06-06T10:56:50","slug":"fyrra-petursbref-2-kafli","status":"publish","type":"page","link":"https:\/\/biblian.is\/1981\/fyrra-petursbref-2-kafli\/","title":{"rendered":"Fyrra P\u00e9tursbr\u00e9f 2. kafli"},"content":{"rendered":"<p><a name=\"1\"><span class=\"versanumer\">1<\/span><\/a>Leggi\u00f0 \u00fev\u00ed af alla vonsku og alla pretti, hr\u00e6sni og \u00f6fund og allt baktal.<a name=\"2\"><span class=\"versanumer\">2<\/span><\/a>S\u00e6kist eins og n\u00fdf\u00e6dd b\u00f6rn eftir hinni andlegu, \u00f3sviknu mj\u00f3lk, til \u00feess a\u00f0 \u00fe\u00e9r af henni geti\u00f0 dafna\u00f0 til hj\u00e1lpr\u00e6\u00f0is,<a name=\"3\"><span class=\"versanumer\">3<\/span><\/a>enda hafi\u00f0 \u00fe\u00e9r smakka\u00f0, hva\u00f0 Drottinn er g\u00f3\u00f0ur.<a name=\"4\"><span class=\"versanumer\">4<\/span><\/a>Komi\u00f0 til hans, hins lifanda steins, sem hafna\u00f0 var af m\u00f6nnum, en er hj\u00e1 Gu\u00f0i \u00fatvalinn og d\u00fdrm\u00e6tur,<a name=\"5\"><span class=\"versanumer\">5<\/span><\/a>og l\u00e1ti\u00f0 sj\u00e1lfir uppbyggjast sem lifandi steinar \u00ed andlegt h\u00fas, til heilags prestaf\u00e9lags, til a\u00f0 bera fram andlegar f\u00f3rnir, Gu\u00f0i vel\u00fe\u00f3knanlegar fyrir Jes\u00fa Krist.<a name=\"6\"><span class=\"versanumer\">6<\/span><\/a>\u00dev\u00ed svo stendur \u00ed Ritningunni: Sj\u00e1, \u00e9g set hornstein \u00ed S\u00edon, valinn og d\u00fdrm\u00e6tan. S\u00e1 sem tr\u00fair \u00e1 hann mun alls eigi ver\u00f0a til skammar.<a name=\"7\"><span class=\"versanumer\">7<\/span><\/a>Y\u00f0ur sem tr\u00fai\u00f0 er hann d\u00fdrm\u00e6tur, en hinum vantr\u00fau\u00f0u er steinninn, sem smi\u00f0irnir h\u00f6fnu\u00f0u, or\u00f0inn a\u00f0 hyrningarsteini<a name=\"8\"><span class=\"versanumer\">8<\/span><\/a>og: \u00e1steytingarsteini og hr\u00f6sunarhellu. \u00deeir steyta sig \u00e1 honum, af \u00fev\u00ed a\u00f0 \u00feeir \u00f3hl\u00fd\u00f0nast bo\u00f0skapnum. \u00dea\u00f0 var \u00feeim \u00e6tla\u00f0.<a name=\"9\"><span class=\"versanumer\">9<\/span><\/a>En \u00fe\u00e9r eru\u00f0 \u00fatvalin kynsl\u00f3\u00f0, konunglegt prestaf\u00e9lag, heil\u00f6g \u00fej\u00f3\u00f0, eignarl\u00fd\u00f0ur, til \u00feess a\u00f0 \u00fe\u00e9r skulu\u00f0 v\u00ed\u00f0fr\u00e6gja d\u00e1\u00f0ir hans, sem kalla\u00f0i y\u00f0ur fr\u00e1 myrkrinu til s\u00edns undursamlega lj\u00f3ss.<a name=\"10\"><span class=\"versanumer\">10<\/span><\/a>\u00de\u00e9r sem \u00e1\u00f0ur voru\u00f0 ekki l\u00fd\u00f0ur eru\u00f0 n\u00fa or\u00f0nir Gu\u00f0s l\u00fd\u00f0ur. \u00de\u00e9r, sem ekki nutu\u00f0 miskunnar, hafi\u00f0 n\u00fa miskunn hloti\u00f0.<a name=\"11\"><span class=\"versanumer\">11<\/span><\/a>\u00de\u00e9r elsku\u00f0u, \u00e9g \u00e1minni y\u00f0ur sem gesti og \u00fatlendinga a\u00f0 halda y\u00f0ur fr\u00e1 holdlegum girndum, sem heyja str\u00ed\u00f0 gegn s\u00e1lunni.<a name=\"12\"><span class=\"versanumer\">12<\/span><\/a>Heg\u00f0i\u00f0 y\u00f0ur vel me\u00f0al hei\u00f0ingjanna, til \u00feess a\u00f0 \u00feeir, er n\u00fa hallm\u00e6la y\u00f0ur sem illgj\u00f6r\u00f0am\u00f6nnum, sj\u00e1i g\u00f3\u00f0verk y\u00f0ar og vegsami Gu\u00f0 \u00e1 t\u00edma vitjunarinnar.<a name=\"13\"><span class=\"versanumer\">13<\/span><\/a>Veri\u00f0 Drottins vegna undirgefnir allri mannlegri skipan, b\u00e6\u00f0i keisara, hinum \u00e6\u00f0sta,<a name=\"14\"><span class=\"versanumer\">14<\/span><\/a>og landsh\u00f6f\u00f0ingjum, sem hann sendir til a\u00f0 refsa illgj\u00f6r\u00f0am\u00f6nnum og \u00feeim til lofs er breyta vel.<a name=\"15\"><span class=\"versanumer\">15<\/span><\/a>\u00dev\u00ed a\u00f0 \u00fea\u00f0 er vilji Gu\u00f0s, a\u00f0 \u00fe\u00e9r skulu\u00f0 me\u00f0 \u00fev\u00ed a\u00f0 breyta vel \u00feagga ni\u00f0ur van\u00feekkingu heimskra manna.<a name=\"16\"><span class=\"versanumer\">16<\/span><\/a>\u00de\u00e9r eru\u00f0 frj\u00e1lsir menn, hafi\u00f0 ekki frelsi\u00f0 fyrir hj\u00fap yfir vonskuna, breyti\u00f0 heldur sem \u00fej\u00f3nar Gu\u00f0s.<a name=\"17\"><span class=\"versanumer\">17<\/span><\/a>Vir\u00f0i\u00f0 alla menn, elski\u00f0 br\u00e6\u00f0raf\u00e9lagi\u00f0, \u00f3ttist Gu\u00f0, hei\u00f0ri\u00f0 keisarann.<a name=\"18\"><span class=\"versanumer\">18<\/span><\/a>\u00de\u00e9r \u00fej\u00f3nar, veri\u00f0 undirgefnir h\u00fasb\u00e6ndum y\u00f0ar me\u00f0 allri lotningu, ekki einungis hinum g\u00f3\u00f0u og sanngj\u00f6rnu, heldur einnig hinum \u00f3sanngj\u00f6rnu.<a name=\"19\"><span class=\"versanumer\">19<\/span><\/a>Ef einhver \u00feolir m\u00f3\u00f0ganir og l\u00ed\u00f0ur saklaus vegna me\u00f0vitundar um Gu\u00f0, \u00fe\u00e1 er \u00fea\u00f0 \u00feakkar vert.<a name=\"20\"><span class=\"versanumer\">20<\/span><\/a>\u00dev\u00ed a\u00f0 hva\u00f0a ver\u00f0leiki er \u00fea\u00f0, a\u00f0 \u00fe\u00e9r s\u00fdni\u00f0 \u00feolg\u00e6\u00f0i, er \u00fe\u00e9r ver\u00f0i\u00f0 fyrir h\u00f6ggum vegna misgj\u00f6r\u00f0a? En ef \u00fe\u00e9r s\u00fdni\u00f0 \u00feolg\u00e6\u00f0i, er \u00fe\u00e9r l\u00ed\u00f0i\u00f0 illt, \u00fe\u00f3tt \u00fe\u00e9r hafi\u00f0 breytt vel, \u00fea\u00f0 aflar vel\u00fe\u00f3knunar hj\u00e1 Gu\u00f0i.<a name=\"21\"><span class=\"versanumer\">21<\/span><\/a>Til \u00feessa eru\u00f0 \u00fe\u00e9r kalla\u00f0ir. \u00dev\u00ed a\u00f0 Kristur lei\u00f0 einnig fyrir y\u00f0ur og l\u00e9t y\u00f0ur eftir fyrirmynd, til \u00feess a\u00f0 \u00fe\u00e9r skyldu\u00f0 feta \u00ed hans f\u00f3tspor.<a name=\"22\"><span class=\"versanumer\">22<\/span><\/a>Hann dr\u00fdg\u00f0i ekki synd, og svik voru ekki fundin \u00ed munni hans.<a name=\"23\"><span class=\"versanumer\">23<\/span><\/a>Hann illm\u00e6lti eigi aftur, er honum var illm\u00e6lt, og h\u00f3ta\u00f0i eigi, er hann lei\u00f0, heldur gaf \u00fea\u00f0 \u00ed hans vald, sem r\u00e9ttv\u00edslega d\u00e6mir.<a name=\"24\"><span class=\"versanumer\">24<\/span><\/a>Hann bar sj\u00e1lfur syndir vorar \u00e1 l\u00edkama s\u00ednum upp \u00e1 tr\u00e9\u00f0, til \u00feess a\u00f0 v\u00e9r skyldum deyja fr\u00e1 syndunum og lifa r\u00e9ttl\u00e6tinu. Fyrir hans benjar eru\u00f0 \u00fe\u00e9r l\u00e6kna\u00f0ir.<a name=\"25\"><span class=\"versanumer\">25<\/span><\/a>\u00de\u00e9r voru\u00f0 sem villur\u00e1fandi sau\u00f0ir, en n\u00fa hafi\u00f0 \u00fe\u00e9r sn\u00fai\u00f0 y\u00f0ur til hans, sem er hir\u00f0ir og biskup s\u00e1lna y\u00f0ar.<\/p>\n<div class=\"footnote1981\"><b>2.1<\/b> Segi\u00f0 skili\u00f0 vi\u00f0 &#8230;  Ef 4.22; Jak 1.21<br \/>\n<b>2.2<\/b> Mj\u00f3lk 1Kor 3.2; Heb 5.12-13<br \/>\n<b>2.3<\/b> Smakka\u00f0 &#8230; Slm 34.9<br \/>\n<b>2.4<\/b> Steinninn, sem hafna\u00f0 var Slm 118.22; Matt 21.42; Post 4.11 \u2013 d\u00fdrm\u00e6tur Jes 28.16<br \/>\n<b>2.5<\/b> Uppbyggjast sbr Matt 16.18; 1Kor 3.9-10 \u2013 andlegt h\u00fas Ef 2.21-22 \u2013 heilagur prestad\u00f3mur 2M\u00f3s 19.6; Jes 61.6; 1P\u00e9t 2.9, Opb 1.6; 5.10; 20.6 \u2013 andlegar f\u00f3rnir R\u00f3m 12.1; Heb 13.15<br \/>\n<b>2.6<\/b> Sj\u00e1, \u00e9g set &#8230; Jes 28.16; sbr R\u00f3m 9.33 \u2013 hornsteinn Ef 2.20+<br \/>\n<b>2.7<\/b> Steinninn, sem hafna\u00f0 var 1P\u00e9t 2.4+<br \/>\n<b>2.8<\/b> \u00c1steytingarsteinn Jes 8.14; R\u00f3m 9.33; sbr L\u00fak 2.34<br \/>\n<b>2.9<\/b> \u00datvalin kynsl\u00f3\u00f0 Jes 43.20-21; 5M\u00f3s 10.15 \u2013 prestd\u00f3mur 1P\u00e9t 2.5+ &#8211; heil\u00f6g \u00fej\u00f3\u00f0 2M\u00f3s 19.5-6 \u2013 eignarl\u00fd\u00f0ur Jes 43.21 \u2013 fr\u00e1 myrkri til lj\u00f3ss Jes 9.1; Post 26.18; Ef 5.8; K\u00f3l 1.13<br \/>\n<b>2.10<\/b> Ekki l\u00fd\u00f0ur H\u00f3s 1.6,9; 2.1,23; R\u00f3m 9.25<br \/>\n<b>2.11<\/b> Gestir og \u00fatlendingar Slm 39.13; 1P\u00e9t 1.1 \u2013 holdlegar girndir Gal 5.24 \u2013 heyja str\u00ed\u00f0 Gal 5.17; Jak 4.1<br \/>\n<b>2.12<\/b> Vegsami Gu\u00f0 Matt 5.16 \u2013 \u00feegar Gu\u00f0 kemur 1M\u00f3s 50.24-25; Jes 10.3; Jer 6.15; SSal 3.7; L\u00fak 1.68; 7.16; 19.44<br \/>\n<b>2.13-14<\/b> Hl\u00fd\u00f0in R\u00f3m 13.1-7; T\u00edt 3.1; 1T\u00edm 2.1-2: sbr 1P\u00e9t 3.1; 5.5<br \/>\n<b>2.15<\/b> \u00deagga ni\u00f0ur 1P\u00e9t 3.13; sbr Slm 14.1<br \/>\n<b>2.16<\/b> Ekki nota frelsi\u00f0 til a\u00f0 hylja Gal 5.13<br \/>\n<b>2.17<\/b> Vir\u00f0a alla menn R\u00f3m 12.10 \u2013 elski\u00f0 samf\u00e9lagi\u00f0 1P\u00e9t 1.22 \u2013 \u00f3ttist Gu\u00f0 Okv 24.21<br \/>\n<b>2.18<\/b> Um \u00fej\u00f3na Ef 6.5-8; K\u00f3l 3.22 \u2013 4.1 \u2013 1P\u00e9t 4.1+ ; T\u00edt 2.9<br \/>\n<b>2.19<\/b> Vegna me\u00f0vitundar um Gu\u00f0 sbr R\u00f3m 13.5<br \/>\n<b>2.20<\/b> L\u00ed\u00f0a saklaus 1P\u00e9t 3.14,17; 4.14<br \/>\n<b>2.21<\/b> Fyrirmynd J\u00f3h 13.15 \u2013 feta \u00ed f\u00f3tspor Krists Matt 16.24; sbr 4.19+<br \/>\n<b>2.22<\/b> Dr\u00fdg\u00f0i ekki synd &#8230; Jes 53.9; J\u00f3h 8.46; 2Kor 5.21; 1J\u00f3h 3.5<br \/>\n<b>2.23<\/b> Illm\u00e6lti ekki &#8230; Jes 53.7; 1P\u00e9t 3.9; sbr Post 8.32<br \/>\n<b>2.24<\/b> Bar syndir okkar Jes 53.4,12; Heb 9.28; sbr Mrk 10.45 og hlst.; R\u00f3m 4.25 \u2013 upp \u00e1 tr\u00e9\u00f0 (krossinn) 5M\u00f3s 21.22-23; Gal 3.13 \u2013 til \u00feess a\u00f0 vi\u00f0 skyldum lifa R\u00f3m 6.2,11 \u2013 r\u00e9ttl\u00e6ti R\u00f3m 8.4 \u2013 fyrir hans benjar &#8230; Jes 53.5<br \/>\n<b>2.25<\/b> Sem villur\u00e1fandi sau\u00f0ir Jes 53.6; Esk 34.5-6; Matt 9.36 \u2013 hir\u00f0ir 1P\u00e9t 5.4<\/div>\n","protected":false},"excerpt":{"rendered":"<p>1Leggi\u00f0 \u00fev\u00ed af alla vonsku og alla pretti, hr\u00e6sni og \u00f6fund og allt baktal.2S\u00e6kist eins og n\u00fdf\u00e6dd b\u00f6rn eftir hinni andlegu, \u00f3sviknu mj\u00f3lk, til \u00feess a\u00f0 \u00fe\u00e9r af henni geti\u00f0 dafna\u00f0 til hj\u00e1lpr\u00e6\u00f0is,3enda hafi\u00f0 \u00fe\u00e9r smakka\u00f0, hva\u00f0 Drottinn er g\u00f3\u00f0ur.4Komi\u00f0 til hans, hins lifanda steins, sem hafna\u00f0 var af m\u00f6nnum, en er hj\u00e1 Gu\u00f0i \u00fatvalinn og d\u00fdrm\u00e6tur,5og l\u00e1ti\u00f0 sj\u00e1lfir uppbyggjast sem lifandi steinar \u00ed andlegt h\u00fas, til heilags prestaf\u00e9lags, til a\u00f0 bera fram andlegar f\u00f3rnir, Gu\u00f0i vel\u00fe\u00f3knanlegar fyrir Jes\u00fa Krist.6\u00dev\u00ed svo stendur \u00ed Ritningunni: Sj\u00e1, \u00e9g set hornstein \u00ed S\u00edon, valinn og d\u00fdrm\u00e6tan. S\u00e1 sem tr\u00fair \u00e1 hann mun alls <a href=\"https:\/\/biblian.is\/1981\/fyrra-petursbref-2-kafli\/\"> [&#8230;]<\/a><\/p>\n","protected":false},"author":1,"featured_media":0,"parent":0,"menu_order":0,"comment_status":"open","ping_status":"open","template":"bibliukaflar.php","meta":{"footnotes":""},"class_list":["post-2500","page","type-page","status-publish","hentry"],"_links":{"self":[{"href":"https:\/\/biblian.is\/1981\/wp-json\/wp\/v2\/pages\/2500","targetHints":{"allow":["GET"]}}],"collection":[{"href":"https:\/\/biblian.is\/1981\/wp-json\/wp\/v2\/pages"}],"about":[{"href":"https:\/\/biblian.is\/1981\/wp-json\/wp\/v2\/types\/page"}],"author":[{"embeddable":true,"href":"https:\/\/biblian.is\/1981\/wp-json\/wp\/v2\/users\/1"}],"replies":[{"embeddable":true,"href":"https:\/\/biblian.is\/1981\/wp-json\/wp\/v2\/comments?post=2500"}],"version-history":[{"count":0,"href":"https:\/\/biblian.is\/1981\/wp-json\/wp\/v2\/pages\/2500\/revisions"}],"wp:attachment":[{"href":"https:\/\/biblian.is\/1981\/wp-json\/wp\/v2\/media?parent=2500"}],"curies":[{"name":"wp","href":"https:\/\/api.w.org\/{rel}","templated":true}]}}