{"id":2498,"date":"2017-11-18T20:22:01","date_gmt":"2017-11-18T20:22:01","guid":{"rendered":"http:\/\/biblian.is\/1981\/jakobsbrefid-5-kafli\/"},"modified":"2017-11-18T20:22:01","modified_gmt":"2017-11-18T20:22:01","slug":"jakobsbrefid-5-kafli","status":"publish","type":"page","link":"https:\/\/biblian.is\/1981\/jakobsbrefid-5-kafli\/","title":{"rendered":"Jakobsbr\u00e9fi\u00f0 5. kafli"},"content":{"rendered":"<p><a name=\"1\"><span class=\"versanumer\">1<\/span><\/a>Hlusti\u00f0 \u00e1, \u00fe\u00e9r au\u00f0menn, gr\u00e1ti\u00f0 og kveini\u00f0 yfir \u00feeim b\u00e1gindum, sem yfir y\u00f0ur munu koma.<a name=\"2\"><span class=\"versanumer\">2<\/span><\/a>Au\u00f0ur y\u00f0ar er or\u00f0inn f\u00fainn og kl\u00e6\u00f0i y\u00f0ar eru or\u00f0in m\u00f6letin,<a name=\"3\"><span class=\"versanumer\">3<\/span><\/a>gull y\u00f0ar og silfur er or\u00f0i\u00f0 ry\u00f0brunni\u00f0 og ry\u00f0i\u00f0 \u00e1 \u00fev\u00ed mun ver\u00f0a y\u00f0ur til vitnis og eta hold y\u00f0ar eins og eldur. \u00de\u00e9r hafi\u00f0 fj\u00e1rsj\u00f3\u00f0um safna\u00f0 \u00e1 s\u00ed\u00f0ustu d\u00f6gunum.<a name=\"4\"><span class=\"versanumer\">4<\/span><\/a>Launin hr\u00f3pa, \u00feau sem \u00fe\u00e9r hafi\u00f0 haft af verkam\u00f6nnunum, sem sl\u00f3gu l\u00f6nd y\u00f0ar, og k\u00f6ll kornskur\u00f0armannanna eru komin til eyrna Drottins hersveitanna.<a name=\"5\"><span class=\"versanumer\">5<\/span><\/a>\u00de\u00e9r hafi\u00f0 lifa\u00f0 \u00ed s\u00e6ll\u00edfi \u00e1 j\u00f6r\u00f0inni og \u00ed \u00f3h\u00f3fi. \u00de\u00e9r hafi\u00f0 ali\u00f0 hj\u00f6rtu y\u00f0ar \u00e1 sl\u00e1trunardegi.<a name=\"6\"><span class=\"versanumer\">6<\/span><\/a>\u00de\u00e9r hafi\u00f0 sakfellt og drepi\u00f0 hinn r\u00e9ttl\u00e1ta. Hann veitir y\u00f0ur ekki vi\u00f0n\u00e1m.<a name=\"7\"><span class=\"versanumer\">7<\/span><\/a>\u00dereyi\u00f0 \u00fev\u00ed, br\u00e6\u00f0ur, \u00feanga\u00f0 til Drottinn kemur. Sj\u00e1i\u00f0 akuryrkjumanninn, hann b\u00ed\u00f0ur eftir hinum d\u00fdrm\u00e6ta \u00e1vexti jar\u00f0arinnar og \u00fereyir eftir honum, \u00feanga\u00f0 til hann hefur fengi\u00f0 haustregn og vorregn.<a name=\"8\"><span class=\"versanumer\">8<\/span><\/a>\u00dereyi\u00f0 og \u00fe\u00e9r, styrki\u00f0 hj\u00f6rtu y\u00f0ar, \u00fev\u00ed a\u00f0 koma Drottins er \u00ed n\u00e1nd.<a name=\"9\"><span class=\"versanumer\">9<\/span><\/a>Kvarti\u00f0 ekki hver yfir \u00f6\u00f0rum, br\u00e6\u00f0ur, svo a\u00f0 \u00fe\u00e9r ver\u00f0i\u00f0 ekki d\u00e6mdir. D\u00f3marinn stendur fyrir dyrum.<a name=\"10\"><span class=\"versanumer\">10<\/span><\/a>Br\u00e6\u00f0ur, taki\u00f0 sp\u00e1mennina til fyrirmyndar, sem tala\u00f0 hafa \u00ed nafni Drottins og li\u00f0i\u00f0 illt me\u00f0 \u00feolinm\u00e6\u00f0i.<a name=\"11\"><span class=\"versanumer\">11<\/span><\/a>\u00dev\u00ed v\u00e9r teljum \u00fe\u00e1 s\u00e6la, sem \u00feolg\u00f3\u00f0ir hafa veri\u00f0. \u00de\u00e9r hafi\u00f0 heyrt um \u00feolg\u00e6\u00f0i Jobs og viti\u00f0, hva\u00f0a lyktir Drottinn gj\u00f6r\u00f0i \u00e1 h\u00f6gum hans. Drottinn er mj\u00f6g miskunnsamur og l\u00edknsamur.<a name=\"12\"><span class=\"versanumer\">12<\/span><\/a>En umfram allt, br\u00e6\u00f0ur m\u00ednir, sverji\u00f0 ekki, hvorki vi\u00f0 himininn n\u00e9 vi\u00f0 j\u00f6r\u00f0ina n\u00e9 nokkurn annan ei\u00f0. En j\u00e1 y\u00f0ar s\u00e9 j\u00e1, nei y\u00f0ar s\u00e9 nei, til \u00feess a\u00f0 \u00fe\u00e9r falli\u00f0 ekki undir d\u00f3m.<a name=\"13\"><span class=\"versanumer\">13<\/span><\/a>L\u00ed\u00f0i nokkrum illa y\u00f0ar \u00e1 me\u00f0al, \u00fe\u00e1 bi\u00f0ji hann. Liggi vel \u00e1 einhverjum, \u00fe\u00e1 syngi hann lofs\u00f6ng.<a name=\"14\"><span class=\"versanumer\">14<\/span><\/a>S\u00e9 einhver sj\u00fakur y\u00f0ar \u00e1 me\u00f0al, \u00fe\u00e1 kalli hann til s\u00edn \u00f6ldunga safna\u00f0arins og \u00feeir skulu smyrja hann me\u00f0 ol\u00edu \u00ed nafni Drottins og bi\u00f0jast fyrir yfir honum.<a name=\"15\"><span class=\"versanumer\">15<\/span><\/a>Tr\u00faarb\u00e6nin mun gj\u00f6ra hinn sj\u00faka heilan, og Drottinn mun reisa hann \u00e1 f\u00e6tur. \u00de\u00e6r syndir, sem hann kann a\u00f0 hafa dr\u00fdgt, munu honum ver\u00f0a fyrirgefnar.<a name=\"16\"><span class=\"versanumer\">16<\/span><\/a>J\u00e1ti\u00f0 \u00fev\u00ed hver fyrir \u00f6\u00f0rum syndir y\u00f0ar og bi\u00f0ji\u00f0 hver fyrir \u00f6\u00f0rum, til \u00feess a\u00f0 \u00fe\u00e9r ver\u00f0i\u00f0 heilbrig\u00f0ir. Kr\u00f6ftug b\u00e6n r\u00e9ttl\u00e1ts manns megnar miki\u00f0.<a name=\"17\"><span class=\"versanumer\">17<\/span><\/a>El\u00eda var ma\u00f0ur sama e\u00f0lis og v\u00e9r, og hann ba\u00f0 \u00feess heitt, a\u00f0 ekki skyldi rigna, og \u00fea\u00f0 rigndi ekki yfir landi\u00f0 \u00ed \u00ferj\u00fa \u00e1r og sex m\u00e1nu\u00f0i.<a name=\"18\"><span class=\"versanumer\">18<\/span><\/a>Og hann ba\u00f0 aftur, og himinninn gaf regn og j\u00f6r\u00f0in bar sinn \u00e1v\u00f6xt.<a name=\"19\"><span class=\"versanumer\">19<\/span><\/a>Br\u00e6\u00f0ur m\u00ednir, ef einhver me\u00f0al y\u00f0ar villist fr\u00e1 sannleikanum og einhver sn\u00fdr honum aftur,<a name=\"20\"><span class=\"versanumer\">20<\/span><\/a>\u00fe\u00e1 viti hann, a\u00f0 hver sem sn\u00fdr syndara fr\u00e1 villu vegar hans mun frelsa s\u00e1lu hans fr\u00e1 dau\u00f0a og hylja fj\u00f6lda synda.<\/p>\n<div class=\"footnote1981\"><b>5.1<\/b> B\u00e1gindi b\u00ed\u00f0a hinna r\u00edku Jes 5.8-10; Jer 5.26-30; Am 8.4-8; L\u00fak 6.24<br \/>\n<b>5.2<\/b> M\u00f6letin Matt 6.19-20<br \/>\n<b>5.3<\/b> Eins og eldur Slm 21.10; J\u00fadt 16.17<br \/>\n<b>5.4<\/b> Hafa laun af 3M\u00f3s 19.13; 5M\u00f3s 24.14-15; Mal 3.5 \u2013 til eyrna Drottins 1M\u00f3s 4.10; Slm 18.7<br \/>\n<b>5.5<\/b> Sl\u00e1trunardagur Jer 12.3; 25.34<br \/>\n<b>5.6<\/b> Veitir ekki vi\u00f0n\u00e1m Slm 37; SSal 2.12-20; Matt 5.39<br \/>\n<b>5.7<\/b> Haustregn og vorregn sbr 5M\u00f3s 11.14; Jer 5.24; Jl 2.23<br \/>\n<b>5.8<\/b> Veri\u00f0 \u00feolg\u00f3\u00f0 sbr 1\u00deess 5.1-11 \u2013 styrki\u00f0 hj\u00f6rtun 1\u00deess 3.13 \u2013 koma Drottins Matt 24.3,27,37; 2P\u00e9t 1.16; 1J\u00f3h 2.28; sbr 1Kor 15.23; 1\u00deess 2.19; 3.13; 4.15; 5.23; 2\u00deess 2.1,8 \u2013 er \u00ed n\u00e1nd R\u00f3m 13.11-12; Heb 10.25; 1P\u00e9t 4.7<br \/>\n<b>5.9<\/b> D\u00f3marinn stendur fyrir dyrum Matt 24.33<br \/>\n<b>5.10<\/b> \u00dej\u00e1ningar sp\u00e1manna Matt 5.12; 23.29-31; Post 7.52; R\u00f3m 11.3; 1\u00deess 2.15; Heb 11.36-38<br \/>\n<b>5.11<\/b> S\u00e6lir Dan 12.12; sbr K\u00f3l 1.11; Jak 1.3-4 \u2013 \u00feolg\u00e6\u00f0i Jobs Job 1.20-22; 2.10 \u2013 Drottinn er mj\u00f6g miskunnsamur 2M\u00f3s 34.6; Slm 103.8; 111.4 \u2013 lyktir Job 42.10-17<br \/>\n<b>5.12<\/b> Sverji\u00f0 ekki &#8230; Matt 5.34-37; sbr S\u00edr 23.9-11<br \/>\n<b>5.13<\/b> Bi\u00f0ja 1\u00deess 5.17-18 \u2013 syngja lofs\u00f6ng R\u00f3m 15.9; 1Kor 14.15; Ef 5.19-20; K\u00f3l 3.16-17<br \/>\n<b>5.14<\/b> Smyrja me\u00f0 ol\u00edu Mrk 6.13 \u2013 bi\u00f0ja fyrir sj\u00fakum Post 28.8<br \/>\n<b>5.15<\/b> B\u00e6n fyrir sj\u00fakum Mrk 16.18 \u2013 gj\u00f6ra heilan, reisa \u00e1 f\u00e6tur, fyrirgefa Mrk 5.34,41; L\u00fak 17.19<br \/>\n<b>5.16<\/b> J\u00e1ta syndir Dan 9.4-20; Bar 1.14 \u2013 Jak 2.10; Matt 3.6; Post 19.18<br \/>\n<b>5.17<\/b> Eins og vi\u00f0 Post 14.15 \u2013 El\u00eda sbr Matt 11.14+ &#8211; rigndi ekki 1Kon 17.1; S\u00edr 48.1-3 \u2013 \u00ferj\u00fa \u00e1ra og sex m\u00e1nu\u00f0i L\u00fak 4.25<br \/>\n<b>5.18<\/b> B\u00e6n El\u00eda 1Kon 18.42-45 \u2013 fyrirb\u00e6nir sp\u00e1manns 1M\u00f3s 18.22-32; 2M\u00f3s 32.11-14,30-32; Jer 14.1; 18.20; Am 7.2,5<br \/>\n<b>5.19<\/b> Villast fr\u00e1 sannleikanum sbr Matt 18.12-13,15<br \/>\n<b>5.20<\/b> Frelsa s\u00e1lu 1T\u00edm 4.16; 1J\u00f3h 5.16 \u2013 b\u00e6ta fyrir fj\u00f6lda synda Okv 10.12; 1P\u00e9t 4.8; sbr Esk 3.20-21<\/div>\n","protected":false},"excerpt":{"rendered":"<p>1Hlusti\u00f0 \u00e1, \u00fe\u00e9r au\u00f0menn, gr\u00e1ti\u00f0 og kveini\u00f0 yfir \u00feeim b\u00e1gindum, sem yfir y\u00f0ur munu koma.2Au\u00f0ur y\u00f0ar er or\u00f0inn f\u00fainn og kl\u00e6\u00f0i y\u00f0ar eru or\u00f0in m\u00f6letin,3gull y\u00f0ar og silfur er or\u00f0i\u00f0 ry\u00f0brunni\u00f0 og ry\u00f0i\u00f0 \u00e1 \u00fev\u00ed mun ver\u00f0a y\u00f0ur til vitnis og eta hold y\u00f0ar eins og eldur. \u00de\u00e9r hafi\u00f0 fj\u00e1rsj\u00f3\u00f0um safna\u00f0 \u00e1 s\u00ed\u00f0ustu d\u00f6gunum.4Launin hr\u00f3pa, \u00feau sem \u00fe\u00e9r hafi\u00f0 haft af verkam\u00f6nnunum, sem sl\u00f3gu l\u00f6nd y\u00f0ar, og k\u00f6ll kornskur\u00f0armannanna eru komin til eyrna Drottins hersveitanna.5\u00de\u00e9r hafi\u00f0 lifa\u00f0 \u00ed s\u00e6ll\u00edfi \u00e1 j\u00f6r\u00f0inni og \u00ed \u00f3h\u00f3fi. \u00de\u00e9r hafi\u00f0 ali\u00f0 hj\u00f6rtu y\u00f0ar \u00e1 sl\u00e1trunardegi.6\u00de\u00e9r hafi\u00f0 sakfellt og drepi\u00f0 hinn r\u00e9ttl\u00e1ta. Hann veitir y\u00f0ur <a href=\"https:\/\/biblian.is\/1981\/jakobsbrefid-5-kafli\/\"> [&#8230;]<\/a><\/p>\n","protected":false},"author":1,"featured_media":0,"parent":0,"menu_order":0,"comment_status":"open","ping_status":"open","template":"bibliukaflar.php","meta":{"footnotes":""},"class_list":["post-2498","page","type-page","status-publish","hentry"],"_links":{"self":[{"href":"https:\/\/biblian.is\/1981\/wp-json\/wp\/v2\/pages\/2498","targetHints":{"allow":["GET"]}}],"collection":[{"href":"https:\/\/biblian.is\/1981\/wp-json\/wp\/v2\/pages"}],"about":[{"href":"https:\/\/biblian.is\/1981\/wp-json\/wp\/v2\/types\/page"}],"author":[{"embeddable":true,"href":"https:\/\/biblian.is\/1981\/wp-json\/wp\/v2\/users\/1"}],"replies":[{"embeddable":true,"href":"https:\/\/biblian.is\/1981\/wp-json\/wp\/v2\/comments?post=2498"}],"version-history":[{"count":0,"href":"https:\/\/biblian.is\/1981\/wp-json\/wp\/v2\/pages\/2498\/revisions"}],"wp:attachment":[{"href":"https:\/\/biblian.is\/1981\/wp-json\/wp\/v2\/media?parent=2498"}],"curies":[{"name":"wp","href":"https:\/\/api.w.org\/{rel}","templated":true}]}}