{"id":2496,"date":"2017-11-18T20:22:01","date_gmt":"2017-11-18T20:22:01","guid":{"rendered":"http:\/\/biblian.is\/1981\/jakobsbrefid-3-kafli\/"},"modified":"2017-11-18T20:22:01","modified_gmt":"2017-11-18T20:22:01","slug":"jakobsbrefid-3-kafli","status":"publish","type":"page","link":"https:\/\/biblian.is\/1981\/jakobsbrefid-3-kafli\/","title":{"rendered":"Jakobsbr\u00e9fi\u00f0 3. kafli"},"content":{"rendered":"<p><a name=\"1\"><span class=\"versanumer\">1<\/span><\/a>Ver\u00f0i\u00f0 eigi margir kennarar, br\u00e6\u00f0ur m\u00ednir. \u00de\u00e9r viti\u00f0, a\u00f0 v\u00e9r munum f\u00e1 \u00feyngri d\u00f3m.<a name=\"2\"><span class=\"versanumer\">2<\/span><\/a>Allir hr\u00f6sum v\u00e9r margv\u00edslega. Hrasi einhver ekki \u00ed or\u00f0i, \u00fe\u00e1 er hann ma\u00f0ur fullkominn, f\u00e6r um a\u00f0 hafa stj\u00f3rn \u00e1 \u00f6llum l\u00edkama s\u00ednum.<a name=\"3\"><span class=\"versanumer\">3<\/span><\/a>Ef v\u00e9r leggjum hestunum beisli \u00ed munn, til \u00feess a\u00f0 \u00feeir hl\u00fd\u00f0i oss, \u00fe\u00e1 getum v\u00e9r st\u00fdrt \u00f6llum l\u00edkama \u00feeirra.<a name=\"4\"><span class=\"versanumer\">4<\/span><\/a>Sj\u00e1 einnig skipin, svo st\u00f3r sem \u00feau eru og rekin af h\u00f6r\u00f0um vindum. \u00deeim ver\u00f0ur st\u00fdrt me\u00f0 mj\u00f6g litlu st\u00fdri, hvert sem st\u00fdrima\u00f0urinn vill.<a name=\"5\"><span class=\"versanumer\">5<\/span><\/a>\u00deannig er einnig tungan l\u00edtill limur, en l\u00e6tur miki\u00f0 yfir s\u00e9r. Sj\u00e1 hversu l\u00edtill neisti getur kveikt \u00ed miklum sk\u00f3gi.<a name=\"6\"><span class=\"versanumer\">6<\/span><\/a>Tungan er l\u00edka eldur. Tungan er rangl\u00e6tisheimur me\u00f0al lima vorra. H\u00fan flekkar allan l\u00edkamann og kveikir \u00ed hj\u00f3li tilverunnar, en er sj\u00e1lf tendru\u00f0 af helv\u00edti.<a name=\"7\"><span class=\"versanumer\">7<\/span><\/a>Allar tegundir d\u00fdra og fugla, skri\u00f0kvikindi og sj\u00e1vard\u00fdr m\u00e1 temja og hafa mennirnir tami\u00f0,<a name=\"8\"><span class=\"versanumer\">8<\/span><\/a>en tunguna getur enginn ma\u00f0ur tami\u00f0, \u00feessa \u00f3hemju, sem er full af banv\u00e6nu eitri.<a name=\"9\"><span class=\"versanumer\">9<\/span><\/a>Me\u00f0 henni vegs\u00f6mum v\u00e9r Drottin vorn og f\u00f6\u00f0ur og me\u00f0 henni form\u00e6lum v\u00e9r m\u00f6nnum, sem skapa\u00f0ir eru \u00ed l\u00edkingu Gu\u00f0s.<a name=\"10\"><span class=\"versanumer\">10<\/span><\/a>Af sama munni gengur fram blessun og b\u00f6lvun. \u00deetta m\u00e1 ekki svo vera, br\u00e6\u00f0ur m\u00ednir.<a name=\"11\"><span class=\"versanumer\">11<\/span><\/a>Gefur lindin \u00far sama uppsprettuauga b\u00e6\u00f0i ferskt og beiskt vatn?<a name=\"12\"><span class=\"versanumer\">12<\/span><\/a>Mun f\u00edkjutr\u00e9, br\u00e6\u00f0ur m\u00ednir, geta af s\u00e9r gefi\u00f0 ol\u00edfur e\u00f0a v\u00ednvi\u00f0ur f\u00edkjur? Eigi getur heldur saltur brunnur gefi\u00f0 ferskt vatn.<a name=\"13\"><span class=\"versanumer\">13<\/span><\/a>Hver er vitur og skynsamur y\u00f0ar \u00e1 me\u00f0al? Hann l\u00e1ti me\u00f0 g\u00f3\u00f0ri heg\u00f0un verk s\u00edn l\u00fdsa h\u00f3gl\u00e1tri speki.<a name=\"14\"><span class=\"versanumer\">14<\/span><\/a>En ef \u00fe\u00e9r hafi\u00f0 beiskan ofsa og eigingirni \u00ed hjarta y\u00f0ar, \u00fe\u00e1 st\u00e6ri\u00f0 y\u00f0ur ekki og lj\u00fagi\u00f0 ekki gegn sannleikanum.<a name=\"15\"><span class=\"versanumer\">15<\/span><\/a>S\u00fa speki kemur ekki a\u00f0 ofan, heldur er h\u00fan jar\u00f0nesk, andlaus, dj\u00f6fulleg.<a name=\"16\"><span class=\"versanumer\">16<\/span><\/a>\u00dev\u00ed hvar sem ofsi og eigingirni er, \u00fear er \u00f3stj\u00f3rn og hvers kyns b\u00f6l.<a name=\"17\"><span class=\"versanumer\">17<\/span><\/a>En s\u00fa speki, sem a\u00f0 ofan er, h\u00fan er \u00ed fyrsta lagi hrein, \u00fev\u00ed n\u00e6st fri\u00f0s\u00f6m, lj\u00fafleg, s\u00e1ttgj\u00f6rn, full miskunnar og g\u00f3\u00f0ra \u00e1vaxta, \u00f3hlutdr\u00e6g, hr\u00e6snislaus.<a name=\"18\"><span class=\"versanumer\">18<\/span><\/a>En \u00e1vexti r\u00e9ttl\u00e6tisins ver\u00f0ur s\u00e1\u00f0 \u00ed fri\u00f0i \u00feeim til handa, er fri\u00f0 semja.<\/p>\n<div class=\"footnote1981\"><b>3.1<\/b> Kennarar R\u00f3m 12.7; 1Kor 12.28-29; Ef 4.11<br \/>\n<b>3.2<\/b> Fullkominn Jak 1.4+<br \/>\n<b>3.6<\/b> Tungan og l\u00edkaminn Matt 12.36-37; 15.11,18-19 \u2013 helv\u00edti Matt 5.22+<br \/>\n<b>3.8<\/b> Full af eitri Slm 140.4; sbr R\u00f3m 3.13<br \/>\n<b>3.9<\/b> \u00cd l\u00edkingu Gu\u00f0s 1M\u00f3s 1.26-27; 1Kor 11.7<br \/>\n<b>3.15<\/b> Speki a\u00f0 ofan Jak 1.5,17<br \/>\n<b>3.17<\/b> \u00c1vextir spekinnar sbr Gal 5.22-25 \u2013 fri\u00f0s\u00f6m Matt 5.9; Heb 12.11; 1P\u00e9t 3.10-11 \u2013 miskunn Jak 2.13 \u2013 lj\u00fafleg Matt 5.4; Jak 1.21; 1P\u00e9t 3.4,16<br \/>\n<b>3.18<\/b> Fri\u00f0ur og r\u00e9ttl\u00e6ti Jes 32.17; Heb 12.11 \u2013 semja fri\u00f0 Matt 5.9<\/div>\n","protected":false},"excerpt":{"rendered":"<p>1Ver\u00f0i\u00f0 eigi margir kennarar, br\u00e6\u00f0ur m\u00ednir. \u00de\u00e9r viti\u00f0, a\u00f0 v\u00e9r munum f\u00e1 \u00feyngri d\u00f3m.2Allir hr\u00f6sum v\u00e9r margv\u00edslega. Hrasi einhver ekki \u00ed or\u00f0i, \u00fe\u00e1 er hann ma\u00f0ur fullkominn, f\u00e6r um a\u00f0 hafa stj\u00f3rn \u00e1 \u00f6llum l\u00edkama s\u00ednum.3Ef v\u00e9r leggjum hestunum beisli \u00ed munn, til \u00feess a\u00f0 \u00feeir hl\u00fd\u00f0i oss, \u00fe\u00e1 getum v\u00e9r st\u00fdrt \u00f6llum l\u00edkama \u00feeirra.4Sj\u00e1 einnig skipin, svo st\u00f3r sem \u00feau eru og rekin af h\u00f6r\u00f0um vindum. \u00deeim ver\u00f0ur st\u00fdrt me\u00f0 mj\u00f6g litlu st\u00fdri, hvert sem st\u00fdrima\u00f0urinn vill.5\u00deannig er einnig tungan l\u00edtill limur, en l\u00e6tur miki\u00f0 yfir s\u00e9r. Sj\u00e1 hversu l\u00edtill neisti getur kveikt \u00ed miklum sk\u00f3gi.6Tungan er l\u00edka eldur. <a href=\"https:\/\/biblian.is\/1981\/jakobsbrefid-3-kafli\/\"> [&#8230;]<\/a><\/p>\n","protected":false},"author":1,"featured_media":0,"parent":0,"menu_order":0,"comment_status":"open","ping_status":"open","template":"bibliukaflar.php","meta":{"footnotes":""},"class_list":["post-2496","page","type-page","status-publish","hentry"],"_links":{"self":[{"href":"https:\/\/biblian.is\/1981\/wp-json\/wp\/v2\/pages\/2496","targetHints":{"allow":["GET"]}}],"collection":[{"href":"https:\/\/biblian.is\/1981\/wp-json\/wp\/v2\/pages"}],"about":[{"href":"https:\/\/biblian.is\/1981\/wp-json\/wp\/v2\/types\/page"}],"author":[{"embeddable":true,"href":"https:\/\/biblian.is\/1981\/wp-json\/wp\/v2\/users\/1"}],"replies":[{"embeddable":true,"href":"https:\/\/biblian.is\/1981\/wp-json\/wp\/v2\/comments?post=2496"}],"version-history":[{"count":0,"href":"https:\/\/biblian.is\/1981\/wp-json\/wp\/v2\/pages\/2496\/revisions"}],"wp:attachment":[{"href":"https:\/\/biblian.is\/1981\/wp-json\/wp\/v2\/media?parent=2496"}],"curies":[{"name":"wp","href":"https:\/\/api.w.org\/{rel}","templated":true}]}}