{"id":2495,"date":"2017-11-18T20:22:01","date_gmt":"2017-11-18T20:22:01","guid":{"rendered":"http:\/\/biblian.is\/1981\/jakobsbrefid-2-kafli\/"},"modified":"2017-11-18T20:22:01","modified_gmt":"2017-11-18T20:22:01","slug":"jakobsbrefid-2-kafli","status":"publish","type":"page","link":"https:\/\/biblian.is\/1981\/jakobsbrefid-2-kafli\/","title":{"rendered":"Jakobsbr\u00e9fi\u00f0 2. kafli"},"content":{"rendered":"<p><a name=\"1\"><span class=\"versanumer\">1<\/span><\/a>Br\u00e6\u00f0ur m\u00ednir, fari\u00f0 ekki \u00ed manngreinar\u00e1lit, \u00fe\u00e9r sem tr\u00fai\u00f0 \u00e1 d\u00fdr\u00f0ardrottin vorn Jes\u00fa Krist.<a name=\"2\"><span class=\"versanumer\">2<\/span><\/a>N\u00fa kemur ma\u00f0ur inn \u00ed samkundu y\u00f0ar me\u00f0 gullhring \u00e1 hendi og \u00ed skartlegum kl\u00e6\u00f0um, og jafnframt kemur inn f\u00e1t\u00e6kur ma\u00f0ur \u00ed \u00f3hreinum f\u00f6tum,<a name=\"3\"><span class=\"versanumer\">3<\/span><\/a>ef \u00f6ll athygli y\u00f0ar beinist a\u00f0 \u00feeim, sem skartkl\u00e6\u00f0in ber, og \u00fe\u00e9r segi\u00f0:  Settu \u00feig h\u00e9rna \u00ed gott s\u00e6ti!  en segi\u00f0 vi\u00f0 f\u00e1t\u00e6ka manninn:  Stattu \u00fearna, e\u00f0a settu \u00feig \u00e1 g\u00f3lfi\u00f0 vi\u00f0 f\u00f3tsk\u00f6r m\u00edna!<a name=\"4\"><span class=\"versanumer\">4<\/span><\/a>hafi\u00f0 \u00fe\u00e9r \u00fe\u00e1 ekki mismuna\u00f0 m\u00f6nnum og or\u00f0i\u00f0 d\u00f3marar me\u00f0 vondum hugsunum?<a name=\"5\"><span class=\"versanumer\">5<\/span><\/a>Heyri\u00f0, br\u00e6\u00f0ur m\u00ednir elska\u00f0ir! Hefur Gu\u00f0 ekki \u00fatvali\u00f0 \u00fe\u00e1, sem f\u00e1t\u00e6kir eru \u00ed augum heimsins, til \u00feess a\u00f0 \u00feeir ver\u00f0i au\u00f0ugir \u00ed tr\u00fa og erfingjar \u00feess r\u00edkis, er hann hefur heiti\u00f0 \u00feeim, sem elska hann?<a name=\"6\"><span class=\"versanumer\">6<\/span><\/a>En \u00fe\u00e9r hafi\u00f0 \u00f3virt hinn f\u00e1t\u00e6ka. Eru \u00fea\u00f0 \u00fe\u00f3 ekki hinir r\u00edku, sem undiroka y\u00f0ur og draga y\u00f0ur fyrir d\u00f3mst\u00f3la?<a name=\"7\"><span class=\"versanumer\">7<\/span><\/a>Eru \u00fea\u00f0 ekki \u00feeir, sem lastm\u00e6la hinu g\u00f3\u00f0a nafni, sem nefnt var yfir y\u00f0ur?<a name=\"8\"><span class=\"versanumer\">8<\/span><\/a>Ef \u00fe\u00e9r uppfylli\u00f0 hi\u00f0 konunglega bo\u00f0or\u00f0 Ritningarinnar:  \u00de\u00fa skalt elska n\u00e1unga \u00feinn sem sj\u00e1lfan \u00feig , \u00fe\u00e1 gj\u00f6ri\u00f0 \u00fe\u00e9r vel.<a name=\"9\"><span class=\"versanumer\">9<\/span><\/a>En ef \u00fe\u00e9r fari\u00f0 \u00ed manngreinar\u00e1lit, \u00fe\u00e1 dr\u00fdgi\u00f0 \u00fe\u00e9r synd og l\u00f6gm\u00e1li\u00f0 sannar upp \u00e1 y\u00f0ur a\u00f0 \u00fe\u00e9r s\u00e9u\u00f0 brotamenn.<a name=\"10\"><span class=\"versanumer\">10<\/span><\/a>\u00de\u00f3tt einhver h\u00e9ldi allt l\u00f6gm\u00e1li\u00f0, en hrasa\u00f0i \u00ed einu atri\u00f0i, \u00fe\u00e1 er hann or\u00f0inn sekur vi\u00f0 \u00f6ll bo\u00f0or\u00f0 \u00feess.<a name=\"11\"><span class=\"versanumer\">11<\/span><\/a>\u00dev\u00ed s\u00e1 sem sag\u00f0i:  \u00de\u00fa skalt ekki h\u00f3rd\u00f3m dr\u00fdgja , hann sag\u00f0i l\u00edka:  \u00de\u00fa skalt ekki mor\u00f0 fremja.  En \u00fe\u00f3 a\u00f0 \u00fe\u00fa dr\u00fdgir ekki h\u00f3r, en fremur mor\u00f0, \u00fe\u00e1 ertu b\u00fainn a\u00f0 brj\u00f3ta l\u00f6gm\u00e1li\u00f0.<a name=\"12\"><span class=\"versanumer\">12<\/span><\/a>Tali\u00f0 \u00fev\u00ed og breyti\u00f0 eins og \u00feeir, er d\u00e6mast eiga eftir l\u00f6gm\u00e1li frelsisins.<a name=\"13\"><span class=\"versanumer\">13<\/span><\/a>\u00dev\u00ed a\u00f0 d\u00f3murinn ver\u00f0ur miskunnarlaus \u00feeim, sem ekki au\u00f0s\u00fdndi miskunn, en miskunnsemin gengur sigri hr\u00f3sandi a\u00f0 d\u00f3mi.<a name=\"14\"><span class=\"versanumer\">14<\/span><\/a>Hva\u00f0 sto\u00f0ar \u00fea\u00f0, br\u00e6\u00f0ur m\u00ednir, \u00fe\u00f3tt einhver segist hafa tr\u00fa, en hefur eigi verk? Mun tr\u00fain geta frelsa\u00f0 hann?<a name=\"15\"><span class=\"versanumer\">15<\/span><\/a>Ef br\u00f3\u00f0ir e\u00f0a systir eru nakin og vantar daglegt vi\u00f0urv\u00e6ri<a name=\"16\"><span class=\"versanumer\">16<\/span><\/a>og einhver y\u00f0ar seg\u00f0i vi\u00f0 \u00feau:  Fari\u00f0 \u00ed fri\u00f0i, vermi\u00f0 y\u00f0ur og metti\u00f0!  en \u00fe\u00e9r gefi\u00f0 \u00feeim ekki \u00fea\u00f0, sem l\u00edkaminn \u00fearfnast, hva\u00f0 sto\u00f0ar \u00fea\u00f0?<a name=\"17\"><span class=\"versanumer\">17<\/span><\/a>Eins er l\u00edka tr\u00fain dau\u00f0 \u00ed sj\u00e1lfri s\u00e9r, vanti hana verkin.<a name=\"18\"><span class=\"versanumer\">18<\/span><\/a>En n\u00fa segir einhver:  Einn hefur tr\u00fa, annar verk.  S\u00fdn m\u00e9r \u00fe\u00e1 tr\u00fa \u00fe\u00edna \u00e1n verkanna, og \u00e9g skal s\u00fdna \u00fe\u00e9r tr\u00fana af verkum m\u00ednum.<a name=\"19\"><span class=\"versanumer\">19<\/span><\/a>\u00de\u00fa tr\u00fair, a\u00f0 Gu\u00f0 s\u00e9 einn. \u00de\u00fa gj\u00f6rir vel. En illu andarnir tr\u00faa \u00fev\u00ed l\u00edka og skelfast.<a name=\"20\"><span class=\"versanumer\">20<\/span><\/a>F\u00e1v\u00edsi ma\u00f0ur! Vilt \u00fe\u00fa l\u00e1ta \u00fe\u00e9r skiljast, a\u00f0 tr\u00fain er \u00f3n\u00fdt \u00e1n verkanna?<a name=\"21\"><span class=\"versanumer\">21<\/span><\/a>R\u00e9ttl\u00e6ttist ekki Abraham fa\u00f0ir vor af verkum, er hann lag\u00f0i son sinn \u00cdsak \u00e1 altari\u00f0?<a name=\"22\"><span class=\"versanumer\">22<\/span><\/a>\u00de\u00fa s\u00e9r\u00f0, a\u00f0 tr\u00fain var samtaka verkum hans og a\u00f0 tr\u00fain fullkomna\u00f0ist me\u00f0 verkunum.<a name=\"23\"><span class=\"versanumer\">23<\/span><\/a>Og ritningin r\u00e6ttist, sem segir:  Abraham tr\u00fa\u00f0i Gu\u00f0i, og \u00fea\u00f0 var honum til r\u00e9ttl\u00e6tis reikna\u00f0,  og hann var kalla\u00f0ur Gu\u00f0s vinur.<a name=\"24\"><span class=\"versanumer\">24<\/span><\/a>\u00de\u00e9r sj\u00e1i\u00f0, a\u00f0 ma\u00f0urinn r\u00e9ttl\u00e6tist af verkum og ekki af tr\u00fa einni saman.<a name=\"25\"><span class=\"versanumer\">25<\/span><\/a>Svo var og um sk\u00e6kjuna Rahab. R\u00e9ttl\u00e6ttist h\u00fan ekki af verkum, er h\u00fan t\u00f3k vi\u00f0 sendim\u00f6nnunum og l\u00e9t \u00fe\u00e1 fara burt a\u00f0ra lei\u00f0?<a name=\"26\"><span class=\"versanumer\">26<\/span><\/a>Eins og l\u00edkaminn er dau\u00f0ur \u00e1n anda, eins er og tr\u00fain dau\u00f0 \u00e1n verka.<\/p>\n<div class=\"footnote1981\"><b>2.1<\/b> Manngreinar\u00e1lit Job 34.19; Post 10.34+ ; Jak 2.9<br \/>\n<b>2.5<\/b> \u00datvali\u00f0 f\u00e1t\u00e6ka 1Kor 1.26-28 \u2013 erfa r\u00edki\u00f0 Matt 25.34; 1Kor 6.9-10; 15.50; Gal 5.21; sbr Jak 1.12<br \/>\n<b>2.7<\/b> Nefnt yfir ykkur Post 2.38; 10.48<br \/>\n<b>2.8<\/b> Bo\u00f0or\u00f0i\u00f0 Jak 1.25; 4.11 \u2013 \u00fe\u00fa skalt elska &#8230; 3M\u00f3s 19.18; sbr Matt 19.19; 22.39; Mrk 12.31; L\u00fak 10.27; R\u00f3m 13.9; Gal 5.14; J\u00f3h 13.34-35<br \/>\n<b>2.9<\/b> Manngreinar\u00e1lit 5M\u00f3s 1.17<br \/>\n<b>2.10<\/b> Hrasa \u00ed einu atri\u00f0i 5M\u00f3s 27.26; Matt 5.19; Gal 3.10<br \/>\n<b>2.11<\/b> H\u00f3rd\u00f3m dr\u00fdgja 2M\u00f3s 20.14; 5M\u00f3s 5.18; sbr Matt 5.27; 19.18; L\u00fak 18.20; R\u00f3m 13.9 \u2013 mor\u00f0 fremja 2M\u00f3s 20.13; 5M\u00f3s 5.17; sbr Matt 5.21; Mrk 10.19; L\u00fak 18.20; R\u00f3m 13.9<br \/>\n<b>2.12<\/b> \u00deeir er d\u00e6mast Jak 5.9 \u2013 l\u00f6gm\u00e1l frelsisins Jak 1.25+<br \/>\n<b>2.13<\/b> Miskunn Gu\u00f0s, miskunn manna Matt 5.7; 18.32-35<br \/>\n<b>2.14<\/b> Tr\u00fa \u00e1n verka Matt 7.21,26; sbr Jak 1.25; 3.13 \u2013 tr\u00fa og verk sbr R\u00f3m 3.28; Gal 2.16 \u2013 verk tr\u00faarinnar R\u00f3m 2.6,15-1; Gal 5.6; Ef 2.8-10; K\u00f3l 1.10; 1\u00deess 1.3; 2\u00deess 1.11; sbr Matt 5.16,20; 7.12-27; 12.50; 18.23-25; 25.31-46<br \/>\n<b>2.17<\/b> Dau\u00f0 tr\u00fa Jak 2.20,26<br \/>\n<b>2.19<\/b> Illu andarnir l\u00edka Matt 8.29; Mrk 1.24; 5.7; L\u00fak 4.34<br \/>\n<b>2.21<\/b> Abraham R\u00f3m 4; Gal 3.6-9 \u2013 fa\u00f0ir okkar Jes 51.2; Matt 3.9; L\u00fak 16.24,27,30; J\u00f3h 8.39,53 \u2013 \u00cdsak 1M\u00f3s 22.9,12<br \/>\n<b>2.22<\/b> Tr\u00fa og verk Abrahams Heb 11.17<br \/>\n<b>2.23<\/b> Abraham tr\u00fa\u00f0i Gu\u00f0i 1M\u00f3s 15.6; sbr R\u00f3m 4.3,9,22; Gal 3.6; sbr 1Makk 2.52; S\u00edr 44.20 \u2013 vinur Gu\u00f0s 2Kro 20.7; Jes 41.8<br \/>\n<b>2.25<\/b> Tr\u00fa og verk Rahab J\u00f3s 2.4,15; 6.17; Heb 11.31<br \/>\n<b>2.26<\/b> Dau\u00f0 tr\u00fa Jak 2.17,20<\/div>\n","protected":false},"excerpt":{"rendered":"<p>1Br\u00e6\u00f0ur m\u00ednir, fari\u00f0 ekki \u00ed manngreinar\u00e1lit, \u00fe\u00e9r sem tr\u00fai\u00f0 \u00e1 d\u00fdr\u00f0ardrottin vorn Jes\u00fa Krist.2N\u00fa kemur ma\u00f0ur inn \u00ed samkundu y\u00f0ar me\u00f0 gullhring \u00e1 hendi og \u00ed skartlegum kl\u00e6\u00f0um, og jafnframt kemur inn f\u00e1t\u00e6kur ma\u00f0ur \u00ed \u00f3hreinum f\u00f6tum,3ef \u00f6ll athygli y\u00f0ar beinist a\u00f0 \u00feeim, sem skartkl\u00e6\u00f0in ber, og \u00fe\u00e9r segi\u00f0: Settu \u00feig h\u00e9rna \u00ed gott s\u00e6ti! en segi\u00f0 vi\u00f0 f\u00e1t\u00e6ka manninn: Stattu \u00fearna, e\u00f0a settu \u00feig \u00e1 g\u00f3lfi\u00f0 vi\u00f0 f\u00f3tsk\u00f6r m\u00edna!4hafi\u00f0 \u00fe\u00e9r \u00fe\u00e1 ekki mismuna\u00f0 m\u00f6nnum og or\u00f0i\u00f0 d\u00f3marar me\u00f0 vondum hugsunum?5Heyri\u00f0, br\u00e6\u00f0ur m\u00ednir elska\u00f0ir! Hefur Gu\u00f0 ekki \u00fatvali\u00f0 \u00fe\u00e1, sem f\u00e1t\u00e6kir eru \u00ed augum heimsins, til \u00feess a\u00f0 \u00feeir ver\u00f0i <a href=\"https:\/\/biblian.is\/1981\/jakobsbrefid-2-kafli\/\"> [&#8230;]<\/a><\/p>\n","protected":false},"author":1,"featured_media":0,"parent":0,"menu_order":0,"comment_status":"open","ping_status":"open","template":"bibliukaflar.php","meta":{"footnotes":""},"class_list":["post-2495","page","type-page","status-publish","hentry"],"_links":{"self":[{"href":"https:\/\/biblian.is\/1981\/wp-json\/wp\/v2\/pages\/2495","targetHints":{"allow":["GET"]}}],"collection":[{"href":"https:\/\/biblian.is\/1981\/wp-json\/wp\/v2\/pages"}],"about":[{"href":"https:\/\/biblian.is\/1981\/wp-json\/wp\/v2\/types\/page"}],"author":[{"embeddable":true,"href":"https:\/\/biblian.is\/1981\/wp-json\/wp\/v2\/users\/1"}],"replies":[{"embeddable":true,"href":"https:\/\/biblian.is\/1981\/wp-json\/wp\/v2\/comments?post=2495"}],"version-history":[{"count":0,"href":"https:\/\/biblian.is\/1981\/wp-json\/wp\/v2\/pages\/2495\/revisions"}],"wp:attachment":[{"href":"https:\/\/biblian.is\/1981\/wp-json\/wp\/v2\/media?parent=2495"}],"curies":[{"name":"wp","href":"https:\/\/api.w.org\/{rel}","templated":true}]}}