{"id":2494,"date":"2017-11-18T20:22:01","date_gmt":"2017-11-18T20:22:01","guid":{"rendered":"http:\/\/biblian.is\/1981\/jakobsbrefid-1-kafli\/"},"modified":"2017-11-18T20:22:01","modified_gmt":"2017-11-18T20:22:01","slug":"jakobsbrefid-1-kafli","status":"publish","type":"page","link":"https:\/\/biblian.is\/1981\/jakobsbrefid-1-kafli\/","title":{"rendered":"Jakobsbr\u00e9fi\u00f0 1. kafli"},"content":{"rendered":"<p><a name=\"1\"><span class=\"versanumer\">1<\/span><\/a>Jakob, \u00fej\u00f3nn Gu\u00f0s og Drottins Jes\u00fa Krists, heilsar \u00feeim t\u00f3lf kynkv\u00edslum \u00ed dreifingunni.<a name=\"2\"><span class=\"versanumer\">2<\/span><\/a>\u00c1l\u00edti\u00f0 \u00fea\u00f0, br\u00e6\u00f0ur m\u00ednir, eint\u00f3mt gle\u00f0iefni, er \u00fe\u00e9r rati\u00f0 \u00ed \u00fdmiss konar raunir.<a name=\"3\"><span class=\"versanumer\">3<\/span><\/a>\u00de\u00e9r viti\u00f0, a\u00f0 tr\u00faarsta\u00f0festa y\u00f0ar vekur \u00feolg\u00e6\u00f0i,<a name=\"4\"><span class=\"versanumer\">4<\/span><\/a>en \u00feolg\u00e6\u00f0i\u00f0 \u00e1 a\u00f0 birtast \u00ed fullkomnu verki, til \u00feess a\u00f0 \u00fe\u00e9r s\u00e9u\u00f0 fullkomnir og algj\u00f6rir og y\u00f0ur s\u00e9 \u00ed engu \u00e1b\u00f3tavant.<a name=\"5\"><span class=\"versanumer\">5<\/span><\/a>Ef einhvern y\u00f0ar brestur visku, \u00fe\u00e1 bi\u00f0ji hann Gu\u00f0, sem gefur \u00f6llum \u00f6rl\u00e1tlega og \u00e1t\u00f6lulaust, og honum mun gefast.<a name=\"6\"><span class=\"versanumer\">6<\/span><\/a>En hann bi\u00f0ji \u00ed tr\u00fa, \u00e1n \u00feess a\u00f0 efast. S\u00e1 sem efast er l\u00edkur sj\u00e1var\u00f6ldu, er r\u00eds og hrekst fyrir vindi.<a name=\"7\"><span class=\"versanumer\">7<\/span><\/a>S\u00e1 ma\u00f0ur, tv\u00edlyndur og reikull \u00e1 \u00f6llum vegum s\u00ednum, m\u00e1 eigi \u00e6tla,<a name=\"8\"><span class=\"versanumer\">8<\/span><\/a>a\u00f0 hann f\u00e1i nokku\u00f0 hj\u00e1 Drottni.<a name=\"9\"><span class=\"versanumer\">9<\/span><\/a>L\u00e1gt settur br\u00f3\u00f0ir hr\u00f3si s\u00e9r af upphef\u00f0 sinni,<a name=\"10\"><span class=\"versanumer\">10<\/span><\/a>en au\u00f0ugur af l\u00e6gingu sinni, \u00fev\u00ed hann mun l\u00ed\u00f0a undir lok eins og bl\u00f3m \u00e1 engi.<a name=\"11\"><span class=\"versanumer\">11<\/span><\/a>S\u00f3lin kemur upp me\u00f0 steikjandi hita og brennir grasi\u00f0, og bl\u00f3m \u00feess dettur af og fegur\u00f0 \u00feess ver\u00f0ur a\u00f0 engu. \u00deannig mun og hinn au\u00f0ugi ma\u00f0ur visna upp \u00e1 vegum s\u00ednum.<a name=\"12\"><span class=\"versanumer\">12<\/span><\/a>S\u00e6ll er s\u00e1 ma\u00f0ur, sem stenst freistingu, \u00fev\u00ed a\u00f0 \u00feegar hann hefur reynst h\u00e6fur mun hann \u00f6\u00f0last k\u00f3r\u00f3nu l\u00edfsins, sem Gu\u00f0 hefur heiti\u00f0 \u00feeim er elska hann.<a name=\"13\"><span class=\"versanumer\">13<\/span><\/a>Enginn m\u00e1 segja, er hann ver\u00f0ur fyrir freistingu: Gu\u00f0 freistar m\u00edn. Gu\u00f0 getur eigi or\u00f0i\u00f0 fyrir freistingu af hinu illa, enda freistar hann sj\u00e1lfur einskis manns.<a name=\"14\"><span class=\"versanumer\">14<\/span><\/a>\u00dea\u00f0 er eigin girnd, sem freistar s\u00e9rhvers manns og dregur hann og t\u00e6lir.<a name=\"15\"><span class=\"versanumer\">15<\/span><\/a>\u00deegar girndin s\u00ed\u00f0an er or\u00f0in \u00feungu\u00f0, elur h\u00fan synd, og \u00feegar syndin er or\u00f0in full\u00ferosku\u00f0, f\u00e6\u00f0ir h\u00fan dau\u00f0a.<a name=\"16\"><span class=\"versanumer\">16<\/span><\/a>Villist ekki, br\u00e6\u00f0ur m\u00ednir elska\u00f0ir!<a name=\"17\"><span class=\"versanumer\">17<\/span><\/a>S\u00e9rhver g\u00f3\u00f0 gj\u00f6f og s\u00e9rhver fullkomin g\u00e1fa er ofan a\u00f0 og kemur ni\u00f0ur fr\u00e1 f\u00f6\u00f0ur lj\u00f3sanna. Hj\u00e1 honum er engin umbreyting n\u00e9 skuggar, sem koma og fara.<a name=\"18\"><span class=\"versanumer\">18<\/span><\/a>Eftir r\u00e1\u00f0s\u00e1lyktun sinni f\u00e6ddi hann oss me\u00f0 or\u00f0i sannleikans, til \u00feess a\u00f0 v\u00e9r skyldum vera frumgr\u00f3\u00f0i sk\u00f6punar hans.<a name=\"19\"><span class=\"versanumer\">19<\/span><\/a>Viti\u00f0, br\u00e6\u00f0ur m\u00ednir elska\u00f0ir: Hver ma\u00f0ur skal vera flj\u00f3tur til a\u00f0 heyra, seinn til a\u00f0 tala, seinn til rei\u00f0i.<a name=\"20\"><span class=\"versanumer\">20<\/span><\/a>\u00dev\u00ed a\u00f0 rei\u00f0i manns \u00e1vinnur ekki \u00fea\u00f0, sem r\u00e9tt er fyrir Gu\u00f0i.<a name=\"21\"><span class=\"versanumer\">21<\/span><\/a>Leggi\u00f0 \u00fev\u00ed af hvers konar saurugleik og alla vonsku og taki\u00f0 me\u00f0 h\u00f3gv\u00e6r\u00f0 \u00e1 m\u00f3ti hinu gr\u00f3\u00f0ursetta or\u00f0i, er frelsa\u00f0 getur s\u00e1lir y\u00f0ar.<a name=\"22\"><span class=\"versanumer\">22<\/span><\/a>Ver\u00f0i\u00f0 gj\u00f6rendur or\u00f0sins og eigi a\u00f0eins heyrendur \u00feess, ella sv\u00edki\u00f0 \u00fe\u00e9r sj\u00e1lfa y\u00f0ur.<a name=\"23\"><span class=\"versanumer\">23<\/span><\/a>\u00dev\u00ed a\u00f0 ef einhver er heyrandi or\u00f0sins og ekki gj\u00f6randi, \u00fe\u00e1 er hann l\u00edkur manni, er sko\u00f0ar andlit sitt \u00ed spegli.<a name=\"24\"><span class=\"versanumer\">24<\/span><\/a>Hann sko\u00f0ar sj\u00e1lfan sig, fer burt og gleymir jafnskj\u00f3tt, hvernig hann var.<a name=\"25\"><span class=\"versanumer\">25<\/span><\/a>En s\u00e1 sem skyggnist inn \u00ed hi\u00f0 fullkomna l\u00f6gm\u00e1l frelsisins og heldur s\u00e9r vi\u00f0 \u00fea\u00f0 og gleymir ekki \u00fev\u00ed, sem hann heyrir, heldur framkv\u00e6mir \u00fea\u00f0, hann mun s\u00e6ll ver\u00f0a \u00ed verkum s\u00ednum.<a name=\"26\"><span class=\"versanumer\">26<\/span><\/a>S\u00e1 sem \u00feykist vera gu\u00f0r\u00e6kinn, en hefur ekki taumhald \u00e1 tungu sinni, blekkir sj\u00e1lfan sig og gu\u00f0r\u00e6kni hans er f\u00e1n\u00fdt.<a name=\"27\"><span class=\"versanumer\">27<\/span><\/a>Hrein og flekklaus gu\u00f0r\u00e6kni fyrir Gu\u00f0i og f\u00f6\u00f0ur er \u00feetta, a\u00f0 vitja muna\u00f0arlausra og ekkna \u00ed \u00ferengingu \u00feeirra og var\u00f0veita sj\u00e1lfan sig \u00f3flekka\u00f0an af heiminum.<\/p>\n<div class=\"footnote1981\"><b>1.1<\/b> Jakob sbr Post 15.13+ &#8211; \u00fej\u00f3nn Jes\u00fa Krists R\u00f3m 1.1; Fil 1.1; 2P\u00e9t 1.1; J\u00fad 1 \u2013 Drottinn Jes\u00fa Kristur Jak 2.1; 5.14-15 \u2013 \u00ed dreifingunni Post 15.23; 1P\u00e9t 1.1 \u2013 t\u00f3lf kynkv\u00edslir Matt 19.28; Post 26.7<br \/>\n<b>1.2<\/b> Raunir R\u00f3m 5.3-5; Jak 1.12; 1P\u00e9t 1.6<br \/>\n<b>1.3<\/b> Tr\u00fafesti 1P\u00e9t 1.7 \u2013 raunir og \u00feolg\u00e6\u00f0i Jak 1.12; 5.11; sbr L\u00fak 8.13-15<br \/>\n<b>1.4<\/b> Fullkomin Jak 1.17,25; 2.22; 3.2; sbr Mtt 5.48; 19.21<br \/>\n<b>1.5<\/b> Viska Jak 3.13 \u2013 bi\u00f0ja um visku Okv 2.3-6; sbr Jak 4.2-3 \u2013 \u00f6rl\u00e1tlega R\u00f3m 12.8; 2Kor 11.3; K\u00f3l 3.22<br \/>\n<b>1.6<\/b> Bi\u00f0ja \u00ed tr\u00fa Matt 7.7; Mrk 11.24<br \/>\n<b>1.8<\/b> Tv\u00edlyndur Jak 4.8<br \/>\n<b>1.9<\/b> L\u00e1gt settur sbr 1Kor 1.26-29; 11.21-22; Jak 2.1-7; 5.1-6<br \/>\n<b>1.10-11<\/b> Visna sem bl\u00f3m Slm 102.5,12; Jes 40.6-8; 1P\u00e9t 1.24<br \/>\n<b>1.12<\/b> S\u00e6ll Matt 5.3+ ; L\u00fak 6.20+ ; 12.37-38; sbr Jak 1.25; 5.11 \u2013 k\u00f3r\u00f3na l\u00edfsins 1Kor 9.25+ ; Fil 4.1<br \/>\n<b>1.13<\/b> Gu\u00f0 freistar einskis S\u00edr 15.11-13<br \/>\n<b>1.14<\/b> Eigin girnd R\u00f3m 7.7-8; 1J\u00f3h 2.16-17<br \/>\n<b>1.15<\/b> Synd Jak 2.9; 4.17; 5.15-16 \u2013 dau\u00f0i Jak 5.20; sbr R\u00f3m 5.12; 6.23; 7.13<br \/>\n<b>1.17<\/b> S\u00e9rhver g\u00f3\u00f0 gj\u00f6f Matt 7.11 \u2013 fa\u00f0irinn Jak 1.27; 3.9 \u2013 fa\u00f0ir lj\u00f3sanna sbr 1M\u00f3s 1.3,14-18; 1J\u00f3h 1.5<br \/>\n<b>1.18<\/b> Vekja oss til l\u00edfs J\u00f3h 1.13 \u2013 me\u00f0 or\u00f0i sannleikans 1P\u00e9t 1.23-25; sbr Ef 1.13; K\u00f3l 1.5; 2T\u00edm 2.15; Jak 3.14; 5.19<br \/>\n<b>1.19<\/b> Flj\u00f3tur a\u00f0 heyra, seinn til a\u00f0 tala S\u00edr 5.11 \u2013 seinn til rei\u00f0i sbr 2M\u00f3s 34.6; Pr\u00e9d 7.9<br \/>\n<b>1.20<\/b> R\u00e9tt \u00ed augum Gu\u00f0s Jak 2.21-25; 3.18; 5.16; sbr Matt 5.6,10,20; 6.33<br \/>\n<b>1.21<\/b> Leggi\u00f0 af &#8230; Ef 4.22,25; K\u00f3l 3.8; 1P\u00e9t 2.1; sbr R\u00f3m 13.12; Heb 12.1<br \/>\n<b>1.22<\/b> Gerendur or\u00f0sins Matt 7.24; R\u00f3m 2.13<br \/>\n<b>1.25<\/b> L\u00f6gm\u00e1l frelsisins R\u00f3m 8.2; Gal 6.2; Jak 2.12; 1P\u00e9t 2.16 \u2013 framkv\u00e6ma sbr Jak 2.14 \u2013 s\u00e6ll \u00ed verkum s\u00ednum J\u00f3h 13.17<br \/>\n<b>1.26<\/b> Taumhald \u00e1 tungu sinni Slm 34.14; 39.2; 141.3<br \/>\n<b>1.27<\/b> Hrein og flekklaus gu\u00f0r\u00e6kni Jes 1.11-17,23; Jer 5.28; Esk 22.7; Sak 7.10 \u2013 \u00f3flekka\u00f0ur af heiminum sbr Jak 4.4<\/div>\n","protected":false},"excerpt":{"rendered":"<p>1Jakob, \u00fej\u00f3nn Gu\u00f0s og Drottins Jes\u00fa Krists, heilsar \u00feeim t\u00f3lf kynkv\u00edslum \u00ed dreifingunni.2\u00c1l\u00edti\u00f0 \u00fea\u00f0, br\u00e6\u00f0ur m\u00ednir, eint\u00f3mt gle\u00f0iefni, er \u00fe\u00e9r rati\u00f0 \u00ed \u00fdmiss konar raunir.3\u00de\u00e9r viti\u00f0, a\u00f0 tr\u00faarsta\u00f0festa y\u00f0ar vekur \u00feolg\u00e6\u00f0i,4en \u00feolg\u00e6\u00f0i\u00f0 \u00e1 a\u00f0 birtast \u00ed fullkomnu verki, til \u00feess a\u00f0 \u00fe\u00e9r s\u00e9u\u00f0 fullkomnir og algj\u00f6rir og y\u00f0ur s\u00e9 \u00ed engu \u00e1b\u00f3tavant.5Ef einhvern y\u00f0ar brestur visku, \u00fe\u00e1 bi\u00f0ji hann Gu\u00f0, sem gefur \u00f6llum \u00f6rl\u00e1tlega og \u00e1t\u00f6lulaust, og honum mun gefast.6En hann bi\u00f0ji \u00ed tr\u00fa, \u00e1n \u00feess a\u00f0 efast. S\u00e1 sem efast er l\u00edkur sj\u00e1var\u00f6ldu, er r\u00eds og hrekst fyrir vindi.7S\u00e1 ma\u00f0ur, tv\u00edlyndur og reikull \u00e1 \u00f6llum vegum s\u00ednum, m\u00e1 eigi <a href=\"https:\/\/biblian.is\/1981\/jakobsbrefid-1-kafli\/\"> [&#8230;]<\/a><\/p>\n","protected":false},"author":1,"featured_media":0,"parent":0,"menu_order":0,"comment_status":"open","ping_status":"open","template":"bibliukaflar.php","meta":{"footnotes":""},"class_list":["post-2494","page","type-page","status-publish","hentry"],"_links":{"self":[{"href":"https:\/\/biblian.is\/1981\/wp-json\/wp\/v2\/pages\/2494","targetHints":{"allow":["GET"]}}],"collection":[{"href":"https:\/\/biblian.is\/1981\/wp-json\/wp\/v2\/pages"}],"about":[{"href":"https:\/\/biblian.is\/1981\/wp-json\/wp\/v2\/types\/page"}],"author":[{"embeddable":true,"href":"https:\/\/biblian.is\/1981\/wp-json\/wp\/v2\/users\/1"}],"replies":[{"embeddable":true,"href":"https:\/\/biblian.is\/1981\/wp-json\/wp\/v2\/comments?post=2494"}],"version-history":[{"count":0,"href":"https:\/\/biblian.is\/1981\/wp-json\/wp\/v2\/pages\/2494\/revisions"}],"wp:attachment":[{"href":"https:\/\/biblian.is\/1981\/wp-json\/wp\/v2\/media?parent=2494"}],"curies":[{"name":"wp","href":"https:\/\/api.w.org\/{rel}","templated":true}]}}