{"id":2492,"date":"2017-11-18T20:22:01","date_gmt":"2017-11-18T20:22:01","guid":{"rendered":"http:\/\/biblian.is\/1981\/hebreabrefid-12-kafli\/"},"modified":"2021-06-06T10:45:42","modified_gmt":"2021-06-06T10:45:42","slug":"hebreabrefid-12-kafli","status":"publish","type":"page","link":"https:\/\/biblian.is\/1981\/hebreabrefid-12-kafli\/","title":{"rendered":"Hebreabr\u00e9fi\u00f0 12. kafli"},"content":{"rendered":"<p><a name=\"1\"><span class=\"versanumer\">1<\/span><\/a>Fyrst v\u00e9r erum umkringdir sl\u00edkum fj\u00f6lda votta, l\u00e9ttum \u00fe\u00e1 af oss allri byr\u00f0i og vi\u00f0lo\u00f0andi synd og \u00fereytum \u00feolg\u00f3\u00f0ir skei\u00f0 \u00fea\u00f0, sem v\u00e9r eigum framundan.<a name=\"2\"><span class=\"versanumer\">2<\/span><\/a>Beinum sj\u00f3num vorum til Jes\u00fa, h\u00f6fundar og fullkomnara tr\u00faarinnar. Vegna gle\u00f0i \u00feeirrar, er bei\u00f0 hans, lei\u00f0 hann \u00feolinm\u00f3\u00f0lega \u00e1 krossi, mat sm\u00e1n einskis og hefur n\u00fa setst til h\u00e6gri handar h\u00e1s\u00e6ti Gu\u00f0s.<a name=\"3\"><span class=\"versanumer\">3<\/span><\/a>Vir\u00f0i\u00f0 hann fyrir y\u00f0ur, sem \u00feola\u00f0 hefur sl\u00edkan fjandskap gegn s\u00e9r af syndurum, til \u00feess a\u00f0 \u00fe\u00e9r \u00fereytist ekki og l\u00e1ti\u00f0 hugfallast.<a name=\"4\"><span class=\"versanumer\">4<\/span><\/a>\u00cd bar\u00e1ttu y\u00f0ar vi\u00f0 syndina hafi\u00f0 \u00fe\u00e9r ekki enn \u00fe\u00e1 sta\u00f0i\u00f0 \u00ed gegn, svo a\u00f0 bl\u00f3\u00f0 hafi runni\u00f0.<a name=\"5\"><span class=\"versanumer\">5<\/span><\/a>Og \u00fe\u00e9r hafi\u00f0 gleymt \u00e1minningunni, sem \u00e1varpar y\u00f0ur eins og syni: Sonur minn, l\u00edtilsvir\u00f0 ekki hirtingu Drottins, og l\u00e1t ekki heldur hugfallast er hann tyftar \u00feig.<a name=\"6\"><span class=\"versanumer\">6<\/span><\/a>\u00dev\u00ed a\u00f0 Drottinn agar \u00feann, sem hann elskar, og hirtir har\u00f0lega hvern \u00feann son, er hann a\u00f0 s\u00e9r tekur.<a name=\"7\"><span class=\"versanumer\">7<\/span><\/a>\u00deoli\u00f0 aga. Gu\u00f0 fer me\u00f0 y\u00f0ur eins og syni. Hver er s\u00e1 sonur, sem fa\u00f0irinn ekki agar?<a name=\"8\"><span class=\"versanumer\">8<\/span><\/a>En s\u00e9u\u00f0 \u00fe\u00e9r \u00e1n aga, sem allir hafa fyrir or\u00f0i\u00f0, \u00fe\u00e1 eru\u00f0 \u00fe\u00e9r \u00fer\u00e6lbornir og ekki synir.<a name=\"9\"><span class=\"versanumer\">9<\/span><\/a>Enn er \u00fea\u00f0, a\u00f0 v\u00e9r bjuggum vi\u00f0 aga jar\u00f0neskra fe\u00f0ra og b\u00e1rum vir\u00f0ingu fyrir \u00feeim. Skyldum v\u00e9r \u00fe\u00e1 ekki miklu fremur vera undirgefnir f\u00f6\u00f0ur andanna og lifa?<a name=\"10\"><span class=\"versanumer\">10<\/span><\/a>Fe\u00f0ur vorir \u00f6gu\u00f0u oss um f\u00e1a daga, eftir \u00fev\u00ed sem \u00feeim leist, en oss til gagns agar hann oss, svo a\u00f0 v\u00e9r f\u00e1um hlutdeild \u00ed heilagleika hans.<a name=\"11\"><span class=\"versanumer\">11<\/span><\/a>\u00cd bili vir\u00f0ist allur agi a\u00f0 v\u00edsu ekki vera gle\u00f0iefni, heldur hrygg\u00f0ar, en eftir \u00e1 gefur hann \u00feeim, er vi\u00f0 hann hafa tamist, \u00e1v\u00f6xt fri\u00f0ar og r\u00e9ttl\u00e6tis.<a name=\"12\"><span class=\"versanumer\">12<\/span><\/a>R\u00e9tti\u00f0 \u00fev\u00ed \u00far m\u00e1ttvana h\u00f6ndum og magn\u00ferota knj\u00e1m.<a name=\"13\"><span class=\"versanumer\">13<\/span><\/a>L\u00e1ti\u00f0 f\u00e6tur y\u00f0ar feta beinar brautir, til \u00feess a\u00f0 hi\u00f0 fatla\u00f0a vindist ekki \u00far li\u00f0i, en ver\u00f0i heilt.<a name=\"14\"><span class=\"versanumer\">14<\/span><\/a>Stundi\u00f0 fri\u00f0 vi\u00f0 alla menn og helgun, \u00fev\u00ed a\u00f0 \u00e1n hennar f\u00e6r enginn Drottin liti\u00f0.<a name=\"15\"><span class=\"versanumer\">15<\/span><\/a>Hafi\u00f0 g\u00e1t \u00e1, a\u00f0 enginn missi af Gu\u00f0s n\u00e1\u00f0, a\u00f0 engin beiskjur\u00f3t renni upp, sem truflun valdi, og margir saurgist af.<a name=\"16\"><span class=\"versanumer\">16<\/span><\/a>G\u00e6ti\u00f0 \u00feess, a\u00f0 eigi s\u00e9 neinn h\u00f3rkarl e\u00f0a vanheilagur, eins og Esa\u00fa, sem fyrir einn m\u00e1lsver\u00f0 l\u00e9t af hendi frumbur\u00f0arr\u00e9tt sinn.<a name=\"17\"><span class=\"versanumer\">17<\/span><\/a>\u00de\u00e9r viti\u00f0, a\u00f0 \u00fea\u00f0 f\u00f3r l\u00edka svo fyrir honum, a\u00f0 hann var r\u00e6kur gj\u00f6r, \u00feegar hann s\u00ed\u00f0ar vildi \u00f6\u00f0last blessunina, \u00fe\u00f3 a\u00f0 hann gr\u00e1tb\u00e6ndi um hana. Hann f\u00e9kk ekki f\u00e6ri \u00e1 a\u00f0 i\u00f0rast.<a name=\"18\"><span class=\"versanumer\">18<\/span><\/a>\u00de\u00e9r eru\u00f0 ekki komnir til fjalls, sem \u00e1 ver\u00f0ur \u00fereifa\u00f0, ekki til brennandi elds og sorta, myrkurs, ofvi\u00f0ris<a name=\"19\"><span class=\"versanumer\">19<\/span><\/a>og b\u00e1s\u00fanuhlj\u00f3ms og raustar sem tala\u00f0i svo a\u00f0 \u00feeir, sem hana heyr\u00f0u, b\u00e1\u00f0ust undan \u00fev\u00ed a\u00f0 meira v\u00e6ri til s\u00edn tala\u00f0.<a name=\"20\"><span class=\"versanumer\">20<\/span><\/a>\u00dev\u00ed a\u00f0 \u00feeir \u00feoldu ekki \u00fea\u00f0, sem fyrir var skipa\u00f0: \u00de\u00f3 a\u00f0 \u00fea\u00f0 s\u00e9 ekki nema skepna, sem kemur vi\u00f0 fjalli\u00f0, skal h\u00fan gr\u00fdtt ver\u00f0a.<a name=\"21\"><span class=\"versanumer\">21<\/span><\/a>Svo \u00f3gurlegt var \u00fea\u00f0, sem fyrir augu bar, a\u00f0 M\u00f3se sag\u00f0i: \u00c9g er mj\u00f6g hr\u00e6ddur og skelfdur.<a name=\"22\"><span class=\"versanumer\">22<\/span><\/a>Nei, \u00fe\u00e9r eru\u00f0 komnir til S\u00edonfjalls og borgar Gu\u00f0s lifanda, hinnar himnesku Jer\u00fasalem, til tug\u00fe\u00fasunda engla,<a name=\"23\"><span class=\"versanumer\">23<\/span><\/a>til h\u00e1t\u00ed\u00f0arsamkomu og safna\u00f0ar frumgetinna, sem \u00e1 himnum eru skr\u00e1\u00f0ir, til Gu\u00f0s, d\u00f3mara allra, og til anda r\u00e9ttl\u00e1tra, sem fullkomnir eru or\u00f0nir,<a name=\"24\"><span class=\"versanumer\">24<\/span><\/a>og til Jes\u00fa, me\u00f0algangara n\u00fds s\u00e1ttm\u00e1la, og til bl\u00f3\u00f0sins, sem hreinsar og talar kr\u00f6ftuglegar en bl\u00f3\u00f0 Abels.<a name=\"25\"><span class=\"versanumer\">25<\/span><\/a>G\u00e6ti\u00f0 \u00feess, a\u00f0 \u00fe\u00e9r hafni\u00f0 ekki \u00feeim sem talar. \u00deeir, sem h\u00f6fnu\u00f0u \u00feeim er gaf gu\u00f0lega bendingu \u00e1 j\u00f6r\u00f0u, komust ekki undan. Miklu s\u00ed\u00f0ur munum v\u00e9r undan komast, ef v\u00e9r gj\u00f6rumst fr\u00e1hverfir honum, er gu\u00f0lega bendingu gefur fr\u00e1 himnum.<a name=\"26\"><span class=\"versanumer\">26<\/span><\/a>Raust hans l\u00e9t j\u00f6r\u00f0ina bifast fyrrum. En n\u00fa hefur hann lofa\u00f0: Enn einu sinni mun \u00e9g hr\u00e6ra j\u00f6r\u00f0ina og ekki hana eina, heldur og himininn.<a name=\"27\"><span class=\"versanumer\">27<\/span><\/a>Or\u00f0in: Enn einu sinni, s\u00fdna, a\u00f0 \u00fea\u00f0, sem bifast, er skapa\u00f0 og hverfur, til \u00feess a\u00f0 \u00fea\u00f0 standi st\u00f6\u00f0ugt, sem eigi bifast.<a name=\"28\"><span class=\"versanumer\">28<\/span><\/a>\u00dear sem v\u00e9r \u00fev\u00ed f\u00e1um r\u00edki, sem ekki getur bifast, skulum v\u00e9r \u00feakka \u00fea\u00f0 og \u00fej\u00f3na Gu\u00f0i, svo sem honum \u00fe\u00f3knast, me\u00f0 lotningu og \u00f3tta.<a name=\"29\"><span class=\"versanumer\">29<\/span><\/a>\u00dev\u00ed a\u00f0 vor Gu\u00f0 er ey\u00f0andi eldur.<\/p>\n<div class=\"footnote1981\"><b>12.1<\/b> \u00deolg\u00f3\u00f0 Heb 10.32; 1Kor 9.24-27; Fil 3.12; 1T\u00edm 6.12; 2T\u00edm 2.5<br \/>\n<b>12.2<\/b> H\u00f6fundur og fullkomnari Heb 2.10 \u2013 til h\u00e6gri handar Matt 22.44+<br \/>\n<b>12.5-6<\/b> Sbr Okv 3.11-12<br \/>\n<b>12.7<\/b> \u00deoli\u00f0 aga 5M\u00f3s 8.5; 2Sam 7.14<br \/>\n<b>12.12<\/b> Jes 35.3<br \/>\n<b>12.13<\/b> Sbr Okv 4.26<br \/>\n<b>12.15<\/b> 5M\u00f3s 29.17-19; Heb 6.4-8; 10.26-31<br \/>\n<b>12.16<\/b> Esa\u00fa 1M\u00f3s 25.33-34<br \/>\n<b>12.17<\/b> B\u00f3n Esa\u00fa 1M\u00f3s 27.34<br \/>\n<b>12.18-19<\/b> Opinberun Gus\u00f0 \u00e1 S\u00edna\u00ed 2M\u00f3s 19.16-21; 20.18-21; 5M\u00f3s 4.11-12; 5.23<br \/>\n<b>12.20<\/b> 2M\u00f3s 19.12-13<br \/>\n<b>12.21<\/b> 5M\u00f3s 9.19<br \/>\n<b>12.22<\/b> Himnesk Jer\u00fasalem Heb 11.10+<br \/>\n<b>12.24<\/b> N\u00fdr s\u00e1ttm\u00e1li Heb 8.8-12 \u2013 Abel Heb11.4+<br \/>\n<b>12.26<\/b> Hag 2.6<br \/>\n<b>12.28<\/b> F\u00e1um r\u00edki Dan 7.18<br \/>\n<b>12.29<\/b> Ey\u00f0andi eldur 5M\u00f3s 4.24; 9.3; Jes 33.14<\/div>\n","protected":false},"excerpt":{"rendered":"<p>1Fyrst v\u00e9r erum umkringdir sl\u00edkum fj\u00f6lda votta, l\u00e9ttum \u00fe\u00e1 af oss allri byr\u00f0i og vi\u00f0lo\u00f0andi synd og \u00fereytum \u00feolg\u00f3\u00f0ir skei\u00f0 \u00fea\u00f0, sem v\u00e9r eigum framundan.2Beinum sj\u00f3num vorum til Jes\u00fa, h\u00f6fundar og fullkomnara tr\u00faarinnar. Vegna gle\u00f0i \u00feeirrar, er bei\u00f0 hans, lei\u00f0 hann \u00feolinm\u00f3\u00f0lega \u00e1 krossi, mat sm\u00e1n einskis og hefur n\u00fa setst til h\u00e6gri handar h\u00e1s\u00e6ti Gu\u00f0s.3Vir\u00f0i\u00f0 hann fyrir y\u00f0ur, sem \u00feola\u00f0 hefur sl\u00edkan fjandskap gegn s\u00e9r af syndurum, til \u00feess a\u00f0 \u00fe\u00e9r \u00fereytist ekki og l\u00e1ti\u00f0 hugfallast.4\u00cd bar\u00e1ttu y\u00f0ar vi\u00f0 syndina hafi\u00f0 \u00fe\u00e9r ekki enn \u00fe\u00e1 sta\u00f0i\u00f0 \u00ed gegn, svo a\u00f0 bl\u00f3\u00f0 hafi runni\u00f0.5Og \u00fe\u00e9r hafi\u00f0 gleymt \u00e1minningunni, sem \u00e1varpar <a href=\"https:\/\/biblian.is\/1981\/hebreabrefid-12-kafli\/\"> [&#8230;]<\/a><\/p>\n","protected":false},"author":1,"featured_media":0,"parent":0,"menu_order":0,"comment_status":"open","ping_status":"open","template":"bibliukaflar.php","meta":{"footnotes":""},"class_list":["post-2492","page","type-page","status-publish","hentry"],"_links":{"self":[{"href":"https:\/\/biblian.is\/1981\/wp-json\/wp\/v2\/pages\/2492","targetHints":{"allow":["GET"]}}],"collection":[{"href":"https:\/\/biblian.is\/1981\/wp-json\/wp\/v2\/pages"}],"about":[{"href":"https:\/\/biblian.is\/1981\/wp-json\/wp\/v2\/types\/page"}],"author":[{"embeddable":true,"href":"https:\/\/biblian.is\/1981\/wp-json\/wp\/v2\/users\/1"}],"replies":[{"embeddable":true,"href":"https:\/\/biblian.is\/1981\/wp-json\/wp\/v2\/comments?post=2492"}],"version-history":[{"count":0,"href":"https:\/\/biblian.is\/1981\/wp-json\/wp\/v2\/pages\/2492\/revisions"}],"wp:attachment":[{"href":"https:\/\/biblian.is\/1981\/wp-json\/wp\/v2\/media?parent=2492"}],"curies":[{"name":"wp","href":"https:\/\/api.w.org\/{rel}","templated":true}]}}