{"id":2487,"date":"2017-11-18T20:21:55","date_gmt":"2017-11-18T20:21:55","guid":{"rendered":"http:\/\/biblian.is\/1981\/hebreabrefid-7-kafli\/"},"modified":"2017-11-18T20:21:55","modified_gmt":"2017-11-18T20:21:55","slug":"hebreabrefid-7-kafli","status":"publish","type":"page","link":"https:\/\/biblian.is\/1981\/hebreabrefid-7-kafli\/","title":{"rendered":"Hebreabr\u00e9fi\u00f0 7. kafli"},"content":{"rendered":"<p><a name=\"1\"><span class=\"versanumer\">1<\/span><\/a>Melk\u00edsedek \u00feessi var konungur \u00ed Salem og prestur Gu\u00f0s hins h\u00e6sta. Hann gekk \u00e1 m\u00f3ti Abraham og blessa\u00f0i hann, \u00feegar hann sneri heimlei\u00f0is eftir a\u00f0 hafa unni\u00f0 sigur \u00e1 konungunum.<a name=\"2\"><span class=\"versanumer\">2<\/span><\/a>Og honum l\u00e9t Abraham \u00ed t\u00e9 t\u00edund af \u00f6llu. Fyrst \u00fe\u00fd\u00f0ir nafn hans r\u00e9ttl\u00e6tis konungur, en hann heitir enn fremur Salem-konungur, \u00fea\u00f0 er fri\u00f0ar konungur.<a name=\"3\"><span class=\"versanumer\">3<\/span><\/a>Hann er f\u00f6\u00f0urlaus, m\u00f3\u00f0urlaus, ekki \u00e6ttf\u00e6r\u00f0ur, og hefur hvorki upphaf daga n\u00e9 endi l\u00edfs. Hann er l\u00edkur syni Gu\u00f0s, hann heldur \u00e1fram a\u00f0 vera prestur um aldur.<a name=\"4\"><span class=\"versanumer\">4<\/span><\/a>Vir\u00f0i\u00f0 n\u00fa fyrir y\u00f0ur, hv\u00edl\u00edkur ma\u00f0ur \u00fea\u00f0 var, sem Abraham, sj\u00e1lfur forfa\u00f0irinn, gaf valda t\u00edund af herfanginu.<a name=\"5\"><span class=\"versanumer\">5<\/span><\/a>Og v\u00edst er um \u00fea\u00f0, a\u00f0 \u00feeim Lev\u00edsonum, er prest\u00fej\u00f3nustuna f\u00e1, er bo\u00f0i\u00f0 a\u00f0 taka t\u00edund af l\u00fd\u00f0num eftir l\u00f6gm\u00e1linu, \u00fea\u00f0 er a\u00f0 segja af br\u00e6\u00f0rum s\u00ednum, enda \u00fe\u00f3tt \u00feeir s\u00e9u komnir af Abraham.<a name=\"6\"><span class=\"versanumer\">6<\/span><\/a>En s\u00e1, er eigi var \u00e6ttf\u00e6r\u00f0ur til \u00feeirra, t\u00f3k t\u00edund af Abraham og blessa\u00f0i \u00feann, er fyrirheitin haf\u00f0i.<a name=\"7\"><span class=\"versanumer\">7<\/span><\/a>En me\u00f0 \u00f6llu er \u00fea\u00f0 \u00f3m\u00f3tm\u00e6lanlegt, a\u00f0 s\u00e1 sem er meiri blessar \u00feann sem minni er.<a name=\"8\"><span class=\"versanumer\">8<\/span><\/a>H\u00e9r taka dau\u00f0legir menn t\u00edund, en \u00fear t\u00f3k s\u00e1 er um var vitna\u00f0, a\u00f0 hann lifi \u00e1fram.<a name=\"9\"><span class=\"versanumer\">9<\/span><\/a>Og svo m\u00e1 a\u00f0 or\u00f0i kve\u00f0a, a\u00f0 enda Lev\u00ed, hann sem t\u00edund tekur, hafi greitt t\u00edund, \u00fear sem Abraham gj\u00f6r\u00f0i \u00fea\u00f0,<a name=\"10\"><span class=\"versanumer\">10<\/span><\/a>\u00fev\u00ed a\u00f0 enn \u00fe\u00e1 var hann \u00ed lend forf\u00f6\u00f0ur s\u00edns, \u00feegar Melk\u00edsedek gekk \u00e1 m\u00f3ti honum.<a name=\"11\"><span class=\"versanumer\">11<\/span><\/a>Hef\u00f0i n\u00fa fullkomnun fengist me\u00f0 lev\u00edska prestd\u00f3minum, en hann var grundv\u00f6llur l\u00f6gm\u00e1lsins, sem l\u00fd\u00f0urinn f\u00e9kk, hver var \u00fe\u00e1 framar \u00fe\u00f6rf \u00feess a\u00f0 segja a\u00f0 koma skyldi annars konar prestur a\u00f0 h\u00e6tti Melk\u00edsedeks, en ekki a\u00f0 h\u00e6tti Arons?<a name=\"12\"><span class=\"versanumer\">12<\/span><\/a>\u00deegar prestd\u00f3murinn breytist, \u00fe\u00e1 ver\u00f0ur og breyting \u00e1 l\u00f6gm\u00e1linu.<a name=\"13\"><span class=\"versanumer\">13<\/span><\/a>S\u00e1 sem \u00feetta er sagt um var af annarri \u00e6tt, og af \u00feeirri \u00e6tt hefur enginn innt \u00fej\u00f3nustu af hendi vi\u00f0 altari\u00f0.<a name=\"14\"><span class=\"versanumer\">14<\/span><\/a>\u00dev\u00ed a\u00f0 alkunnugt er, a\u00f0 Drottinn vor er af J\u00fada upp runninn, en M\u00f3se hefur ekkert um presta tala\u00f0, a\u00f0 \u00fev\u00ed er var\u00f0ar \u00fe\u00e1 \u00e6ttkv\u00edsl.<a name=\"15\"><span class=\"versanumer\">15<\/span><\/a>\u00deetta er enn miklu bers\u00fdnilegra \u00e1 \u00fev\u00ed, a\u00f0 upp er kominn annar prestur, l\u00edkur Melk\u00edsedek.<a name=\"16\"><span class=\"versanumer\">16<\/span><\/a>Hann var\u00f0 ekki prestur eftir mannlegum l\u00f6gm\u00e1lsbo\u00f0um, heldur \u00ed krafti \u00f3hagganlegs l\u00edfs.<a name=\"17\"><span class=\"versanumer\">17<\/span><\/a>\u00dev\u00ed a\u00f0 um hann er vitna\u00f0: \u00de\u00fa ert prestur a\u00f0 eil\u00edfu a\u00f0 h\u00e6tti Melk\u00edsedeks.<a name=\"18\"><span class=\"versanumer\">18<\/span><\/a>Hi\u00f0 fyrra bo\u00f0or\u00f0 er \u00fear me\u00f0 \u00f3gilt, af \u00fev\u00ed a\u00f0 \u00fea\u00f0 var vanm\u00e1ttugt og gagnslaust.<a name=\"19\"><span class=\"versanumer\">19<\/span><\/a>L\u00f6gm\u00e1li\u00f0 gj\u00f6r\u00f0i ekkert fullkomi\u00f0. En jafnframt er leidd inn betri von. Fyrir hana n\u00e1lgumst v\u00e9r Gu\u00f0.<a name=\"20\"><span class=\"versanumer\">20<\/span><\/a>\u00deetta var\u00f0 ekki \u00e1n ei\u00f0s. Hinir ur\u00f0u prestar \u00e1n ei\u00f0s,<a name=\"21\"><span class=\"versanumer\">21<\/span><\/a>en hann me\u00f0 ei\u00f0i, \u00feegar Gu\u00f0 sag\u00f0i vi\u00f0 hann: Drottinn s\u00f3r, og ekki mun hann i\u00f0ra \u00feess: \u00de\u00fa ert prestur a\u00f0 eil\u00edfu.<a name=\"22\"><span class=\"versanumer\">22<\/span><\/a>\u00deessi samanbur\u00f0ur s\u00fdnir, a\u00f0 Jes\u00fas er or\u00f0inn \u00e1byrg\u00f0arma\u00f0ur betri s\u00e1ttm\u00e1la.<a name=\"23\"><span class=\"versanumer\">23<\/span><\/a>Enn fremur ur\u00f0u hinir prestarnir margir af \u00fev\u00ed a\u00f0 dau\u00f0inn meina\u00f0i \u00feeim a\u00f0 vera \u00e1fram.<a name=\"24\"><span class=\"versanumer\">24<\/span><\/a>En hann er a\u00f0 eil\u00edfu og hefur prestd\u00f3m \u00fear sem ekki ver\u00f0a mannaskipti.<a name=\"25\"><span class=\"versanumer\">25<\/span><\/a>\u00deess vegna getur hann og til fulls frelsa\u00f0 \u00fe\u00e1, sem fyrir hann ganga fram fyrir Gu\u00f0, \u00fear sem hann \u00e1vallt lifir til a\u00f0 bi\u00f0ja fyrir \u00feeim.<a name=\"26\"><span class=\"versanumer\">26<\/span><\/a>Sl\u00edks \u00e6\u00f0sta prests h\u00f6f\u00f0um v\u00e9r \u00fe\u00f6rf, sem er heilagur, svikalaus, \u00f3flekka\u00f0ur, greindur fr\u00e1 syndurum og or\u00f0inn himnunum h\u00e6rri.<a name=\"27\"><span class=\"versanumer\">27<\/span><\/a>Hann \u00fearf ekki daglega, eins og hinir \u00e6\u00f0stu prestarnir, fyrst a\u00f0 bera fram f\u00f3rnir fyrir eigin syndir, s\u00ed\u00f0an fyrir syndir l\u00fd\u00f0sins. \u00dea\u00f0 gj\u00f6r\u00f0i hann \u00ed eitt skipti fyrir \u00f6ll, er hann f\u00f3rnf\u00e6r\u00f0i sj\u00e1lfum s\u00e9r.<a name=\"28\"><span class=\"versanumer\">28<\/span><\/a>L\u00f6gm\u00e1li\u00f0 skipar menn \u00e6\u00f0stu presta, sem eru veikleika h\u00e1\u00f0ir, en ei\u00f0urinn, er kom \u00e1 eftir l\u00f6gm\u00e1linu, skipar son, fullkominn gj\u00f6r\u00f0an a\u00f0 eil\u00edfu.<\/p>\n<div class=\"footnote1981\"><b>7.1<\/b> Melk\u00edsedek 1M\u00f3s 14.17-20<br \/>\n<b>7.5<\/b> \u00c1kv\u00e6\u00f0i um t\u00edund 4M\u00f3s 18.21<br \/>\n<b>7.14<\/b> Jes\u00fas af \u00e6tt Dav\u00ed\u00f0s L\u00fak 1.32; Matt 9.27; R\u00f3m 1.3; 2T\u00edm 2.8 \u2013 af J\u00fada \u00e6tt Matt 1.2; L\u00fak 3.33; Opb 5.5<br \/>\n<b>7.17<\/b> Sbr Slm 110.4; Heb 5.6; 6.20<br \/>\n<b>7.22<\/b> Betri s\u00e1ttm\u00e1li Heb 8.6<br \/>\n<b>7.25<\/b> Kristur bi\u00f0ur fyrir \u00feeim R\u00f3m 8.34; 1J\u00f3h 2.1<br \/>\n<b>7.26<\/b> \u00c6\u00f0sti prestur Heb 2.17+<br \/>\n<b>7.27<\/b> F\u00f3rnir fyrir eigin syndir Heb 5.3+<br \/>\n<b>7.28<\/b> Breyskir menn Heb 5.2+<\/div>\n","protected":false},"excerpt":{"rendered":"<p>1Melk\u00edsedek \u00feessi var konungur \u00ed Salem og prestur Gu\u00f0s hins h\u00e6sta. Hann gekk \u00e1 m\u00f3ti Abraham og blessa\u00f0i hann, \u00feegar hann sneri heimlei\u00f0is eftir a\u00f0 hafa unni\u00f0 sigur \u00e1 konungunum.2Og honum l\u00e9t Abraham \u00ed t\u00e9 t\u00edund af \u00f6llu. Fyrst \u00fe\u00fd\u00f0ir nafn hans r\u00e9ttl\u00e6tis konungur, en hann heitir enn fremur Salem-konungur, \u00fea\u00f0 er fri\u00f0ar konungur.3Hann er f\u00f6\u00f0urlaus, m\u00f3\u00f0urlaus, ekki \u00e6ttf\u00e6r\u00f0ur, og hefur hvorki upphaf daga n\u00e9 endi l\u00edfs. Hann er l\u00edkur syni Gu\u00f0s, hann heldur \u00e1fram a\u00f0 vera prestur um aldur.4Vir\u00f0i\u00f0 n\u00fa fyrir y\u00f0ur, hv\u00edl\u00edkur ma\u00f0ur \u00fea\u00f0 var, sem Abraham, sj\u00e1lfur forfa\u00f0irinn, gaf valda t\u00edund af herfanginu.5Og v\u00edst er um \u00fea\u00f0, <a href=\"https:\/\/biblian.is\/1981\/hebreabrefid-7-kafli\/\"> [&#8230;]<\/a><\/p>\n","protected":false},"author":1,"featured_media":0,"parent":0,"menu_order":0,"comment_status":"open","ping_status":"open","template":"bibliukaflar.php","meta":{"footnotes":""},"class_list":["post-2487","page","type-page","status-publish","hentry"],"_links":{"self":[{"href":"https:\/\/biblian.is\/1981\/wp-json\/wp\/v2\/pages\/2487","targetHints":{"allow":["GET"]}}],"collection":[{"href":"https:\/\/biblian.is\/1981\/wp-json\/wp\/v2\/pages"}],"about":[{"href":"https:\/\/biblian.is\/1981\/wp-json\/wp\/v2\/types\/page"}],"author":[{"embeddable":true,"href":"https:\/\/biblian.is\/1981\/wp-json\/wp\/v2\/users\/1"}],"replies":[{"embeddable":true,"href":"https:\/\/biblian.is\/1981\/wp-json\/wp\/v2\/comments?post=2487"}],"version-history":[{"count":0,"href":"https:\/\/biblian.is\/1981\/wp-json\/wp\/v2\/pages\/2487\/revisions"}],"wp:attachment":[{"href":"https:\/\/biblian.is\/1981\/wp-json\/wp\/v2\/media?parent=2487"}],"curies":[{"name":"wp","href":"https:\/\/api.w.org\/{rel}","templated":true}]}}