{"id":2474,"date":"2017-11-18T20:21:55","date_gmt":"2017-11-18T20:21:55","guid":{"rendered":"http:\/\/biblian.is\/1981\/sidara-timoteusarbref-2-kafli\/"},"modified":"2021-06-06T11:10:16","modified_gmt":"2021-06-06T11:10:16","slug":"sidara-timoteusarbref-2-kafli","status":"publish","type":"page","link":"https:\/\/biblian.is\/1981\/sidara-timoteusarbref-2-kafli\/","title":{"rendered":"S\u00ed\u00f0ara T\u00edm\u00f3teusarbr\u00e9f 2. kafli"},"content":{"rendered":"<p><a name=\"1\"><span class=\"versanumer\">1<\/span><\/a>Styrkst \u00fe\u00fa \u00fe\u00e1, sonur minn, \u00ed n\u00e1\u00f0inni, sem f\u00e6st fyrir Krist Jes\u00fa.<a name=\"2\"><span class=\"versanumer\">2<\/span><\/a>Og \u00fea\u00f0 sem \u00fe\u00fa heyr\u00f0ir mig tala \u00ed margra votta vi\u00f0urvist, \u00fea\u00f0 skalt \u00fe\u00fa f\u00e1 \u00ed hendur tr\u00faum m\u00f6nnum, sem l\u00edka munu f\u00e6rir um a\u00f0 kenna \u00f6\u00f0rum.<a name=\"3\"><span class=\"versanumer\">3<\/span><\/a>\u00de\u00fa skalt og a\u00f0 \u00fe\u00ednu leyti illt \u00feola, eins og g\u00f3\u00f0ur herma\u00f0ur Krists Jes\u00fa.<a name=\"4\"><span class=\"versanumer\">4<\/span><\/a>Enginn herma\u00f0ur bendlar sig vi\u00f0 atvinnust\u00f6rf. \u00de\u00e1 \u00fe\u00f3knast hann ekki \u00feeim, sem hefur teki\u00f0 hann \u00e1 m\u00e1la.<a name=\"5\"><span class=\"versanumer\">5<\/span><\/a>Og s\u00e1 sem keppir \u00ed \u00ed\u00fer\u00f3ttum f\u00e6r ekki sigursveiginn, nema hann keppi l\u00f6glega.<a name=\"6\"><span class=\"versanumer\">6<\/span><\/a>B\u00f3ndinn, sem erfi\u00f0ar, \u00e1 fyrstur a\u00f0 f\u00e1 sinn hlut af \u00e1v\u00f6xtunum.<a name=\"7\"><span class=\"versanumer\">7<\/span><\/a>Tak eftir \u00fev\u00ed, sem \u00e9g segi. Drottinn mun gefa \u00fe\u00e9r skilning \u00e1 \u00f6llu.<a name=\"8\"><span class=\"versanumer\">8<\/span><\/a>Minnst \u00fe\u00fa Jes\u00fa Krists, hans sem risinn er upp fr\u00e1 dau\u00f0um, af kyni Dav\u00ed\u00f0s, eins og bo\u00f0a\u00f0 er \u00ed fagna\u00f0arerindi m\u00ednu.<a name=\"9\"><span class=\"versanumer\">9<\/span><\/a>Fyrir \u00fea\u00f0 l\u00ed\u00f0 \u00e9g illt og \u00fea\u00f0 jafnvel a\u00f0 vera \u00ed fj\u00f6trum eins og illvirki. En or\u00f0 Gu\u00f0s ver\u00f0ur ekki fj\u00f6tra\u00f0.<a name=\"10\"><span class=\"versanumer\">10<\/span><\/a>Fyrir \u00fev\u00ed \u00feoli \u00e9g allt sakir hinna \u00fatv\u00f6ldu, til \u00feess a\u00f0 \u00feeir einnig hlj\u00f3ti hj\u00e1lpr\u00e6\u00f0i\u00f0, \u00ed Kristi Jes\u00fa me\u00f0 eil\u00edfri d\u00fdr\u00f0.<a name=\"11\"><span class=\"versanumer\">11<\/span><\/a>\u00dea\u00f0 or\u00f0 er satt: Ef v\u00e9r h\u00f6fum d\u00e1i\u00f0 me\u00f0 honum, \u00fe\u00e1 munum v\u00e9r og lifa me\u00f0 honum.<a name=\"12\"><span class=\"versanumer\">12<\/span><\/a>Ef v\u00e9r st\u00f6ndum st\u00f6\u00f0ugir, \u00fe\u00e1 munum v\u00e9r og me\u00f0 honum r\u00edkja. Ef v\u00e9r afneitum honum, \u00fe\u00e1 mun hann og afneita oss.<a name=\"13\"><span class=\"versanumer\">13<\/span><\/a>\u00de\u00f3tt v\u00e9r s\u00e9um \u00f3tr\u00fair, \u00fe\u00e1 ver\u00f0ur hann samt tr\u00far, \u00fev\u00ed a\u00f0 ekki getur hann afneita\u00f0 sj\u00e1lfum s\u00e9r.<a name=\"14\"><span class=\"versanumer\">14<\/span><\/a>Minn \u00e1 \u00feetta og heit \u00e1 \u00fe\u00e1 fyrir augliti Gu\u00f0s a\u00f0 eiga ekki \u00ed or\u00f0ast\u00e6lum til einskis gagns, \u00e1heyrendum til falls.<a name=\"15\"><span class=\"versanumer\">15<\/span><\/a>Legg kapp \u00e1 a\u00f0 reynast h\u00e6fur fyrir Gu\u00f0i sem verkama\u00f0ur, er ekki \u00fearf a\u00f0 skammast s\u00edn og fer r\u00e9tt me\u00f0 or\u00f0 sannleikans.<a name=\"16\"><span class=\"versanumer\">16<\/span><\/a>For\u00f0ast \u00fe\u00fa hinar vanheil\u00f6gu h\u00e9g\u00f3mar\u00e6\u00f0ur, \u00fev\u00ed a\u00f0 \u00feeim, er leggja stund \u00e1 \u00fe\u00e6r, skilar lengra \u00e1fram \u00ed gu\u00f0leysi,<a name=\"17\"><span class=\"versanumer\">17<\/span><\/a>og l\u00e6rd\u00f3mur \u00feeirra etur um sig eins og helbruni. \u00cd h\u00f3pi \u00feeirra eru \u00feeir H\u00fdmeneus og F\u00edletus.<a name=\"18\"><span class=\"versanumer\">18<\/span><\/a>\u00deeir hinir s\u00f6mu hafa villst fr\u00e1 sannleikanum, \u00fear sem \u00feeir segja upprisuna \u00feegar um gar\u00f0 gengna og umhverfa tr\u00fa sumra manna.<a name=\"19\"><span class=\"versanumer\">19<\/span><\/a>En Gu\u00f0s styrki grundv\u00f6llur stendur. Hann hefur \u00feetta innsigli: Drottinn \u00feekkir s\u00edna og hver s\u00e1, sem nefnir nafn Drottins, haldi s\u00e9r fr\u00e1 rangl\u00e6ti.<a name=\"20\"><span class=\"versanumer\">20<\/span><\/a>\u00c1 st\u00f3ru heimili eru ekki einungis gullker og silfurker, heldur og tr\u00e9ker og leirker. Sum eru til vi\u00f0hafnar, \u00f6nnur til \u00f3\u00feriflegri nota.<a name=\"21\"><span class=\"versanumer\">21<\/span><\/a>S\u00e1 sem f\u00e6r sig hreinan gj\u00f6rt af sl\u00edku, mun ver\u00f0a ker til vi\u00f0hafnar, helga\u00f0 og hagfellt h\u00fasb\u00f3ndanum, h\u00e6filegt til s\u00e9rhvers g\u00f3\u00f0s verks.<a name=\"22\"><span class=\"versanumer\">22<\/span><\/a>Fl\u00fd \u00fe\u00fa \u00e6skunnar girndir, en stunda r\u00e9ttl\u00e6ti, tr\u00fa, k\u00e6rleika og fri\u00f0 vi\u00f0 \u00fe\u00e1, sem \u00e1kalla Drottin af hreinu hjarta.<a name=\"23\"><span class=\"versanumer\">23<\/span><\/a>En hafna \u00fe\u00fa heimskulegum og \u00f3skynsamlegum \u00fer\u00e6tum. \u00de\u00fa veist, a\u00f0 \u00fe\u00e6r lei\u00f0a af s\u00e9r \u00f3fri\u00f0.<a name=\"24\"><span class=\"versanumer\">24<\/span><\/a>\u00dej\u00f3nn Drottins \u00e1 ekki a\u00f0 eiga \u00ed \u00f3fri\u00f0i, heldur \u00e1 hann a\u00f0 vera lj\u00fafur vi\u00f0 alla, g\u00f3\u00f0ur fr\u00e6\u00f0ari, \u00feolinn \u00ed \u00ferautum,<a name=\"25\"><span class=\"versanumer\">25<\/span><\/a>h\u00f3gv\u00e6r er hann agar \u00fe\u00e1, sem skipast \u00ed m\u00f3ti. Gu\u00f0 kynni a\u00f0 gefa \u00feeim sinnaskipti, sem leiddi \u00fe\u00e1 til \u00feekkingar \u00e1 sannleikanum,<a name=\"26\"><span class=\"versanumer\">26<\/span><\/a>\u00fe\u00e1 g\u00e6tu \u00feeir endurvitkast og losna\u00f0 \u00far sn\u00f6ru dj\u00f6fulsins, sem hefur veitt \u00fe\u00e1 til a\u00f0 gj\u00f6ra hans vilja.<\/p>\n<div class=\"footnote1981\"><b>2.3<\/b> Illt \u00feola 2T\u00edm 1.8<br \/>\n<b>2.5<\/b> Keppa \u00ed \u00ed\u00fer\u00f3ttum 1Kor 9.24+ &#8211; sigursveigur sbr 1Kor 9.25+<br \/>\n<b>2.6<\/b> F\u00e1 sinn hlut 1Kor 9.7,10<br \/>\n<b>2.8<\/b> Risinn upp fr\u00e1 dau\u00f0um 1Kor 15.4,20 \u2013 af kyni Dav\u00ed\u00f0s Matt 1.1+ ; sbr R\u00f3m 1.3-4<br \/>\n<b>2.9<\/b> \u00cd fj\u00f6trum Ef 3.1; Fil 1.12,14<br \/>\n<b>2.10<\/b> \u00deoli allt 1Kor 13.7 \u2013 sakir hinna \u00fatv\u00f6ldu K\u00f3l 1.24<br \/>\n<b>2.11<\/b> \u00dea\u00f0 or\u00f0 er satt 1T\u00edm 1.15+ &#8211; deyja og lifa me\u00f0 Kristi R\u00f3m 6.8<br \/>\n<b>2.12<\/b> Afneita Kristi Matt 10.33; L\u00fak 12.9<br \/>\n<b>2.13<\/b> Kristur samt tr\u00far R\u00f3m 3.3-4 \u2013 afneitar ekki sj\u00e1lfum s\u00e9r 4M\u00f3s 23.19; T\u00edt 1.2<br \/>\n<b>2.14<\/b> Or\u00f0ast\u00e6lur 1T\u00edm 6.4; T\u00edt 3.9<br \/>\n<b>2.15<\/b> Ekki \u00fearf a\u00f0 skammast s\u00edn 1T\u00edm 4.6; T\u00edt 2.7-8<br \/>\n<b>2.16<\/b> H\u00e9g\u00f3matal 1T\u00edm 4.7+<br \/>\n<b>2.17<\/b> H\u00fdmeneus 1T\u00edm 1.20<br \/>\n<b>2.18<\/b> Segja upprisuna um gar\u00f0 gengna sbr R\u00f3m 6.1-11; Ef 2.5; K\u00f3l 2.12-13; 3.1<br \/>\n<b>2.19<\/b> Hinn styrki grundv\u00f6llur 1) 1T\u00edm 3.15; 2) 1Kor 3.11; Ef 2.20; Opb 21.14 \u2013 Drottinn \u00feekkir s\u00edna 4M\u00f3s 16.5; J\u00f3h 10.14; 1Kor 8.3 \u2013 hver s\u00e1 sem &#8230; 4M\u00f3s 16.26; Jes 26.13<br \/>\n<b>2.20<\/b> Ker R\u00f3m 9.21-24<br \/>\n<b>2.21<\/b> Til vi\u00f0hafnar 2T\u00edm 3.17<br \/>\n<b>2.22<\/b> Fl\u00fd &#8230; stunda 1T\u00edm 6.11<br \/>\n<b>2.23<\/b> \u00d3skynsamlegar \u00fer\u00e6tur 1T\u00edm 4.7+<br \/>\n<b>2.24<\/b> Ekki \u00ed \u00f3fri\u00f0i 1T\u00edm 3.3; T\u00edt 1.7; 3.2<br \/>\n<b>2.25<\/b> Til \u00feekkingar \u00e1 sannleikanum 1T\u00edm 2.4+<\/div>\n","protected":false},"excerpt":{"rendered":"<p>1Styrkst \u00fe\u00fa \u00fe\u00e1, sonur minn, \u00ed n\u00e1\u00f0inni, sem f\u00e6st fyrir Krist Jes\u00fa.2Og \u00fea\u00f0 sem \u00fe\u00fa heyr\u00f0ir mig tala \u00ed margra votta vi\u00f0urvist, \u00fea\u00f0 skalt \u00fe\u00fa f\u00e1 \u00ed hendur tr\u00faum m\u00f6nnum, sem l\u00edka munu f\u00e6rir um a\u00f0 kenna \u00f6\u00f0rum.3\u00de\u00fa skalt og a\u00f0 \u00fe\u00ednu leyti illt \u00feola, eins og g\u00f3\u00f0ur herma\u00f0ur Krists Jes\u00fa.4Enginn herma\u00f0ur bendlar sig vi\u00f0 atvinnust\u00f6rf. \u00de\u00e1 \u00fe\u00f3knast hann ekki \u00feeim, sem hefur teki\u00f0 hann \u00e1 m\u00e1la.5Og s\u00e1 sem keppir \u00ed \u00ed\u00fer\u00f3ttum f\u00e6r ekki sigursveiginn, nema hann keppi l\u00f6glega.6B\u00f3ndinn, sem erfi\u00f0ar, \u00e1 fyrstur a\u00f0 f\u00e1 sinn hlut af \u00e1v\u00f6xtunum.7Tak eftir \u00fev\u00ed, sem \u00e9g segi. Drottinn mun gefa \u00fe\u00e9r skilning \u00e1 <a href=\"https:\/\/biblian.is\/1981\/sidara-timoteusarbref-2-kafli\/\"> [&#8230;]<\/a><\/p>\n","protected":false},"author":1,"featured_media":0,"parent":0,"menu_order":0,"comment_status":"open","ping_status":"open","template":"bibliukaflar.php","meta":{"footnotes":""},"class_list":["post-2474","page","type-page","status-publish","hentry"],"_links":{"self":[{"href":"https:\/\/biblian.is\/1981\/wp-json\/wp\/v2\/pages\/2474","targetHints":{"allow":["GET"]}}],"collection":[{"href":"https:\/\/biblian.is\/1981\/wp-json\/wp\/v2\/pages"}],"about":[{"href":"https:\/\/biblian.is\/1981\/wp-json\/wp\/v2\/types\/page"}],"author":[{"embeddable":true,"href":"https:\/\/biblian.is\/1981\/wp-json\/wp\/v2\/users\/1"}],"replies":[{"embeddable":true,"href":"https:\/\/biblian.is\/1981\/wp-json\/wp\/v2\/comments?post=2474"}],"version-history":[{"count":0,"href":"https:\/\/biblian.is\/1981\/wp-json\/wp\/v2\/pages\/2474\/revisions"}],"wp:attachment":[{"href":"https:\/\/biblian.is\/1981\/wp-json\/wp\/v2\/media?parent=2474"}],"curies":[{"name":"wp","href":"https:\/\/api.w.org\/{rel}","templated":true}]}}