{"id":2471,"date":"2017-11-18T20:21:55","date_gmt":"2017-11-18T20:21:55","guid":{"rendered":"http:\/\/biblian.is\/1981\/fyrra-timoteusarbref-5-kafli\/"},"modified":"2021-06-06T10:56:52","modified_gmt":"2021-06-06T10:56:52","slug":"fyrra-timoteusarbref-5-kafli","status":"publish","type":"page","link":"https:\/\/biblian.is\/1981\/fyrra-timoteusarbref-5-kafli\/","title":{"rendered":"Fyrra T\u00edm\u00f3teusarbr\u00e9f 5. kafli"},"content":{"rendered":"<p><a name=\"1\"><span class=\"versanumer\">1<\/span><\/a>\u00c1v\u00edta \u00fe\u00fa ekki aldra\u00f0an mann har\u00f0lega, heldur \u00e1minn hann sem f\u00f6\u00f0ur, yngri menn sem br\u00e6\u00f0ur,<a name=\"2\"><span class=\"versanumer\">2<\/span><\/a>aldra\u00f0ar konur sem m\u00e6\u00f0ur, ungar konur sem systur \u00ed \u00f6llum hreinleika.<a name=\"3\"><span class=\"versanumer\">3<\/span><\/a>Hei\u00f0ra ekkjur, sem \u00ed raun og veru eru ekkjur.<a name=\"4\"><span class=\"versanumer\">4<\/span><\/a>En ef einhver ekkja \u00e1 b\u00f6rn e\u00f0a barnab\u00f6rn, \u00fe\u00e1 l\u00e6ri \u00feau fyrst og fremst a\u00f0 s\u00fdna r\u00e6kt eigin heimili og endurgjalda foreldrum s\u00ednum, \u00fev\u00ed a\u00f0 \u00fea\u00f0 er \u00fe\u00f3knanlegt fyrir augliti Gu\u00f0s.<a name=\"5\"><span class=\"versanumer\">5<\/span><\/a>S\u00fa sem er \u00ed raun og veru ekkja og er or\u00f0in muna\u00f0arlaus, festir von s\u00edna \u00e1 Gu\u00f0i og er st\u00f6\u00f0ug \u00ed \u00e1kalli og b\u00e6num n\u00f3tt og dag.<a name=\"6\"><span class=\"versanumer\">6<\/span><\/a>En hin b\u00edl\u00edfa er dau\u00f0, \u00fe\u00f3 a\u00f0 h\u00fan lifi.<a name=\"7\"><span class=\"versanumer\">7<\/span><\/a>Br\u00fdn \u00feetta fyrir \u00feeim, til \u00feess a\u00f0 \u00fe\u00e6r s\u00e9u \u00f3a\u00f0finnanlegar.<a name=\"8\"><span class=\"versanumer\">8<\/span><\/a>En ef einhver s\u00e9r eigi fyrir s\u00ednum, s\u00e9rstaklega heimilism\u00f6nnum, \u00fe\u00e1 hefur hann afneita\u00f0 tr\u00fanni og er verri en vantr\u00faa\u00f0ur.<a name=\"9\"><span class=\"versanumer\">9<\/span><\/a>Ekkja s\u00e9 ekki tekin \u00e1 skr\u00e1 yfir ekkjur nema h\u00fan s\u00e9 or\u00f0in fullra sext\u00edu \u00e1ra, eingift<a name=\"10\"><span class=\"versanumer\">10<\/span><\/a>og lofsamlega kunn a\u00f0 g\u00f3\u00f0um verkum. H\u00fan ver\u00f0ur a\u00f0 hafa f\u00f3stra\u00f0 b\u00f6rn, s\u00fdnt gestrisni, \u00fevegi\u00f0 f\u00e6tur heilagra, hj\u00e1lpa\u00f0 b\u00e1gst\u00f6ddum og lagt stund \u00e1 hvert gott verk.<a name=\"11\"><span class=\"versanumer\">11<\/span><\/a>En tak ekki vi\u00f0 ungum ekkjum. \u00deegar \u00fe\u00e6r ver\u00f0a gj\u00e1l\u00edfar afr\u00e6kja \u00fe\u00e6r Krist, vilja giftast<a name=\"12\"><span class=\"versanumer\">12<\/span><\/a>og gerast \u00fe\u00e1 sekar um a\u00f0 brj\u00f3ta sitt fyrra heit.<a name=\"13\"><span class=\"versanumer\">13<\/span><\/a>Og jafnframt temja \u00fe\u00e6r s\u00e9r i\u00f0juleysi, r\u00e1pandi h\u00fas \u00far h\u00fasi, ekki einungis i\u00f0julausar, heldur einnig m\u00e1lugar og hlutsamar og tala \u00fea\u00f0, sem eigi ber a\u00f0 tala.<a name=\"14\"><span class=\"versanumer\">14<\/span><\/a>\u00c9g vil \u00fev\u00ed a\u00f0 ungar ekkjur giftist, ali b\u00f6rn, stj\u00f3rni heimili og gefi m\u00f3tst\u00f6\u00f0umanninum ekkert tilefni til illm\u00e6lis.<a name=\"15\"><span class=\"versanumer\">15<\/span><\/a>Nokkrar hafa \u00feegar horfi\u00f0 fr\u00e1 til fylgis vi\u00f0 Satan.<a name=\"16\"><span class=\"versanumer\">16<\/span><\/a>Ef tr\u00fau\u00f0 kona \u00e1 fyrir ekkjum a\u00f0 sj\u00e1, skal h\u00fan sj\u00e1 fyrir \u00feeim, og eigi hafi s\u00f6fnu\u00f0urinn \u00feyngsli af, til \u00feess a\u00f0 hann geti veitt hj\u00e1lpina \u00feeim, sem ekkjur eru og einst\u00e6\u00f0ar.<a name=\"17\"><span class=\"versanumer\">17<\/span><\/a>\u00d6ldungar \u00feeir, sem veita g\u00f3\u00f0a forst\u00f6\u00f0u, s\u00e9u haf\u00f0ir \u00ed tv\u00f6f\u00f6ldum metum, allra helst \u00feeir sem erfi\u00f0a \u00ed or\u00f0inu og \u00ed kennslu.<a name=\"18\"><span class=\"versanumer\">18<\/span><\/a>\u00dev\u00ed a\u00f0 ritningin segir: \u00de\u00fa skalt ekki m\u00falbinda uxann, er hann \u00fereskir og ver\u00f0ur er verkama\u00f0urinn launa sinna.<a name=\"19\"><span class=\"versanumer\">19<\/span><\/a>Tak \u00fe\u00fa ekki vi\u00f0 k\u00e6ru gegn \u00f6ldungi, nema tveir e\u00f0a \u00fer\u00edr vottar beri.<a name=\"20\"><span class=\"versanumer\">20<\/span><\/a>\u00c1v\u00edta brotlega \u00ed vi\u00f0urvist allra, til \u00feess a\u00f0 hinir megi hafa \u00f3tta.<a name=\"21\"><span class=\"versanumer\">21<\/span><\/a>\u00c9g heiti \u00e1 \u00feig fyrir augliti Gu\u00f0s og Krists Jes\u00fa og hinna \u00fatv\u00f6ldu engla, a\u00f0 \u00fe\u00fa g\u00e6tir \u00feessa \u00e1n nokkurs ford\u00f3ms og gj\u00f6rir ekkert af vilfylgi.<a name=\"22\"><span class=\"versanumer\">22<\/span><\/a>Eigi skalt \u00fe\u00fa flj\u00f3tr\u00e1\u00f0i\u00f0 leggja hendur yfir nokkurn mann. Tak eigi heldur \u00fe\u00e1tt \u00ed annarra syndum, var\u00f0veit sj\u00e1lfan \u00feig hreinan.<a name=\"23\"><span class=\"versanumer\">23<\/span><\/a>Ver \u00fe\u00fa ekki lengur a\u00f0 drekka vatn, heldur skalt \u00fe\u00fa neyta l\u00edtils eins af v\u00edni vegna magans og veikinda \u00feinna, sem eru svo t\u00ed\u00f0.<a name=\"24\"><span class=\"versanumer\">24<\/span><\/a>Syndirnar hj\u00e1 sumum m\u00f6nnum eru \u00ed augum uppi og eru komnar \u00e1 undan, \u00feegar d\u00e6ma skal. En hj\u00e1 sumum koma \u00fe\u00e6r l\u00edka \u00e1 eftir.<a name=\"25\"><span class=\"versanumer\">25<\/span><\/a>\u00c1 sama h\u00e1tt eru g\u00f3\u00f0verkin auglj\u00f3s, og \u00feau, sem eru \u00fea\u00f0 ekki, munu ekki geta dulist.<\/p>\n<div class=\"footnote1981\"><b>5.1<\/b> Vir\u00f0ing fyrir \u00f6ldungum 3M\u00f3s 19.32<br \/>\n<b>5.5<\/b> Festir von s\u00edna \u00e1 Gu\u00f0 L\u00fak 2.37; 18.7<br \/>\n<b>5.10<\/b> Gestrisin Heb 13.2 \u2013 \u00fevo f\u00e6tur L\u00fak 7.44; J\u00f3h 13.4-15 \u2013 hin heil\u00f6gu R\u00f3m 1.7+<br \/>\n<b>5.13<\/b> I\u00f0julausar, m\u00e1lugar 2\u00deess 3.11<br \/>\n<b>5.14<\/b> Giftast a\u00f0 n\u00fdju 1Kor 7.9<br \/>\n<b>5.17<\/b> \u00d6ldungar T\u00edt 1.5-9; 1P\u00e9t 5.1 \u2013 \u00ed tv\u00f6f\u00f6ldum metum 1Kor 16.18; Fil 2.29; sbr 1\u00deess 5.12<br \/>\n<b>5.18<\/b> \u00de\u00fa skalt ekki &#8230; 5M\u00f3s 25.4; 1Kor 9.9 \u2013 ver\u00f0ur launa sinna Matt 10.10; L\u00fak 10.7; sbr 1Kor 9.14<br \/>\n<b>5.19<\/b> Tveir e\u00f0a \u00fer\u00edr vottar 5M\u00f3s 17.6; 19.15; Matt 18.16; 2Kor 13.1; Heb 10.28<br \/>\n<b>5.20<\/b> \u00cd vi\u00f0urvist allra Gal 2.14; sbr Ef 5.11<br \/>\n<b>5.22<\/b> V\u00edgja Mrk 5.23+ ; Post 6.6+ ; 1T\u00edm 4.14; 2T\u00edm 1.6<\/div>\n","protected":false},"excerpt":{"rendered":"<p>1\u00c1v\u00edta \u00fe\u00fa ekki aldra\u00f0an mann har\u00f0lega, heldur \u00e1minn hann sem f\u00f6\u00f0ur, yngri menn sem br\u00e6\u00f0ur,2aldra\u00f0ar konur sem m\u00e6\u00f0ur, ungar konur sem systur \u00ed \u00f6llum hreinleika.3Hei\u00f0ra ekkjur, sem \u00ed raun og veru eru ekkjur.4En ef einhver ekkja \u00e1 b\u00f6rn e\u00f0a barnab\u00f6rn, \u00fe\u00e1 l\u00e6ri \u00feau fyrst og fremst a\u00f0 s\u00fdna r\u00e6kt eigin heimili og endurgjalda foreldrum s\u00ednum, \u00fev\u00ed a\u00f0 \u00fea\u00f0 er \u00fe\u00f3knanlegt fyrir augliti Gu\u00f0s.5S\u00fa sem er \u00ed raun og veru ekkja og er or\u00f0in muna\u00f0arlaus, festir von s\u00edna \u00e1 Gu\u00f0i og er st\u00f6\u00f0ug \u00ed \u00e1kalli og b\u00e6num n\u00f3tt og dag.6En hin b\u00edl\u00edfa er dau\u00f0, \u00fe\u00f3 a\u00f0 h\u00fan lifi.7Br\u00fdn \u00feetta fyrir \u00feeim, <a href=\"https:\/\/biblian.is\/1981\/fyrra-timoteusarbref-5-kafli\/\"> [&#8230;]<\/a><\/p>\n","protected":false},"author":1,"featured_media":0,"parent":0,"menu_order":0,"comment_status":"open","ping_status":"open","template":"bibliukaflar.php","meta":{"footnotes":""},"class_list":["post-2471","page","type-page","status-publish","hentry"],"_links":{"self":[{"href":"https:\/\/biblian.is\/1981\/wp-json\/wp\/v2\/pages\/2471","targetHints":{"allow":["GET"]}}],"collection":[{"href":"https:\/\/biblian.is\/1981\/wp-json\/wp\/v2\/pages"}],"about":[{"href":"https:\/\/biblian.is\/1981\/wp-json\/wp\/v2\/types\/page"}],"author":[{"embeddable":true,"href":"https:\/\/biblian.is\/1981\/wp-json\/wp\/v2\/users\/1"}],"replies":[{"embeddable":true,"href":"https:\/\/biblian.is\/1981\/wp-json\/wp\/v2\/comments?post=2471"}],"version-history":[{"count":0,"href":"https:\/\/biblian.is\/1981\/wp-json\/wp\/v2\/pages\/2471\/revisions"}],"wp:attachment":[{"href":"https:\/\/biblian.is\/1981\/wp-json\/wp\/v2\/media?parent=2471"}],"curies":[{"name":"wp","href":"https:\/\/api.w.org\/{rel}","templated":true}]}}