{"id":2456,"date":"2017-11-18T20:21:51","date_gmt":"2017-11-18T20:21:51","guid":{"rendered":"http:\/\/biblian.is\/1981\/kolussubrefid-2-kafli\/"},"modified":"2017-11-18T20:21:51","modified_gmt":"2017-11-18T20:21:51","slug":"kolossubrefid-2-kafli","status":"publish","type":"page","link":"https:\/\/biblian.is\/1981\/kolossubrefid-2-kafli\/","title":{"rendered":"K\u00f3lossubr\u00e9fi\u00f0 2. kafli"},"content":{"rendered":"<p><a name=\"1\"><span class=\"versanumer\">1<\/span><\/a>\u00c9g vil a\u00f0 \u00fe\u00e9r viti\u00f0, hversu h\u00f6r\u00f0 er bar\u00e1tta m\u00edn vegna y\u00f0ar og \u00feeirra \u00ed La\u00f3d\u00edkeu og allra \u00feeirra, sem ekki hafa s\u00e9\u00f0 mig sj\u00e1lfan.<a name=\"2\"><span class=\"versanumer\">2<\/span><\/a>Mig langar, a\u00f0 \u00feeir upp\u00f6rvist \u00ed hj\u00f6rtum s\u00ednum, sameinist \u00ed k\u00e6rleika og \u00f6\u00f0list gj\u00f6rvalla au\u00f0leg\u00f0 \u00feeirrar sannf\u00e6ringar og skilnings, sem veitir \u00feekkinguna \u00e1 leyndard\u00f3mi Gu\u00f0s, Kristi.<a name=\"3\"><span class=\"versanumer\">3<\/span><\/a>En \u00ed honum eru allir fj\u00e1rsj\u00f3\u00f0ir spekinnar og \u00feekkingarinnar f\u00f3lgnir.<a name=\"4\"><span class=\"versanumer\">4<\/span><\/a>\u00deetta segi \u00e9g til \u00feess a\u00f0 enginn t\u00e6li y\u00f0ur me\u00f0 \u00e1r\u00f3\u00f0urstali,<a name=\"5\"><span class=\"versanumer\">5<\/span><\/a>\u00fev\u00ed a\u00f0 \u00e9g er hj\u00e1 y\u00f0ur \u00ed andanum, \u00fe\u00f3tt \u00e9g s\u00e9 l\u00edkamlega fjarl\u00e6gur, og \u00e9g horfi me\u00f0 f\u00f6gnu\u00f0i \u00e1 g\u00f3\u00f0a skipan hj\u00e1 y\u00f0ur og festu y\u00f0ar \u00ed tr\u00fanni \u00e1 Krist.<a name=\"6\"><span class=\"versanumer\">6<\/span><\/a>\u00de\u00e9r hafi\u00f0 teki\u00f0 \u00e1 m\u00f3ti Kristi, Drottni Jes\u00fa. Lifi\u00f0 \u00fev\u00ed \u00ed honum.<a name=\"7\"><span class=\"versanumer\">7<\/span><\/a>Veri\u00f0 r\u00f3tfestir \u00ed honum og bygg\u00f0ir \u00e1 honum, sta\u00f0fastir \u00ed tr\u00fanni, eins og y\u00f0ur hefur veri\u00f0 kennt, og au\u00f0ugir a\u00f0 \u00feakkl\u00e1tsemi.<a name=\"8\"><span class=\"versanumer\">8<\/span><\/a>G\u00e6ti\u00f0 \u00feess, a\u00f0 enginn ver\u00f0i til a\u00f0 hertaka y\u00f0ur me\u00f0 heimspeki og h\u00e9g\u00f3mavillu, sem byggist \u00e1 mannasetningum, er runni\u00f0 fr\u00e1 heimsv\u00e6ttunum, en ekki fr\u00e1 Kristi.<a name=\"9\"><span class=\"versanumer\">9<\/span><\/a>\u00dev\u00ed a\u00f0 \u00ed honum b\u00fdr \u00f6ll fylling gu\u00f0d\u00f3msins l\u00edkamlega.<a name=\"10\"><span class=\"versanumer\">10<\/span><\/a>Og \u00ed honum, sem er h\u00f6fu\u00f0 hvers konar tignar og valds, hafi\u00f0 \u00fe\u00e9r \u00f6\u00f0last hlutdeild \u00ed \u00feessari fyllingu.<a name=\"11\"><span class=\"versanumer\">11<\/span><\/a>\u00cd honum eru\u00f0 \u00fe\u00e9r einnig umskornir \u00feeirri umskurn, sem ekki er me\u00f0 h\u00f6ndum gj\u00f6r\u00f0, heldur me\u00f0 umskurn Krists, vi\u00f0 a\u00f0 afkl\u00e6\u00f0ast hinum synduga l\u00edkama,<a name=\"12\"><span class=\"versanumer\">12<\/span><\/a>\u00feegar \u00fe\u00e9r voru\u00f0 greftra\u00f0ir me\u00f0 Kristi \u00ed sk\u00edrninni. \u00cd sk\u00edrninni voru\u00f0 \u00fe\u00e9r einnig me\u00f0 honum uppvaktir fyrir tr\u00fana \u00e1 m\u00e1tt Gu\u00f0s, er vakti hann upp fr\u00e1 dau\u00f0um.<a name=\"13\"><span class=\"versanumer\">13<\/span><\/a>\u00de\u00e9r voru\u00f0 dau\u00f0ir s\u00f6kum afbrota y\u00f0ar og umskurnarleysis. En Gu\u00f0 l\u00edfga\u00f0i y\u00f0ur \u00e1samt honum, \u00feegar hann fyrirgaf oss \u00f6ll afbrotin.<a name=\"14\"><span class=\"versanumer\">14<\/span><\/a>Hann afm\u00e1\u00f0i skuldabr\u00e9fi\u00f0, sem \u00fejaka\u00f0i oss me\u00f0 \u00e1kv\u00e6\u00f0um s\u00ednum. Hann t\u00f3k \u00fea\u00f0 burt me\u00f0 \u00fev\u00ed a\u00f0 negla \u00fea\u00f0 \u00e1 krossinn.<a name=\"15\"><span class=\"versanumer\">15<\/span><\/a>Hann fletti vopnum tignirnar og v\u00f6ldin, leiddi \u00feau opinberlega fram til h\u00e1\u00f0ungar og hr\u00f3sa\u00f0i sigri yfir \u00feeim \u00ed Kristi.<a name=\"16\"><span class=\"versanumer\">16<\/span><\/a>Enginn skyldi \u00fev\u00ed d\u00e6ma y\u00f0ur fyrir mat e\u00f0a drykk e\u00f0a \u00fea\u00f0 sem snertir h\u00e1t\u00ed\u00f0ir, tunglkomur e\u00f0a hv\u00edldardaga.<a name=\"17\"><span class=\"versanumer\">17<\/span><\/a>\u00deetta er a\u00f0eins skuggi \u00feess, sem koma \u00e1tti, en l\u00edkaminn er Krists.<a name=\"18\"><span class=\"versanumer\">18<\/span><\/a>L\u00e1ti\u00f0 \u00fe\u00e1 ekki taka af y\u00f0ur hnossi\u00f0, sem \u00feykjast af au\u00f0m\u00fdkt sinni og englad\u00fdrkun og st\u00e1ta af s\u00fdnum s\u00ednum. \u00deeir hrokast upp af engu \u00ed hyggju holds s\u00edns<a name=\"19\"><span class=\"versanumer\">19<\/span><\/a>og halda s\u00e9r ekki vi\u00f0 hann, sem er h\u00f6fu\u00f0i\u00f0 og styrkir allan l\u00edkamann og samantengir taugum og b\u00f6ndum, svo a\u00f0 hann \u00fer\u00f3ast gu\u00f0legum \u00feroska.<a name=\"20\"><span class=\"versanumer\">20<\/span><\/a>Ef \u00fe\u00e9r eru\u00f0 d\u00e1nir me\u00f0 Kristi undan valdi heimsv\u00e6ttanna, hvers vegna hagi\u00f0 \u00fe\u00e9r y\u00f0ur \u00fe\u00e1 eins og \u00fe\u00e9r lif\u00f0u\u00f0 \u00ed heiminum og l\u00e1ti\u00f0 leggja fyrir y\u00f0ur bo\u00f0 eins og \u00feessi:<a name=\"21\"><span class=\"versanumer\">21<\/span><\/a>Snertu ekki, brag\u00f0a\u00f0u ekki, taktu ekki \u00e1?<a name=\"22\"><span class=\"versanumer\">22<\/span><\/a>Allt \u00feetta er \u00fe\u00f3 \u00e6tla\u00f0 til a\u00f0 ey\u00f0ast vi\u00f0 notkunina! mannabo\u00f0or\u00f0 og mannal\u00e6rd\u00f3mar!<a name=\"23\"><span class=\"versanumer\">23<\/span><\/a>\u00deetta hefur a\u00f0 s\u00f6nnu or\u00f0 \u00e1 s\u00e9r um speki, sl\u00edk sj\u00e1lfvalin d\u00fdrkun og au\u00f0m\u00fdking og har\u00f0neskja vi\u00f0 l\u00edkamann, en hefur ekkert gildi, heldur er til \u00feess eins a\u00f0 fulln\u00e6gja holdinu.<\/p>\n<div class=\"footnote1981\"><b>2.1<\/b> La\u00f3d\u00edkea K\u00f3l 4.13-16; Opb 1.11; 3.14<br \/>\n<b>2.2<\/b> Leyndard\u00f3mur Ef 3.3+<br \/>\n<b>2.4<\/b> Blekkja K\u00f3l 2.8; Ef 5.6; R\u00f3m 16.18<br \/>\n<b>2.5<\/b> Festa \u00ed tr\u00fanni K\u00f3l 1.23,29; 1P\u00e9t 5.9<br \/>\n<b>2.6<\/b> Teki\u00f0 \u00e1 m\u00f3ti 1Kor 11.23; 15.1-3; Ef 4.20-21<br \/>\n<b>2.7<\/b> R\u00f3tfest Ef 3.17 \u2013 og  bygg\u00f0 \u00e1 Kristi Ef 2.20-22; J\u00fad 20<br \/>\n<b>2.8<\/b> Hertaka ykkur K\u00f3l 2.4+ ; 2T\u00edm 4.3 \u2013 mannasetningar Matt 15.6; K\u00f3l 2.22<br \/>\n<b>2.9<\/b> Fylling Ef 1.23+<br \/>\n<b>2.10<\/b> Fullkomnun Ef 1.21-23; 3.19; J\u00f3h 1.16<br \/>\n<b>2.11<\/b> Umskurn Ef 2.11; R\u00f3m 2.29+<br \/>\n<b>2.12<\/b> Afkl\u00e6\u00f0ast K\u00f3l 3.9; 1P\u00e9t 3.21 \u2013 greftru\u00f0 me\u00f0 Kristi R\u00f3m 6.4-11 \u2013 uppvakin me\u00f0 Kristi K\u00f3l 3.1; Ef 2.5-6; R\u00f3m 8.11; Fil 3.10-11<br \/>\n<b>2.13<\/b> \u00dei\u00f0 voru\u00f0 dau\u00f0 Ef 2.1+<br \/>\n<b>2.14<\/b> Afm\u00e1\u00f0i \u00fea\u00f0 sem \u00fejaka\u00f0i okkur Ef 2.14-15<br \/>\n<b>2.15<\/b> Fletti vopnum tigningar 1Kor 15.24; 1P\u00e9t 3.22; Opb 12.7-8<br \/>\n<b>2.16<\/b> \u00dea\u00f0 sem snertir mat, drykk &#8230; R\u00f3m 14; 1Kor 8; 10.14-33; Gal 4.10<br \/>\n<b>2.17<\/b> Skuggi \u00feess, sem koma \u00e1tti Heb 8.5; 10.1<br \/>\n<b>2.19<\/b> Tengir saman Ef 2.21; 4.15-16<br \/>\n<b>2.21<\/b> B\u00f6nn 1Kor 8.6; 1T\u00edm 4.3<br \/>\n<b>2.22<\/b> Bo\u00f0or\u00f0 &#8230; Jes 29.13; Matt 15.9; K\u00f3l 2.8<br \/>\n<b>2.23<\/b> Fulln\u00e6gja eigin hv\u00f6tum R\u00f3m 13.14<\/div>\n","protected":false},"excerpt":{"rendered":"<p>1\u00c9g vil a\u00f0 \u00fe\u00e9r viti\u00f0, hversu h\u00f6r\u00f0 er bar\u00e1tta m\u00edn vegna y\u00f0ar og \u00feeirra \u00ed La\u00f3d\u00edkeu og allra \u00feeirra, sem ekki hafa s\u00e9\u00f0 mig sj\u00e1lfan.2Mig langar, a\u00f0 \u00feeir upp\u00f6rvist \u00ed hj\u00f6rtum s\u00ednum, sameinist \u00ed k\u00e6rleika og \u00f6\u00f0list gj\u00f6rvalla au\u00f0leg\u00f0 \u00feeirrar sannf\u00e6ringar og skilnings, sem veitir \u00feekkinguna \u00e1 leyndard\u00f3mi Gu\u00f0s, Kristi.3En \u00ed honum eru allir fj\u00e1rsj\u00f3\u00f0ir spekinnar og \u00feekkingarinnar f\u00f3lgnir.4\u00deetta segi \u00e9g til \u00feess a\u00f0 enginn t\u00e6li y\u00f0ur me\u00f0 \u00e1r\u00f3\u00f0urstali,5\u00fev\u00ed a\u00f0 \u00e9g er hj\u00e1 y\u00f0ur \u00ed andanum, \u00fe\u00f3tt \u00e9g s\u00e9 l\u00edkamlega fjarl\u00e6gur, og \u00e9g horfi me\u00f0 f\u00f6gnu\u00f0i \u00e1 g\u00f3\u00f0a skipan hj\u00e1 y\u00f0ur og festu y\u00f0ar \u00ed tr\u00fanni \u00e1 Krist.6\u00de\u00e9r hafi\u00f0 teki\u00f0 <a href=\"https:\/\/biblian.is\/1981\/kolossubrefid-2-kafli\/\"> [&#8230;]<\/a><\/p>\n","protected":false},"author":1,"featured_media":0,"parent":0,"menu_order":0,"comment_status":"open","ping_status":"open","template":"bibliukaflar.php","meta":{"footnotes":""},"class_list":["post-2456","page","type-page","status-publish","hentry"],"_links":{"self":[{"href":"https:\/\/biblian.is\/1981\/wp-json\/wp\/v2\/pages\/2456","targetHints":{"allow":["GET"]}}],"collection":[{"href":"https:\/\/biblian.is\/1981\/wp-json\/wp\/v2\/pages"}],"about":[{"href":"https:\/\/biblian.is\/1981\/wp-json\/wp\/v2\/types\/page"}],"author":[{"embeddable":true,"href":"https:\/\/biblian.is\/1981\/wp-json\/wp\/v2\/users\/1"}],"replies":[{"embeddable":true,"href":"https:\/\/biblian.is\/1981\/wp-json\/wp\/v2\/comments?post=2456"}],"version-history":[{"count":0,"href":"https:\/\/biblian.is\/1981\/wp-json\/wp\/v2\/pages\/2456\/revisions"}],"wp:attachment":[{"href":"https:\/\/biblian.is\/1981\/wp-json\/wp\/v2\/media?parent=2456"}],"curies":[{"name":"wp","href":"https:\/\/api.w.org\/{rel}","templated":true}]}}