{"id":2454,"date":"2017-11-18T20:21:51","date_gmt":"2017-11-18T20:21:51","guid":{"rendered":"http:\/\/biblian.is\/1981\/filippibrefid-4-kafli\/"},"modified":"2021-06-06T10:51:08","modified_gmt":"2021-06-06T10:51:08","slug":"filippibrefid-4-kafli","status":"publish","type":"page","link":"https:\/\/biblian.is\/1981\/filippibrefid-4-kafli\/","title":{"rendered":"Filipp\u00edbr\u00e9fi\u00f0 4. kafli"},"content":{"rendered":"<p><a name=\"1\"><span class=\"versanumer\">1<\/span><\/a>\u00deess vegna, m\u00ednir elsku\u00f0u og \u00fer\u00e1\u00f0u br\u00e6\u00f0ur, gle\u00f0i m\u00edn og k\u00f3r\u00f3na, standi\u00f0 \u00fe\u00e1 st\u00f6\u00f0ugir \u00ed Drottni, \u00fe\u00e9r elsku\u00f0u.<a name=\"2\"><span class=\"versanumer\">2<\/span><\/a>Evod\u00edu \u00e1minni \u00e9g og S\u00fdnt\u00fdke \u00e1minni \u00e9g um a\u00f0 vera samlyndar vegna Drottins.<a name=\"3\"><span class=\"versanumer\">3<\/span><\/a>J\u00e1, \u00e9g bi\u00f0 einnig \u00feig, tr\u00falyndi sam\u00fej\u00f3nn, hj\u00e1lpa \u00fe\u00fa \u00feeim, \u00fev\u00ed a\u00f0 \u00fe\u00e6r b\u00f6r\u00f0ust me\u00f0 m\u00e9r vi\u00f0 bo\u00f0un fagna\u00f0arerindisins, \u00e1samt Klemens og \u00f6\u00f0rum samverkam\u00f6nnum m\u00ednum, og standa n\u00f6fn \u00feeirra \u00ed l\u00edfsins b\u00f3k.<a name=\"4\"><span class=\"versanumer\">4<\/span><\/a>Veri\u00f0 \u00e1vallt gla\u00f0ir \u00ed Drottni. \u00c9g segi aftur: Veri\u00f0 gla\u00f0ir.<a name=\"5\"><span class=\"versanumer\">5<\/span><\/a>Lj\u00faflyndi y\u00f0ar ver\u00f0i kunnugt \u00f6llum m\u00f6nnum. Drottinn er \u00ed n\u00e1nd.<a name=\"6\"><span class=\"versanumer\">6<\/span><\/a>Veri\u00f0 ekki hugsj\u00fakir um neitt, heldur gj\u00f6ri\u00f0 \u00ed \u00f6llum hlutum \u00f3skir y\u00f0ar kunnar Gu\u00f0i me\u00f0 b\u00e6n og bei\u00f0ni og \u00feakkargj\u00f6r\u00f0.<a name=\"7\"><span class=\"versanumer\">7<\/span><\/a>Og fri\u00f0ur Gu\u00f0s, sem er \u00e6\u00f0ri \u00f6llum skilningi, mun var\u00f0veita hj\u00f6rtu y\u00f0ar og hugsanir y\u00f0ar \u00ed Kristi Jes\u00fa.<a name=\"8\"><span class=\"versanumer\">8<\/span><\/a>A\u00f0 endingu, br\u00e6\u00f0ur, allt sem er satt, allt sem er g\u00f6fugt, r\u00e9tt og hreint, allt sem er elskuvert og gott afspurnar, hva\u00f0 sem er dygg\u00f0 og hva\u00f0 sem er lofsvert, hugfesti\u00f0 \u00fea\u00f0.<a name=\"9\"><span class=\"versanumer\">9<\/span><\/a>\u00deetta, sem \u00fe\u00e9r hafi\u00f0 b\u00e6\u00f0i l\u00e6rt og numi\u00f0, heyrt og s\u00e9\u00f0 til m\u00edn, \u00fea\u00f0 skulu\u00f0 \u00fe\u00e9r gj\u00f6ra. Og Gu\u00f0 fri\u00f0arins mun vera me\u00f0 y\u00f0ur.<a name=\"10\"><span class=\"versanumer\">10<\/span><\/a>\u00c9g var\u00f0 mj\u00f6g gla\u00f0ur \u00ed Drottni yfir \u00fev\u00ed, a\u00f0 hagur y\u00f0ar hefur loks batna\u00f0 svo aftur, a\u00f0 \u00fe\u00e9r g\u00e1tu\u00f0 hugsa\u00f0 til m\u00edn. A\u00f0 s\u00f6nnu hafi\u00f0 \u00fe\u00e9r hugsa\u00f0 til m\u00edn, en g\u00e1tu\u00f0 ekki s\u00fdnt \u00fea\u00f0.<a name=\"11\"><span class=\"versanumer\">11<\/span><\/a>Ekki segi \u00e9g \u00feetta vegna \u00feess, a\u00f0 \u00e9g hafi li\u00f0i\u00f0 skort, \u00fev\u00ed a\u00f0 \u00e9g hef l\u00e6rt a\u00f0 l\u00e1ta m\u00e9r n\u00e6gja \u00fea\u00f0, sem fyrir hendi er.<a name=\"12\"><span class=\"versanumer\">12<\/span><\/a>\u00c9g kann a\u00f0 b\u00faa vi\u00f0 l\u00edtinn kost, \u00e9g kann einnig a\u00f0 hafa allsn\u00e6gtir. \u00c9g er fullreyndur or\u00f0inn \u00ed \u00f6llum hlutum, a\u00f0 vera mettur og hungra\u00f0ur, a\u00f0 hafa allsn\u00e6gtir og l\u00ed\u00f0a skort.<a name=\"13\"><span class=\"versanumer\">13<\/span><\/a>Allt megna \u00e9g fyrir hj\u00e1lp hans, sem mig styrkan gj\u00f6rir.<a name=\"14\"><span class=\"versanumer\">14<\/span><\/a>Engu a\u00f0 s\u00ed\u00f0ur gj\u00f6r\u00f0u\u00f0 \u00fe\u00e9r vel \u00ed \u00fev\u00ed, a\u00f0 taka \u00fe\u00e1tt me\u00f0 m\u00e9r \u00ed \u00ferengingu minni.<a name=\"15\"><span class=\"versanumer\">15<\/span><\/a>\u00de\u00e9r viti\u00f0 og, Filipp\u00edmenn, a\u00f0 \u00feegar \u00e9g \u00ed upphafi bo\u00f0a\u00f0i y\u00f0ur fagna\u00f0arerindi\u00f0 og var farinn burt \u00far Maked\u00f3n\u00edu, haf\u00f0i enginn s\u00f6fnu\u00f0ur nema \u00fe\u00e9r einir reikning hj\u00e1 m\u00e9r yfir gefi\u00f0 og \u00feegi\u00f0.<a name=\"16\"><span class=\"versanumer\">16<\/span><\/a>Meira a\u00f0 segja, \u00feegar \u00e9g var \u00ed \u00deessalon\u00edku, sendu\u00f0 \u00fe\u00e9r m\u00e9r oftar en einu sinni til nau\u00f0synja minna.<a name=\"17\"><span class=\"versanumer\">17<\/span><\/a>Ekki a\u00f0 m\u00e9r v\u00e6ri svo umhuga\u00f0 um gj\u00f6fina sem um \u00e1bata \u00feann, sem r\u00edkulega rennur \u00ed y\u00f0ar reikning.<a name=\"18\"><span class=\"versanumer\">18<\/span><\/a>En n\u00fa hef \u00e9g fengi\u00f0 allt og hef meira en n\u00f3g s\u00ed\u00f0an \u00e9g af hendi Epafrod\u00edtusar t\u00f3k vi\u00f0 sendingunni fr\u00e1 y\u00f0ur, \u00fe\u00e6gilegum ilm, \u00feekkri f\u00f3rn, Gu\u00f0i vel\u00fe\u00f3knanlegri.<a name=\"19\"><span class=\"versanumer\">19<\/span><\/a>En Gu\u00f0 minn mun af au\u00f0leg\u00f0 d\u00fdr\u00f0ar sinnar \u00ed Kristi Jes\u00fa uppfylla s\u00e9rhverja \u00fe\u00f6rf y\u00f0ar.<a name=\"20\"><span class=\"versanumer\">20<\/span><\/a>Gu\u00f0i og f\u00f6\u00f0ur vorum s\u00e9 d\u00fdr\u00f0in um aldir alda. Amen.<a name=\"21\"><span class=\"versanumer\">21<\/span><\/a>Heilsi\u00f0 \u00f6llum heil\u00f6gum \u00ed Kristi Jes\u00fa.<a name=\"22\"><span class=\"versanumer\">22<\/span><\/a>Br\u00e6\u00f0urnir, sem hj\u00e1 m\u00e9r eru, bi\u00f0ja a\u00f0 heilsa y\u00f0ur. Allir hinir heil\u00f6gu bi\u00f0ja a\u00f0 heilsa y\u00f0ur, en einkanlega \u00feeir, sem eru \u00ed \u00fej\u00f3nustu keisarans.<a name=\"23\"><span class=\"versanumer\">23<\/span><\/a>N\u00e1\u00f0in Drottins Jes\u00fa Krists s\u00e9 me\u00f0 anda y\u00f0ar.<\/p>\n<div class=\"footnote1981\"><b>4.1<\/b> Standi\u00f0 st\u00f6\u00f0ug Fil 1.27+<br \/>\n<b>4.2<\/b> Samlyndar Fil 2.2+<br \/>\n<b>4.3<\/b> B\u00f6r\u00f0ust me\u00f0 m\u00e9r Fil 1.30+ &#8211; samverkamenn postulans R\u00f3m 16.3,9,21; 2Kor 8.23; Fil 2.25; K\u00f3l 4.11; F\u00edlm1, 24 1\u00deess 3.2 \u2013 l\u00edfsins b\u00f3k Opb 3.5+<br \/>\n<b>4.4<\/b> Veri\u00f0 gl\u00f6\u00f0 Fil 1.4+<br \/>\n<b>4.5<\/b> Drottinn er \u00ed n\u00e1nd Fil 3.20; Heb 10.37; Jak 5.8-9; 1P\u00e9t 4.7; Opb 3.11; 22.20<br \/>\n<b>4.6<\/b> Veri\u00f0 ekki hugsj\u00fak Matt 6.25-34; 1P\u00e9t 5.7 \u2013 b\u00e6n og \u00feakkargj\u00f6r\u00f0 Fil 1.3-4+<br \/>\n<b>4.7<\/b> Fri\u00f0ur Jes 26.3; J\u00f3h 14.27; K\u00f3l 3.15<br \/>\n<b>4.8<\/b> Sbr R\u00f3m 12.2<br \/>\n<b>4.9<\/b> \u00dea\u00f0 sem \u00fei\u00f0 hafi\u00f0 numi\u00f0 1\u00deess 4.1; 2\u00deess 2.15; 3.6 \u2013 Gu\u00f0 fri\u00f0arins R\u00f3m 15.33; 16.20; 1Kor 14.33; 1\u00deess 5.23<br \/>\n<b>4.10<\/b> Filipp\u00edmenn senda gjafir Fil 2.25-30; 4.18<br \/>\n<b>4.13<\/b> S\u00e1 sem mig styrkan gj\u00f6rir 2Kor 12.9-10; Fil 3.10,21; K\u00f3l 1.11; 2T\u00edm 4.17<br \/>\n<b>4.15<\/b> Upphaf bo\u00f0unar \u00ed Filipp\u00ed Post 16.12-40 \u2013 enginn annar s\u00f6fnu\u00f0ur 2Kor 11.8-9 \u2013 P\u00e1ll fer til Maked\u00f3n\u00edu Post 20.1<br \/>\n<b>4.17<\/b> \u00c1bati \u2013 \u00e1v\u00f6xtur Matt 3.8+<br \/>\n<b>4.18<\/b> \u00de\u00e6gilegur ilmur 1M\u00f3s 8.21; 2M\u00f3s 29.18; Esk 20.41; Ef 5.2 \u2013 \u00feekk f\u00f3rn R\u00f3m 12.1-2; sbr Fil 2.17,30<br \/>\n<b>4.20<\/b> Gu\u00f0i s\u00e9 d\u00fdr\u00f0in R\u00f3m 16.27; Ef 3.20-21; Fil 1.11; 2.11<\/div>\n","protected":false},"excerpt":{"rendered":"<p>1\u00deess vegna, m\u00ednir elsku\u00f0u og \u00fer\u00e1\u00f0u br\u00e6\u00f0ur, gle\u00f0i m\u00edn og k\u00f3r\u00f3na, standi\u00f0 \u00fe\u00e1 st\u00f6\u00f0ugir \u00ed Drottni, \u00fe\u00e9r elsku\u00f0u.2Evod\u00edu \u00e1minni \u00e9g og S\u00fdnt\u00fdke \u00e1minni \u00e9g um a\u00f0 vera samlyndar vegna Drottins.3J\u00e1, \u00e9g bi\u00f0 einnig \u00feig, tr\u00falyndi sam\u00fej\u00f3nn, hj\u00e1lpa \u00fe\u00fa \u00feeim, \u00fev\u00ed a\u00f0 \u00fe\u00e6r b\u00f6r\u00f0ust me\u00f0 m\u00e9r vi\u00f0 bo\u00f0un fagna\u00f0arerindisins, \u00e1samt Klemens og \u00f6\u00f0rum samverkam\u00f6nnum m\u00ednum, og standa n\u00f6fn \u00feeirra \u00ed l\u00edfsins b\u00f3k.4Veri\u00f0 \u00e1vallt gla\u00f0ir \u00ed Drottni. \u00c9g segi aftur: Veri\u00f0 gla\u00f0ir.5Lj\u00faflyndi y\u00f0ar ver\u00f0i kunnugt \u00f6llum m\u00f6nnum. Drottinn er \u00ed n\u00e1nd.6Veri\u00f0 ekki hugsj\u00fakir um neitt, heldur gj\u00f6ri\u00f0 \u00ed \u00f6llum hlutum \u00f3skir y\u00f0ar kunnar Gu\u00f0i me\u00f0 b\u00e6n og bei\u00f0ni og \u00feakkargj\u00f6r\u00f0.7Og fri\u00f0ur Gu\u00f0s, <a href=\"https:\/\/biblian.is\/1981\/filippibrefid-4-kafli\/\"> [&#8230;]<\/a><\/p>\n","protected":false},"author":1,"featured_media":0,"parent":0,"menu_order":0,"comment_status":"open","ping_status":"open","template":"bibliukaflar.php","meta":{"footnotes":""},"class_list":["post-2454","page","type-page","status-publish","hentry"],"_links":{"self":[{"href":"https:\/\/biblian.is\/1981\/wp-json\/wp\/v2\/pages\/2454","targetHints":{"allow":["GET"]}}],"collection":[{"href":"https:\/\/biblian.is\/1981\/wp-json\/wp\/v2\/pages"}],"about":[{"href":"https:\/\/biblian.is\/1981\/wp-json\/wp\/v2\/types\/page"}],"author":[{"embeddable":true,"href":"https:\/\/biblian.is\/1981\/wp-json\/wp\/v2\/users\/1"}],"replies":[{"embeddable":true,"href":"https:\/\/biblian.is\/1981\/wp-json\/wp\/v2\/comments?post=2454"}],"version-history":[{"count":0,"href":"https:\/\/biblian.is\/1981\/wp-json\/wp\/v2\/pages\/2454\/revisions"}],"wp:attachment":[{"href":"https:\/\/biblian.is\/1981\/wp-json\/wp\/v2\/media?parent=2454"}],"curies":[{"name":"wp","href":"https:\/\/api.w.org\/{rel}","templated":true}]}}