{"id":2448,"date":"2017-11-18T20:21:51","date_gmt":"2017-11-18T20:21:51","guid":{"rendered":"http:\/\/biblian.is\/1981\/efesusbrefid-4-kafli\/"},"modified":"2021-06-06T10:50:43","modified_gmt":"2021-06-06T10:50:43","slug":"efesusbrefid-4-kafli","status":"publish","type":"page","link":"https:\/\/biblian.is\/1981\/efesusbrefid-4-kafli\/","title":{"rendered":"Efesusbr\u00e9fi\u00f0 4. kafli"},"content":{"rendered":"<p><a name=\"1\"><span class=\"versanumer\">1<\/span><\/a>\u00c9g, bandinginn vegna Drottins, \u00e1minni y\u00f0ur \u00feess vegna um a\u00f0 heg\u00f0a y\u00f0ur svo sem sambo\u00f0i\u00f0 er \u00feeirri k\u00f6llun, sem \u00fe\u00e9r hafi\u00f0 hloti\u00f0.<a name=\"2\"><span class=\"versanumer\">2<\/span><\/a>Veri\u00f0 \u00ed hv\u00edvetna l\u00edtill\u00e1tir og h\u00f3gv\u00e6rir. Veri\u00f0 \u00feolinm\u00f3\u00f0ir, langlyndir og umberi\u00f0 hver annan \u00ed k\u00e6rleika.<a name=\"3\"><span class=\"versanumer\">3<\/span><\/a>Kappkosti\u00f0 a\u00f0 var\u00f0veita einingu andans \u00ed bandi fri\u00f0arins.<a name=\"4\"><span class=\"versanumer\">4<\/span><\/a>Einn er l\u00edkaminn og einn andinn, eins og \u00fe\u00e9r l\u00edka voru\u00f0 kalla\u00f0ir til einnar vonar.<a name=\"5\"><span class=\"versanumer\">5<\/span><\/a>Einn er Drottinn, ein tr\u00fa, ein sk\u00edrn,<a name=\"6\"><span class=\"versanumer\">6<\/span><\/a>einn Gu\u00f0 og fa\u00f0ir allra, sem er yfir \u00f6llum, me\u00f0 \u00f6llum og \u00ed \u00f6llum.<a name=\"7\"><span class=\"versanumer\">7<\/span><\/a>S\u00e9rhverjum af oss var n\u00e1\u00f0in veitt eftir \u00fev\u00ed, sem Kristur \u00fathluta\u00f0i honum.<a name=\"8\"><span class=\"versanumer\">8<\/span><\/a>\u00dev\u00ed segir ritningin: Hann steig upp til h\u00e6\u00f0a, hert\u00f3k fanga og gaf m\u00f6nnunum gjafir.<a name=\"9\"><span class=\"versanumer\">9<\/span><\/a>En steig upp, hva\u00f0 merkir \u00fea\u00f0 anna\u00f0 en a\u00f0 hann hefur einnig stigi\u00f0 ni\u00f0ur \u00ed dj\u00fap jar\u00f0arinnar?<a name=\"10\"><span class=\"versanumer\">10<\/span><\/a>S\u00e1, sem steig ni\u00f0ur, er og s\u00e1, sem upp st\u00e9, upp yfir alla himna til \u00feess a\u00f0 fylla allt.<a name=\"11\"><span class=\"versanumer\">11<\/span><\/a>Og fr\u00e1 honum er s\u00fa gj\u00f6f komin, a\u00f0 sumir eru postular, sumir sp\u00e1menn, sumir tr\u00fabo\u00f0ar, sumir hir\u00f0ar og kennarar.<a name=\"12\"><span class=\"versanumer\">12<\/span><\/a>\u00deeir eiga a\u00f0 fullkomna hina heil\u00f6gu og l\u00e1ta \u00feeim \u00fej\u00f3nustu \u00ed t\u00e9, l\u00edkama Krists til uppbyggingar,<a name=\"13\"><span class=\"versanumer\">13<\/span><\/a>\u00feanga\u00f0 til v\u00e9r ver\u00f0um allir einhuga \u00ed tr\u00fanni og \u00feekkingunni \u00e1 syni Gu\u00f0s, ver\u00f0um full\u00feroska og n\u00e1um vaxtartakmarki Krists fyllingar.<a name=\"14\"><span class=\"versanumer\">14<\/span><\/a>V\u00e9r eigum ekki a\u00f0 halda \u00e1fram a\u00f0 vera b\u00f6rn, sem hrekjast og berast fram og aftur af hverjum kenningarvindi, t\u00e6ld af sl\u00e6gum m\u00f6nnum me\u00f0 v\u00e9labr\u00f6g\u00f0um villunnar.<a name=\"15\"><span class=\"versanumer\">15<\/span><\/a>V\u00e9r eigum heldur a\u00f0 \u00e1stunda sannleikann \u00ed k\u00e6rleika og vaxa \u00ed \u00f6llu upp til hans, sem er h\u00f6fu\u00f0i\u00f0, Kristur.<a name=\"16\"><span class=\"versanumer\">16<\/span><\/a>Hann tengir l\u00edkamann saman og heldur honum saman me\u00f0 \u00fev\u00ed a\u00f0 l\u00e1ta s\u00e9rhverja taug inna s\u00edna \u00fej\u00f3nustu af hendi, allt eftir \u00feeim krafti, sem hann \u00fathlutar hverri \u00feeirra. \u00deannig l\u00e6tur hann l\u00edkamann vaxa og byggjast upp \u00ed k\u00e6rleika.<a name=\"17\"><span class=\"versanumer\">17<\/span><\/a>\u00deetta segi \u00e9g \u00fe\u00e1 og vitna \u00ed nafni Drottins: \u00de\u00e9r megi\u00f0 ekki framar heg\u00f0a y\u00f0ur eins og hei\u00f0ingjarnir heg\u00f0a s\u00e9r. Hugsun \u00feeirra er allslaus,<a name=\"18\"><span class=\"versanumer\">18<\/span><\/a>skilningur \u00feeirra blinda\u00f0ur og \u00feeir eru fjarl\u00e6gir l\u00edfi Gu\u00f0s vegna van\u00feekkingarinnar, sem \u00feeir lifa \u00ed, og s\u00edns har\u00f0a hjarta.<a name=\"19\"><span class=\"versanumer\">19<\/span><\/a>\u00deeir eru tilfinningalausir og hafa ofurselt sig lostal\u00edfi, svo a\u00f0 \u00feeir fremja alls konar si\u00f0leysi af gr\u00e6\u00f0gi.<a name=\"20\"><span class=\"versanumer\">20<\/span><\/a>En svo hafi\u00f0 \u00fe\u00e9r ekki l\u00e6rt a\u00f0 \u00feekkja Krist.<a name=\"21\"><span class=\"versanumer\">21<\/span><\/a>\u00dev\u00ed a\u00f0 \u00e9g veit, a\u00f0 \u00fe\u00e9r hafi\u00f0 heyrt um hann og hafi\u00f0 veri\u00f0 um hann fr\u00e6ddir eins og sannleikurinn er \u00ed Jes\u00fa:<a name=\"22\"><span class=\"versanumer\">22<\/span><\/a>\u00de\u00e9r eigi\u00f0 a\u00f0 h\u00e6tta hinni fyrri breytni og afkl\u00e6\u00f0ast hinum gamla manni, sem er spilltur af t\u00e6landi girndum,<a name=\"23\"><span class=\"versanumer\">23<\/span><\/a>en endurn\u00fdjast \u00ed anda og hugsun og<a name=\"24\"><span class=\"versanumer\">24<\/span><\/a>\u00edkl\u00e6\u00f0ast hinum n\u00fdja manni, sem skapa\u00f0ur er eftir Gu\u00f0i \u00ed r\u00e9ttl\u00e6ti og heilagleika sannleikans.<a name=\"25\"><span class=\"versanumer\">25<\/span><\/a>Leggi\u00f0 n\u00fa af lygina og tali\u00f0 sannleika hver vi\u00f0 sinn n\u00e1unga, \u00fev\u00ed a\u00f0 v\u00e9r erum hver annars limir.<a name=\"26\"><span class=\"versanumer\">26<\/span><\/a>Ef \u00fe\u00e9r rei\u00f0ist, \u00fe\u00e1 syndgi\u00f0 ekki. S\u00f3lin m\u00e1 ekki setjast yfir rei\u00f0i y\u00f0ar.<a name=\"27\"><span class=\"versanumer\">27<\/span><\/a>Gefi\u00f0 dj\u00f6flinum ekkert f\u00e6ri.<a name=\"28\"><span class=\"versanumer\">28<\/span><\/a>Hinn stelv\u00edsi h\u00e6tti a\u00f0 stela, en leggi hart a\u00f0 s\u00e9r og gj\u00f6ri \u00fea\u00f0 sem gagnlegt er me\u00f0 h\u00f6ndum s\u00ednum, svo a\u00f0 hann hafi eitthva\u00f0 a\u00f0 mi\u00f0la \u00feeim, sem \u00feurfandi er.<a name=\"29\"><span class=\"versanumer\">29<\/span><\/a>L\u00e1ti\u00f0 ekkert ska\u00f0legt or\u00f0 l\u00ed\u00f0a y\u00f0ur af munni, heldur \u00fea\u00f0 eitt, sem er gott til uppbyggingar, \u00fear sem \u00fe\u00f6rf gj\u00f6rist, til \u00feess a\u00f0 \u00fea\u00f0 ver\u00f0i til g\u00f3\u00f0s \u00feeim, sem heyra.<a name=\"30\"><span class=\"versanumer\">30<\/span><\/a>Hryggi\u00f0 ekki Gu\u00f0s heilaga anda, sem \u00fe\u00e9r eru\u00f0 innsigla\u00f0ir me\u00f0 til endurlausnardagsins.<a name=\"31\"><span class=\"versanumer\">31<\/span><\/a>L\u00e1ti\u00f0 hvers konar beiskju, ofsa, rei\u00f0i, h\u00e1va\u00f0a og lastm\u00e6li vera fjarl\u00e6gt y\u00f0ur og alla mannvonsku yfirleitt.<a name=\"32\"><span class=\"versanumer\">32<\/span><\/a>Veri\u00f0 g\u00f3\u00f0vilja\u00f0ir hver vi\u00f0 annan, miskunnsamir, f\u00fasir til a\u00f0 fyrirgefa hver \u00f6\u00f0rum, eins og Gu\u00f0 hefur \u00ed Kristi fyrirgefi\u00f0 y\u00f0ur.<\/p>\n<div class=\"footnote1981\"><b>4.1-3<\/b> Sambo\u00f0i\u00f0 k\u00f6lluninni Fil 2.1-4; K\u00f3l 1.10; 3.12-15; 1\u00deess 2.12; 2\u00deess 1.11<br \/>\n<b>4.1<\/b> Bandingi Ef 3.1+<br \/>\n<b>4.2<\/b> Gagnkv\u00e6mur stu\u00f0ningur Gal 6.2<br \/>\n<b>4.3<\/b> Eining andans Fil 1.27 \u2013 lifa \u00ed fri\u00f0i Ef 1.10; 2.13-16; K\u00f3l 1.20<br \/>\n<b>4.4-6<\/b> Einn Gu\u00f0 1Kor 8.6; 12.4-6; Matt 23.8-10; 5M\u00f3s 6.4-5; Mrk 12.29<br \/>\n<b>4.4<\/b> Einn l\u00edkami Ef 2.16; R\u00f3m 12.5; 1Kor 10.17; 12.12 \u2013 einn andi Ef 2.18; 1Kor 12.13 \u2013 von Ef 1.18; K\u00f3l 1.5<br \/>\n<b>4.5<\/b> Einn Drottinn J\u00f3h 10.16; 1Kor 1.13; 8.6<br \/>\n<b>4.6<\/b> \u00cd \u00f6llum R\u00f3m 11.36; 1Kor 12.6<br \/>\n<b>4.7<\/b> N\u00e1\u00f0argj\u00f6f R\u00f3m 5.15; 12.3,6 \u2013 hverju og einu 1Kor 12.11<br \/>\n<b>4.8<\/b> Steig upp til h\u00e6\u00f0a &#8230; Slm 68.19; K\u00f3l 2.15<br \/>\n<b>4.9<\/b> Steig upp, steig ni\u00f0ur J\u00f3h 3.13; R\u00f3m 10.6-7; Fil 2.6-11<br \/>\n<b>4.11<\/b> Emb\u00e6ttin gjafir Drottins R\u00f3m 12.4-11; 1Kor 12.4-11,28<br \/>\n<b>4.12<\/b> Fullkomna hin heil\u00f6gu 2T\u00edm 3.17 \u2013 l\u00edkama Krists til uppbyggingar 1Kor 14.26; 1P\u00e9t 2.5<br \/>\n<b>4.13<\/b> Full\u00feroska K\u00f3l 1.28 \u2013 n\u00e1um a\u00f0 fyllast af Kristi Gal 4.19<br \/>\n<b>4.14<\/b> Ekki lengur b\u00f6rn R\u00f3m 16.19; 1Kor 3.1-3; 14.20; Heb 5.11-14 \u2013 kenningarvindur 2T\u00edm 4.3-4; Heb 13.9<br \/>\n<b>4.15<\/b> Kristur er h\u00f6fu\u00f0i\u00f0 Ef 1.22; 5.23; K\u00f3l 1.18<br \/>\n<b>4.16<\/b> L\u00edkami Krists R\u00f3m 12.4-5; 1Kor 12.12-30 \u2013 l\u00e6tur hann vaxa K\u00f3l 2.19 \u2013 byggjast upp Ef 2.20-22<br \/>\n<b>4.17-19<\/b> Lestir hei\u00f0ingjanna R\u00f3m 1.18-32; 1.19+ ; K\u00f3l 3.5<br \/>\n<b>4.18<\/b> Fjarl\u00e6gir l\u00edfi Gu\u00f0s Ef 2.12+ &#8211; s\u00edns har\u00f0a hjarta Mrk 3.5<br \/>\n<b>4.20-21<\/b> Fr\u00e6dd K\u00f3l 2.6-7; 3.1-10<br \/>\n<b>4.22-25<\/b> Afkl\u00e6\u00f0ast &#8230; \u00edkl\u00e6\u00f0ast K\u00f3l 3.8-10+<br \/>\n<b>4.23<\/b> Vekja n\u00fdja hugsun R\u00f3m 12.2<br \/>\n<b>4.25<\/b> Tali\u00f0 sannleika Sak 8.16 \u2013 hvert annars limir R\u00f3m 12.5; 1Kor 12.12<br \/>\n<b>4.26<\/b> Ef \u00fe\u00e9r rei\u00f0ist &#8230; Slm 4.5; Jak 1.19-20<br \/>\n<b>4.28<\/b> Me\u00f0 h\u00f6ndum s\u00ednum Post 20.34-35; 1Kor 4.12; Gal 6.10; 1\u00deess 4.11<br \/>\n<b>4.29<\/b> Ekkert l\u00ed\u00f0a y\u00f0ur af munni Ef 5.4; K\u00f3l 3.8,16; 4.6; Matt 15.11; Jak 3.10-12<br \/>\n<b>4.30<\/b> Hryggi\u00f0 ekki heilagan anda Jes 63.10; 1\u00deess 5.19 \u2013 andinn er trygging Ef 1.13-14<br \/>\n<b>4.31-32<\/b> N\u00fdtt samf\u00e9lag K\u00f3l 3.8,12-13 \u2013 fyrirgefa hvert \u00f6\u00f0ru Matt 6.14; 18.22-35<\/div>\n","protected":false},"excerpt":{"rendered":"<p>1\u00c9g, bandinginn vegna Drottins, \u00e1minni y\u00f0ur \u00feess vegna um a\u00f0 heg\u00f0a y\u00f0ur svo sem sambo\u00f0i\u00f0 er \u00feeirri k\u00f6llun, sem \u00fe\u00e9r hafi\u00f0 hloti\u00f0.2Veri\u00f0 \u00ed hv\u00edvetna l\u00edtill\u00e1tir og h\u00f3gv\u00e6rir. Veri\u00f0 \u00feolinm\u00f3\u00f0ir, langlyndir og umberi\u00f0 hver annan \u00ed k\u00e6rleika.3Kappkosti\u00f0 a\u00f0 var\u00f0veita einingu andans \u00ed bandi fri\u00f0arins.4Einn er l\u00edkaminn og einn andinn, eins og \u00fe\u00e9r l\u00edka voru\u00f0 kalla\u00f0ir til einnar vonar.5Einn er Drottinn, ein tr\u00fa, ein sk\u00edrn,6einn Gu\u00f0 og fa\u00f0ir allra, sem er yfir \u00f6llum, me\u00f0 \u00f6llum og \u00ed \u00f6llum.7S\u00e9rhverjum af oss var n\u00e1\u00f0in veitt eftir \u00fev\u00ed, sem Kristur \u00fathluta\u00f0i honum.8\u00dev\u00ed segir ritningin: Hann steig upp til h\u00e6\u00f0a, hert\u00f3k fanga og gaf m\u00f6nnunum gjafir.9En <a href=\"https:\/\/biblian.is\/1981\/efesusbrefid-4-kafli\/\"> [&#8230;]<\/a><\/p>\n","protected":false},"author":1,"featured_media":0,"parent":0,"menu_order":0,"comment_status":"open","ping_status":"open","template":"bibliukaflar.php","meta":{"footnotes":""},"class_list":["post-2448","page","type-page","status-publish","hentry"],"_links":{"self":[{"href":"https:\/\/biblian.is\/1981\/wp-json\/wp\/v2\/pages\/2448","targetHints":{"allow":["GET"]}}],"collection":[{"href":"https:\/\/biblian.is\/1981\/wp-json\/wp\/v2\/pages"}],"about":[{"href":"https:\/\/biblian.is\/1981\/wp-json\/wp\/v2\/types\/page"}],"author":[{"embeddable":true,"href":"https:\/\/biblian.is\/1981\/wp-json\/wp\/v2\/users\/1"}],"replies":[{"embeddable":true,"href":"https:\/\/biblian.is\/1981\/wp-json\/wp\/v2\/comments?post=2448"}],"version-history":[{"count":0,"href":"https:\/\/biblian.is\/1981\/wp-json\/wp\/v2\/pages\/2448\/revisions"}],"wp:attachment":[{"href":"https:\/\/biblian.is\/1981\/wp-json\/wp\/v2\/media?parent=2448"}],"curies":[{"name":"wp","href":"https:\/\/api.w.org\/{rel}","templated":true}]}}