{"id":2442,"date":"2017-11-18T20:21:47","date_gmt":"2017-11-18T20:21:47","guid":{"rendered":"http:\/\/biblian.is\/1981\/galatabrefid-4-kafli\/"},"modified":"2017-11-18T20:21:47","modified_gmt":"2017-11-18T20:21:47","slug":"galatabrefid-4-kafli","status":"publish","type":"page","link":"https:\/\/biblian.is\/1981\/galatabrefid-4-kafli\/","title":{"rendered":"Galatabr\u00e9fi\u00f0 4. kafli"},"content":{"rendered":"<p><a name=\"1\"><span class=\"versanumer\">1<\/span><\/a>Me\u00f0 \u00f6\u00f0rum or\u00f0um: Alla \u00fe\u00e1 stund, sem erfinginn er \u00f3fullve\u00f0ja, er enginn munur \u00e1 honum og \u00fer\u00e6li, \u00fe\u00f3tt hann eigi allt.<a name=\"2\"><span class=\"versanumer\">2<\/span><\/a>Hann er undir fj\u00e1rhaldsm\u00f6nnum og r\u00e1\u00f0sm\u00f6nnum til \u00feess t\u00edma, er fa\u00f0irinn hefur \u00e1kve\u00f0i\u00f0.<a name=\"3\"><span class=\"versanumer\">3<\/span><\/a>\u00deannig vorum v\u00e9r einnig, er v\u00e9r vorum \u00f3fullve\u00f0ja, \u00fer\u00e6lbundnir undir heimsv\u00e6ttirnar.<a name=\"4\"><span class=\"versanumer\">4<\/span><\/a>En \u00feegar fylling t\u00edmans kom, sendi Gu\u00f0 son sinn, f\u00e6ddan af konu, f\u00e6ddan undir l\u00f6gm\u00e1li,<a name=\"5\"><span class=\"versanumer\">5<\/span><\/a>til \u00feess a\u00f0 hann keypti lausa \u00fe\u00e1, sem voru undir l\u00f6gm\u00e1li, og v\u00e9r fengjum barnar\u00e9ttinn.<a name=\"6\"><span class=\"versanumer\">6<\/span><\/a>En \u00fear e\u00f0 \u00fe\u00e9r eru\u00f0 b\u00f6rn, \u00fe\u00e1 hefur Gu\u00f0 sent anda sonar s\u00edns \u00ed hj\u00f6rtu vor, sem hr\u00f3par: Abba, fa\u00f0ir!<a name=\"7\"><span class=\"versanumer\">7<\/span><\/a>\u00de\u00fa ert \u00fe\u00e1 ekki framar \u00fer\u00e6ll, heldur sonur. En ef \u00fe\u00fa ert sonur, \u00fe\u00e1 ert \u00fe\u00fa l\u00edka erfingi a\u00f0 r\u00e1\u00f0i Gu\u00f0s.<a name=\"8\"><span class=\"versanumer\">8<\/span><\/a>For\u00f0um, er \u00fe\u00e9r \u00feekktu\u00f0 ekki Gu\u00f0, \u00fe\u00e1 voru\u00f0 \u00fe\u00e9r \u00fer\u00e6lar \u00feeirra, sem \u00ed e\u00f0li s\u00ednu eru ekki gu\u00f0ir.<a name=\"9\"><span class=\"versanumer\">9<\/span><\/a>En n\u00fa, eftir a\u00f0 \u00fe\u00e9r \u00feekki\u00f0 Gu\u00f0, e\u00f0a r\u00e9ttara sagt, eftir a\u00f0 Gu\u00f0 \u00feekkir y\u00f0ur, hvernig geti\u00f0 \u00fe\u00e9r sn\u00fai\u00f0 aftur til hinna veiku og f\u00e1t\u00e6klegu v\u00e6tta? Vilji\u00f0 \u00fe\u00e9r \u00fer\u00e6la undir \u00feeim a\u00f0 n\u00fdju?<a name=\"10\"><span class=\"versanumer\">10<\/span><\/a>\u00de\u00e9r hafi\u00f0 g\u00e6tur \u00e1 d\u00f6gum og m\u00e1nu\u00f0um, vissum t\u00ed\u00f0um og \u00e1rum.<a name=\"11\"><span class=\"versanumer\">11<\/span><\/a>\u00c9g er hr\u00e6ddur um y\u00f0ur, a\u00f0 \u00e9g kunni a\u00f0 hafa haft erfi\u00f0i fyrir y\u00f0ur til \u00f3n\u00fdtis.<a name=\"12\"><span class=\"versanumer\">12<\/span><\/a>\u00c9g bi\u00f0 y\u00f0ur, br\u00e6\u00f0ur: Ver\u00f0i\u00f0 eins og \u00e9g, \u00fev\u00ed a\u00f0 \u00e9g er or\u00f0inn eins og \u00fe\u00e9r. \u00cd engu hafi\u00f0 \u00fe\u00e9r gj\u00f6rt \u00e1 hluta minn.<a name=\"13\"><span class=\"versanumer\">13<\/span><\/a>\u00de\u00e9r viti\u00f0, a\u00f0 sj\u00fakleiki minn var\u00f0 tilefni til \u00feess, a\u00f0 \u00e9g fyrst bo\u00f0a\u00f0i y\u00f0ur fagna\u00f0arerindi\u00f0.<a name=\"14\"><span class=\"versanumer\">14<\/span><\/a>En \u00fe\u00e9r l\u00e9tu\u00f0 ekki l\u00edkams\u00e1sigkomulag mitt ver\u00f0a y\u00f0ur til \u00e1steytingar og \u00f3virtu\u00f0 mig ekki n\u00e9 s\u00fdndu\u00f0 m\u00e9r \u00f3beit, heldur t\u00f3ku\u00f0 \u00fe\u00e9r \u00e1 m\u00f3ti m\u00e9r eins og engli Gu\u00f0s, eins og Kristi Jes\u00fa sj\u00e1lfum.<a name=\"15\"><span class=\"versanumer\">15<\/span><\/a>Hva\u00f0 er n\u00fa or\u00f0i\u00f0 \u00far blessunarb\u00e6num y\u00f0ar? \u00dea\u00f0 vitni ber \u00e9g y\u00f0ur, a\u00f0 augun hef\u00f0u\u00f0 \u00fe\u00e9r stungi\u00f0 \u00far y\u00f0ur og gefi\u00f0 m\u00e9r, ef au\u00f0i\u00f0 hef\u00f0i veri\u00f0.<a name=\"16\"><span class=\"versanumer\">16<\/span><\/a>Er \u00e9g \u00fe\u00e1 or\u00f0inn \u00f3vinur y\u00f0ar, vegna \u00feess a\u00f0 \u00e9g segi y\u00f0ur sannleikann?<a name=\"17\"><span class=\"versanumer\">17<\/span><\/a>\u00deeir l\u00e1ta s\u00e9r annt um y\u00f0ur, en \u00fea\u00f0 er eigi af g\u00f3\u00f0u, heldur vilja \u00feeir einangra y\u00f0ur, til \u00feess a\u00f0 \u00fe\u00e9r l\u00e1ti\u00f0 y\u00f0ur annt um \u00fe\u00e1.<a name=\"18\"><span class=\"versanumer\">18<\/span><\/a>\u00dea\u00f0 er \u00e1vallt gott a\u00f0 l\u00e1ta s\u00e9r annt um \u00fea\u00f0, sem gott er, og ekki a\u00f0eins me\u00f0an \u00e9g er hj\u00e1 y\u00f0ur,<a name=\"19\"><span class=\"versanumer\">19<\/span><\/a>b\u00f6rn m\u00edn, sem \u00e9g a\u00f0 n\u00fdju el me\u00f0 harmkv\u00e6lum, \u00feanga\u00f0 til Kristur er mynda\u00f0ur \u00ed y\u00f0ur!<a name=\"20\"><span class=\"versanumer\">20<\/span><\/a>\u00c9g vildi \u00e9g v\u00e6ri n\u00fa hj\u00e1 y\u00f0ur og g\u00e6ti tala\u00f0 n\u00fdjum r\u00f3mi, \u00fev\u00ed a\u00f0 \u00e9g er r\u00e1\u00f0alaus me\u00f0 y\u00f0ur.<a name=\"21\"><span class=\"versanumer\">21<\/span><\/a>Segi\u00f0 m\u00e9r, \u00fe\u00e9r sem vilji\u00f0 vera undir l\u00f6gm\u00e1li, heyri\u00f0 \u00fe\u00e9r ekki hva\u00f0 l\u00f6gm\u00e1li\u00f0 segir?<a name=\"22\"><span class=\"versanumer\">22<\/span><\/a>Rita\u00f0 er, a\u00f0 Abraham \u00e1tti tvo sonu, annan vi\u00f0 amb\u00e1ttinni, en hinn vi\u00f0 frj\u00e1lsu konunni.<a name=\"23\"><span class=\"versanumer\">23<\/span><\/a>Sonurinn vi\u00f0 amb\u00e1ttinni var f\u00e6ddur \u00e1 n\u00e1tt\u00farlegan h\u00e1tt, en sonurinn vi\u00f0 frj\u00e1lsu konunni var f\u00e6ddur samkv\u00e6mt fyrirheiti.<a name=\"24\"><span class=\"versanumer\">24<\/span><\/a>&#8222;\u00deetta hefur \u00f3eiginlega merkingu: Konurnar merkja tvo s\u00e1ttm\u00e1la: Annar er s\u00e1 fr\u00e1 S\u00edna\u00edfjalli og elur b\u00f6rn til \u00e1nau\u00f0ar, \u00fea\u00f0 er Hagar;&#8220;<a name=\"25\"><span class=\"versanumer\">25<\/span><\/a>en Hagar merkir S\u00edna\u00edfjall \u00ed Arab\u00edu og samsvarar hinni n\u00faverandi Jer\u00fasalem, \u00fev\u00ed a\u00f0 h\u00fan er \u00ed \u00e1nau\u00f0 \u00e1samt b\u00f6rnum s\u00ednum.<a name=\"26\"><span class=\"versanumer\">26<\/span><\/a>En Jer\u00fasalem, sem \u00ed h\u00e6\u00f0um er, er frj\u00e1ls, og h\u00fan er m\u00f3\u00f0ir vor,<a name=\"27\"><span class=\"versanumer\">27<\/span><\/a>\u00fev\u00ed a\u00f0 rita\u00f0 er: Ver gl\u00f6\u00f0, \u00f3byrja, sem ekkert barn hefur \u00e1tt! Hr\u00f3pa og kalla h\u00e1tt, \u00fe\u00fa sem ekki hefur j\u00f3\u00f0sj\u00fak or\u00f0i\u00f0! \u00dev\u00ed a\u00f0 b\u00f6rn hinnar yfirgefnu eru fleiri en hinnar, sem manninn \u00e1.<a name=\"28\"><span class=\"versanumer\">28<\/span><\/a>En \u00fe\u00e9r, br\u00e6\u00f0ur, eru\u00f0 fyrirheits b\u00f6rn eins og \u00cdsak.<a name=\"29\"><span class=\"versanumer\">29<\/span><\/a>En eins og s\u00e1, sem f\u00e6ddur var \u00e1 n\u00e1tt\u00farlegan h\u00e1tt, ofs\u00f3tti for\u00f0um \u00feann, sem f\u00e6ddur var \u00e1 undursamlegan h\u00e1tt, svo er \u00fea\u00f0 og n\u00fa.<a name=\"30\"><span class=\"versanumer\">30<\/span><\/a>En hva\u00f0 segir ritningin? Rek burt amb\u00e1ttina og son hennar, \u00fev\u00ed a\u00f0 ekki skal amb\u00e1ttarsonurinn taka arf me\u00f0 syni frj\u00e1lsu konunnar.<a name=\"31\"><span class=\"versanumer\">31<\/span><\/a>\u00deess vegna, br\u00e6\u00f0ur, erum v\u00e9r ekki amb\u00e1ttar b\u00f6rn, heldur b\u00f6rn frj\u00e1lsu konunnar.<\/p>\n<div class=\"footnote1981\"><b>4.4<\/b> Fylling t\u00edmans Mrk 1.15; Ef 1.10 \u2013 sendi son sinn  J\u00f3h 1.14; R\u00f3m 1.3<br \/>\n<b>4.5<\/b> Keypti lausa Gal 3.13+ &#8211; yr\u00f0um b\u00f6rn Gu\u00f0s Gal 3.26+<br \/>\n<b>4.6<\/b> Abba R\u00f3m 8.15<br \/>\n<b>4.8<\/b> Ekki neinir gu\u00f0ir 2Kro 13.9; Jes 37.19; Jer 2.11; 1Kor 8.4-6<br \/>\n<b>4.9<\/b> \u00deekkir 1Kor 8.3<br \/>\n<b>4.10<\/b> Haldi\u00f0 upp \u00e1 daga Jes 1.13; R\u00f3m 14.5; K\u00f3l 2.16-23<br \/>\n<b>4.12<\/b> Eins og \u00e9g 1Kor 4.16; 9.20-22<br \/>\n<b>4.14<\/b> T\u00f3ku\u00f0 \u00e1 m\u00f3ti m\u00e9r Matt 10.40; J\u00f3h 13.20; 1Kor 2.3-5; 2Kor 4.10-12<br \/>\n<b>4.19<\/b> B\u00f6rn \u00ed Kristi 1Kor 4.15 \u2013 me\u00f0 harmkv\u00e6lum 2Kor 4.10-12; K\u00f3l 1.24 \u2013 Kristur er mynda\u00f0ur \u00ed ykkur R\u00f3m 8.9-10<br \/>\n<b>4.22<\/b> Tveir synir Abrahams 1M\u00f3s 16.15; 21.2<br \/>\n<b>4.23<\/b> Samkv\u00e6mt fyrirheiti 1M\u00f3s 17.16; R\u00f3m 9.7-9<br \/>\n<b>4.25<\/b> Hin n\u00faverandi Jer\u00fasalem \u00ed \u00e1nau\u00f0 J\u00f3h 8.33-35<br \/>\n<b>4.26<\/b> Jer\u00fasalem \u00ed h\u00e6\u00f0um Heb 12.22; Opb 3.12; 21.2,10<br \/>\n<b>4.27<\/b> Ver gl\u00f6\u00f0 &#8230; Jes 54.1<br \/>\n<b>4.30<\/b> Sbr 1M\u00f3s 21.10; J\u00f3h 8.35<\/div>\n","protected":false},"excerpt":{"rendered":"<p>1Me\u00f0 \u00f6\u00f0rum or\u00f0um: Alla \u00fe\u00e1 stund, sem erfinginn er \u00f3fullve\u00f0ja, er enginn munur \u00e1 honum og \u00fer\u00e6li, \u00fe\u00f3tt hann eigi allt.2Hann er undir fj\u00e1rhaldsm\u00f6nnum og r\u00e1\u00f0sm\u00f6nnum til \u00feess t\u00edma, er fa\u00f0irinn hefur \u00e1kve\u00f0i\u00f0.3\u00deannig vorum v\u00e9r einnig, er v\u00e9r vorum \u00f3fullve\u00f0ja, \u00fer\u00e6lbundnir undir heimsv\u00e6ttirnar.4En \u00feegar fylling t\u00edmans kom, sendi Gu\u00f0 son sinn, f\u00e6ddan af konu, f\u00e6ddan undir l\u00f6gm\u00e1li,5til \u00feess a\u00f0 hann keypti lausa \u00fe\u00e1, sem voru undir l\u00f6gm\u00e1li, og v\u00e9r fengjum barnar\u00e9ttinn.6En \u00fear e\u00f0 \u00fe\u00e9r eru\u00f0 b\u00f6rn, \u00fe\u00e1 hefur Gu\u00f0 sent anda sonar s\u00edns \u00ed hj\u00f6rtu vor, sem hr\u00f3par: Abba, fa\u00f0ir!7\u00de\u00fa ert \u00fe\u00e1 ekki framar \u00fer\u00e6ll, heldur sonur. En ef \u00fe\u00fa <a href=\"https:\/\/biblian.is\/1981\/galatabrefid-4-kafli\/\"> [&#8230;]<\/a><\/p>\n","protected":false},"author":1,"featured_media":0,"parent":0,"menu_order":0,"comment_status":"open","ping_status":"open","template":"bibliukaflar.php","meta":{"footnotes":""},"class_list":["post-2442","page","type-page","status-publish","hentry"],"_links":{"self":[{"href":"https:\/\/biblian.is\/1981\/wp-json\/wp\/v2\/pages\/2442","targetHints":{"allow":["GET"]}}],"collection":[{"href":"https:\/\/biblian.is\/1981\/wp-json\/wp\/v2\/pages"}],"about":[{"href":"https:\/\/biblian.is\/1981\/wp-json\/wp\/v2\/types\/page"}],"author":[{"embeddable":true,"href":"https:\/\/biblian.is\/1981\/wp-json\/wp\/v2\/users\/1"}],"replies":[{"embeddable":true,"href":"https:\/\/biblian.is\/1981\/wp-json\/wp\/v2\/comments?post=2442"}],"version-history":[{"count":0,"href":"https:\/\/biblian.is\/1981\/wp-json\/wp\/v2\/pages\/2442\/revisions"}],"wp:attachment":[{"href":"https:\/\/biblian.is\/1981\/wp-json\/wp\/v2\/media?parent=2442"}],"curies":[{"name":"wp","href":"https:\/\/api.w.org\/{rel}","templated":true}]}}