{"id":2441,"date":"2017-11-18T20:21:47","date_gmt":"2017-11-18T20:21:47","guid":{"rendered":"http:\/\/biblian.is\/1981\/galatabrefid-3-kafli\/"},"modified":"2017-11-18T20:21:47","modified_gmt":"2017-11-18T20:21:47","slug":"galatabrefid-3-kafli","status":"publish","type":"page","link":"https:\/\/biblian.is\/1981\/galatabrefid-3-kafli\/","title":{"rendered":"Galatabr\u00e9fi\u00f0 3. kafli"},"content":{"rendered":"<p><a name=\"1\"><span class=\"versanumer\">1<\/span><\/a>\u00de\u00e9r \u00f3skyns\u00f6mu Galatar! Hver hefur t\u00f6fra\u00f0 y\u00f0ur? \u00de\u00e9r hafi\u00f0 \u00fe\u00f3 fengi\u00f0 sk\u00fdra mynd af Jes\u00fa Kristi \u00e1 krossinum, m\u00e1la\u00f0a fyrir augum y\u00f0ar.<a name=\"2\"><span class=\"versanumer\">2<\/span><\/a>Um \u00feetta eitt vil \u00e9g fr\u00e6\u00f0ast af y\u00f0ur: \u00d6\u00f0lu\u00f0ust \u00fe\u00e9r andann fyrir l\u00f6gm\u00e1lsverk e\u00f0a vi\u00f0 a\u00f0 hl\u00fd\u00f0a \u00e1 fagna\u00f0arerindi\u00f0 og tr\u00faa?<a name=\"3\"><span class=\"versanumer\">3<\/span><\/a>Eru\u00f0 \u00fe\u00e9r svo \u00f3skynsamir? \u00de\u00e9r sem byrju\u00f0u\u00f0 \u00ed anda, \u00e6tli\u00f0 \u00fe\u00e9r n\u00fa a\u00f0 enda \u00ed holdi?<a name=\"4\"><span class=\"versanumer\">4<\/span><\/a>Hafi\u00f0 \u00fe\u00e9r til einskis reynt svo miki\u00f0? ef \u00fea\u00f0 \u00fe\u00e1 er til einskis!<a name=\"5\"><span class=\"versanumer\">5<\/span><\/a>Hva\u00f0 um \u00fea\u00f0, s\u00e1 sem veitir y\u00f0ur andann og framkv\u00e6mir m\u00e1ttarverk me\u00f0al y\u00f0ar, gj\u00f6rir hann \u00fea\u00f0 vegna l\u00f6gm\u00e1lsverka y\u00f0ar e\u00f0a vegna \u00feess a\u00f0 \u00fe\u00e9r heyri\u00f0 og tr\u00fai\u00f0?<a name=\"6\"><span class=\"versanumer\">6<\/span><\/a>Svo var og um Abraham, hann tr\u00fa\u00f0i Gu\u00f0i, og \u00fea\u00f0 var honum til r\u00e9ttl\u00e6tis reikna\u00f0.<a name=\"7\"><span class=\"versanumer\">7<\/span><\/a>\u00de\u00e9r sj\u00e1i\u00f0 \u00fe\u00e1, a\u00f0 \u00feeir sem byggja \u00e1 tr\u00fanni, \u00feeir eru einmitt synir Abrahams.<a name=\"8\"><span class=\"versanumer\">8<\/span><\/a>Ritningin s\u00e1 \u00fea\u00f0 fyrir, a\u00f0 Gu\u00f0 mundi r\u00e9ttl\u00e6ta hei\u00f0ingjana fyrir tr\u00fa, og \u00fev\u00ed bo\u00f0a\u00f0i h\u00fan Abraham fyrirfram \u00feann fagna\u00f0arbo\u00f0skap: Af \u00fe\u00e9r skulu allar \u00fej\u00f3\u00f0ir blessun hlj\u00f3ta.<a name=\"9\"><span class=\"versanumer\">9<\/span><\/a>\u00deannig hlj\u00f3ta \u00feeir, sem byggja \u00e1 tr\u00fanni, blessun \u00e1samt hinum tr\u00faa\u00f0a Abraham.<a name=\"10\"><span class=\"versanumer\">10<\/span><\/a>En b\u00f6lvun hv\u00edlir \u00e1 \u00f6llum \u00feeim, sem byggja \u00e1 l\u00f6gm\u00e1lsverkum, \u00fev\u00ed a\u00f0 rita\u00f0 er: B\u00f6lva\u00f0ur er s\u00e1, sem ekki heldur fast vi\u00f0 allt \u00fea\u00f0, sem \u00ed l\u00f6gm\u00e1lsb\u00f3kinni er rita\u00f0, og breytir eftir \u00fev\u00ed.<a name=\"11\"><span class=\"versanumer\">11<\/span><\/a>En \u00fea\u00f0 er auglj\u00f3st a\u00f0 fyrir Gu\u00f0i r\u00e9ttl\u00e6tist enginn me\u00f0 l\u00f6gm\u00e1li, \u00fev\u00ed a\u00f0 hinn r\u00e9ttl\u00e1ti mun lifa fyrir tr\u00fa.<a name=\"12\"><span class=\"versanumer\">12<\/span><\/a>En l\u00f6gm\u00e1li\u00f0 spyr ekki um tr\u00fa. \u00dea\u00f0 segir: S\u00e1, sem breytir eftir bo\u00f0um \u00feess, mun lifa fyrir \u00feau.<a name=\"13\"><span class=\"versanumer\">13<\/span><\/a>Kristur keypti oss undan b\u00f6lvun l\u00f6gm\u00e1lsins me\u00f0 \u00fev\u00ed a\u00f0 ver\u00f0a b\u00f6lvun fyrir oss, \u00fev\u00ed a\u00f0 rita\u00f0 er: B\u00f6lva\u00f0ur er hver s\u00e1, sem \u00e1 tr\u00e9 hangir.<a name=\"14\"><span class=\"versanumer\">14<\/span><\/a>\u00deannig skyldi hei\u00f0ingjunum hlotnast blessun Abrahams \u00ed Kristi Jes\u00fa, og v\u00e9r \u00f6\u00f0last fyrir tr\u00fana andann, sem fyrirheiti\u00f0 var.<a name=\"15\"><span class=\"versanumer\">15<\/span><\/a>Br\u00e6\u00f0ur, \u00e9g tek d\u00e6mi \u00far mannlegu l\u00edfi: Enginn \u00f3n\u00fdtir e\u00f0a eykur vi\u00f0 sta\u00f0festa arflei\u00f0sluskr\u00e1, enda \u00fe\u00f3tt h\u00fan s\u00e9 a\u00f0eins af manni gj\u00f6r\u00f0.<a name=\"16\"><span class=\"versanumer\">16<\/span><\/a>N\u00fa voru fyrirheitin gefin Abraham og afkv\u00e6mi hans, \u00fear stendur ekki og afkv\u00e6mum, eins og margir \u00e6ttu \u00ed hlut, heldur og afkv\u00e6mi \u00fe\u00ednu, eins og \u00feegar um einn er a\u00f0 r\u00e6\u00f0a, og \u00fea\u00f0 er Kristur.<a name=\"17\"><span class=\"versanumer\">17<\/span><\/a>Me\u00f0 \u00feessu vildi \u00e9g sagt hafa: S\u00e1ttm\u00e1la, sem \u00e1\u00f0ur var sta\u00f0festur af Gu\u00f0i, getur l\u00f6gm\u00e1li\u00f0, sem kom fj\u00f6gur hundru\u00f0 og \u00ferj\u00e1t\u00edu \u00e1rum s\u00ed\u00f0ar, ekki \u00f3n\u00fdtt, svo a\u00f0 \u00fea\u00f0 felli fyrirheiti\u00f0 \u00far gildi.<a name=\"18\"><span class=\"versanumer\">18<\/span><\/a>S\u00e9 \u00fev\u00ed \u00fe\u00e1 svo fari\u00f0, a\u00f0 arfurinn f\u00e1ist me\u00f0 l\u00f6gm\u00e1li, \u00fe\u00e1 f\u00e6st hann ekki framar me\u00f0 fyrirheiti, en Gu\u00f0 veitti Abraham n\u00e1\u00f0 s\u00edna me\u00f0 fyrirheiti.<a name=\"19\"><span class=\"versanumer\">19<\/span><\/a>Hva\u00f0 er \u00fe\u00e1 l\u00f6gm\u00e1li\u00f0? Vegna afbrotanna var \u00fev\u00ed b\u00e6tt vi\u00f0, \u00feanga\u00f0 til afkv\u00e6mi\u00f0 k\u00e6mi, sem fyrirheiti\u00f0 hlj\u00f3\u00f0a\u00f0i um. Fyrir ums\u00fdslan engla er \u00fea\u00f0 til or\u00f0i\u00f0, fyrir tilstilli me\u00f0algangara.<a name=\"20\"><span class=\"versanumer\">20<\/span><\/a>En me\u00f0algangara gj\u00f6rist ekki \u00fe\u00f6rf \u00fear sem einn \u00e1 \u00ed hlut, en Gu\u00f0 er einn.<a name=\"21\"><span class=\"versanumer\">21<\/span><\/a>Er \u00fe\u00e1 l\u00f6gm\u00e1li\u00f0 gegn fyrirheitum Gu\u00f0s? Fjarri fer \u00fev\u00ed. Ef v\u00e9r hef\u00f0um fengi\u00f0 l\u00f6gm\u00e1l, sem veitt g\u00e6ti l\u00edf, \u00fe\u00e1 fengist r\u00e9ttl\u00e6ti\u00f0 vissulega me\u00f0 l\u00f6gm\u00e1li.<a name=\"22\"><span class=\"versanumer\">22<\/span><\/a>En ritningin segir, a\u00f0 allt s\u00e9 hneppt undir vald syndarinnar, til \u00feess a\u00f0 fyrirheiti\u00f0 veitist \u00feeim, sem tr\u00faa, fyrir tr\u00fa \u00e1 Jes\u00fa Krist.<a name=\"23\"><span class=\"versanumer\">23<\/span><\/a>\u00c1\u00f0ur en tr\u00fain kom, vorum v\u00e9r \u00ed g\u00e6slu l\u00f6gm\u00e1lsins inniloka\u00f0ir, \u00feanga\u00f0 til tr\u00fain, sem \u00ed v\u00e6ndum var, opinbera\u00f0ist.<a name=\"24\"><span class=\"versanumer\">24<\/span><\/a>\u00deannig hefur l\u00f6gm\u00e1li\u00f0 or\u00f0i\u00f0 tyftari vor, \u00feanga\u00f0 til Kristur kom, til \u00feess a\u00f0 v\u00e9r r\u00e9ttl\u00e6ttumst af tr\u00fa.<a name=\"25\"><span class=\"versanumer\">25<\/span><\/a>En n\u00fa, eftir a\u00f0 tr\u00fain er komin, erum v\u00e9r ekki lengur undir tyftara.<a name=\"26\"><span class=\"versanumer\">26<\/span><\/a>\u00de\u00e9r eru\u00f0 allir Gu\u00f0s b\u00f6rn fyrir tr\u00fana \u00e1 Krist Jes\u00fa.<a name=\"27\"><span class=\"versanumer\">27<\/span><\/a>Allir \u00fe\u00e9r, sem eru\u00f0 sk\u00edr\u00f0ir til samf\u00e9lags vi\u00f0 Krist, \u00fe\u00e9r hafi\u00f0 \u00edkl\u00e6\u00f0st Kristi.<a name=\"28\"><span class=\"versanumer\">28<\/span><\/a>H\u00e9r er enginn Gy\u00f0ingur n\u00e9 gr\u00edskur, \u00fer\u00e6ll n\u00e9 frj\u00e1ls ma\u00f0ur, karl n\u00e9 kona. \u00de\u00e9r eru\u00f0 allir eitt \u00ed Kristi Jes\u00fa.<a name=\"29\"><span class=\"versanumer\">29<\/span><\/a>En ef \u00fe\u00e9r tilheyri\u00f0 Kristi, \u00fe\u00e1 eru\u00f0 \u00fe\u00e9r ni\u00f0jar Abrahams, erfingjar eftir fyrirheitinu.<\/p>\n<div class=\"footnote1981\"><b>3.1<\/b> Kristur \u00e1 krossinum, kjarni bo\u00f0unarinnar 1Kor 1.18,23-24; 2.2; Gal 6.14<br \/>\n<b>3.2<\/b> Tr\u00fa og l\u00f6gm\u00e1l Gal 2.16+ &#8211; \u00f6\u00f0last andann Post 11.17; R\u00f3m 8.1+; Gal 4.6<br \/>\n<b>3.4<\/b> Reynt svo miki\u00f0 1Kor 2.12; 12.4-11; 2Kor 12.12<br \/>\n<b>3.6<\/b> Abraham tr\u00fa\u00f0i 1M\u00f3s 15.6; R\u00f3m 4.3<br \/>\n<b>3.8<\/b> Allar \u00fej\u00f3\u00f0ir &#8230; 1M\u00f3s 12.3; 18.18; S\u00edr 44.21; Post 3.25<br \/>\n<b>3.9<\/b> Ni\u00f0jar Abrahams, hin tr\u00fau\u00f0u R\u00f3m 4.16; Heb 2.16<br \/>\n<b>3.10<\/b> B\u00f6lva\u00f0ur er hver s\u00e1 &#8230; 5M\u00f3s 27.26<br \/>\n<b>3.11<\/b> Hinn r\u00e9ttl\u00e1ti &#8230; Hab 2.4; R\u00f3m 1.17; Heb 10.38 \u2013 enginn r\u00e9ttl\u00e6tist me\u00f0 l\u00f6gm\u00e1li Gal 2.16+<br \/>\n<b>3.12<\/b> S\u00e1 sem breytir &#8230; 3M\u00f3s 18.5; R\u00f3m 10.5<br \/>\n<b>3.13<\/b> B\u00f6lva\u00f0ur er hver s\u00e1 &#8230; 5M\u00f3s 21.23 \u2013 Kristur keypti okkur R\u00f3m 5.8+ ; Gal 4.5; Ef 2.4-5 \u2013 taka \u00e1 sig b\u00f6lvun R\u00f3m 8.3; 2Kor 5.21<br \/>\n<b>3.14<\/b> Andinn sem fyrirheiti\u00f0 var R\u00f3m 5.5+<br \/>\n<b>3.16<\/b> Fyrirheitin gefin Abraham R\u00f3m 4.13+ &#8211; \u00fea\u00f0 er Kristur Matt 1.1; Gal 3.28-29<br \/>\n<b>3.19<\/b> Hlutverk l\u00f6gm\u00e1lsins R\u00f3m 4.15+ &#8211; englar s\u00e1u um Post 7.38,53; Heb 2.2<br \/>\n<b>3.20<\/b> Gu\u00f0 er einn 5M\u00f3s 6.4; R\u00f3m 3.30<br \/>\n<b>3.21<\/b> L\u00f6gm\u00e1li\u00f0 gat ekki frelsa\u00f0 Post 13.38-39; R\u00f3m 8.3<br \/>\n<b>3.24<\/b> Tyftari Gal 4.2 \u2013 \u00feanga\u00f0 til Kristur kom R\u00f3m 10.4<br \/>\n<b>3.26<\/b> Gu\u00f0s b\u00f6rn Gal 4.5; J\u00f3h 1.12; R\u00f3m 8.15-16<br \/>\n<b>3.27<\/b> \u00cdkl\u00e6\u00f0st Kristi R\u00f3m 13.14; Ef 4.24; K\u00f3l 3.10 \u2013 sk\u00edr\u00f0 til samf\u00e9lags vi\u00f0 Krist R\u00f3m 6.3-4<br \/>\n<b>3.28<\/b> Gy\u00f0ingar og a\u00f0rar \u00fej\u00f3\u00f0ir R\u00f3m 10.12; 1Kor 12.13; K\u00f3l 3.11<\/div>\n","protected":false},"excerpt":{"rendered":"<p>1\u00de\u00e9r \u00f3skyns\u00f6mu Galatar! Hver hefur t\u00f6fra\u00f0 y\u00f0ur? \u00de\u00e9r hafi\u00f0 \u00fe\u00f3 fengi\u00f0 sk\u00fdra mynd af Jes\u00fa Kristi \u00e1 krossinum, m\u00e1la\u00f0a fyrir augum y\u00f0ar.2Um \u00feetta eitt vil \u00e9g fr\u00e6\u00f0ast af y\u00f0ur: \u00d6\u00f0lu\u00f0ust \u00fe\u00e9r andann fyrir l\u00f6gm\u00e1lsverk e\u00f0a vi\u00f0 a\u00f0 hl\u00fd\u00f0a \u00e1 fagna\u00f0arerindi\u00f0 og tr\u00faa?3Eru\u00f0 \u00fe\u00e9r svo \u00f3skynsamir? \u00de\u00e9r sem byrju\u00f0u\u00f0 \u00ed anda, \u00e6tli\u00f0 \u00fe\u00e9r n\u00fa a\u00f0 enda \u00ed holdi?4Hafi\u00f0 \u00fe\u00e9r til einskis reynt svo miki\u00f0? ef \u00fea\u00f0 \u00fe\u00e1 er til einskis!5Hva\u00f0 um \u00fea\u00f0, s\u00e1 sem veitir y\u00f0ur andann og framkv\u00e6mir m\u00e1ttarverk me\u00f0al y\u00f0ar, gj\u00f6rir hann \u00fea\u00f0 vegna l\u00f6gm\u00e1lsverka y\u00f0ar e\u00f0a vegna \u00feess a\u00f0 \u00fe\u00e9r heyri\u00f0 og tr\u00fai\u00f0?6Svo var og um Abraham, hann <a href=\"https:\/\/biblian.is\/1981\/galatabrefid-3-kafli\/\"> [&#8230;]<\/a><\/p>\n","protected":false},"author":1,"featured_media":0,"parent":0,"menu_order":0,"comment_status":"open","ping_status":"open","template":"bibliukaflar.php","meta":{"footnotes":""},"class_list":["post-2441","page","type-page","status-publish","hentry"],"_links":{"self":[{"href":"https:\/\/biblian.is\/1981\/wp-json\/wp\/v2\/pages\/2441","targetHints":{"allow":["GET"]}}],"collection":[{"href":"https:\/\/biblian.is\/1981\/wp-json\/wp\/v2\/pages"}],"about":[{"href":"https:\/\/biblian.is\/1981\/wp-json\/wp\/v2\/types\/page"}],"author":[{"embeddable":true,"href":"https:\/\/biblian.is\/1981\/wp-json\/wp\/v2\/users\/1"}],"replies":[{"embeddable":true,"href":"https:\/\/biblian.is\/1981\/wp-json\/wp\/v2\/comments?post=2441"}],"version-history":[{"count":0,"href":"https:\/\/biblian.is\/1981\/wp-json\/wp\/v2\/pages\/2441\/revisions"}],"wp:attachment":[{"href":"https:\/\/biblian.is\/1981\/wp-json\/wp\/v2\/media?parent=2441"}],"curies":[{"name":"wp","href":"https:\/\/api.w.org\/{rel}","templated":true}]}}