{"id":2440,"date":"2017-11-18T20:21:47","date_gmt":"2017-11-18T20:21:47","guid":{"rendered":"http:\/\/biblian.is\/1981\/galatabrefid-2-kafli\/"},"modified":"2017-11-18T20:21:47","modified_gmt":"2017-11-18T20:21:47","slug":"galatabrefid-2-kafli","status":"publish","type":"page","link":"https:\/\/biblian.is\/1981\/galatabrefid-2-kafli\/","title":{"rendered":"Galatabr\u00e9fi\u00f0 2. kafli"},"content":{"rendered":"<p><a name=\"1\"><span class=\"versanumer\">1<\/span><\/a>S\u00ed\u00f0an f\u00f3r \u00e9g a\u00f0 fj\u00f3rt\u00e1n \u00e1rum li\u00f0num aftur upp til Jer\u00fasalem \u00e1samt Barnabasi og t\u00f3k l\u00edka T\u00edtus me\u00f0 m\u00e9r.<a name=\"2\"><span class=\"versanumer\">2<\/span><\/a>&#8222;\u00c9g f\u00f3r \u00feanga\u00f0 eftir opinberun og lag\u00f0i fram fyrir \u00fe\u00e1 fagna\u00f0arerindi\u00f0, sem \u00e9g pr\u00e9dika me\u00f0al hei\u00f0ingjanna. \u00c9g lag\u00f0i \u00fea\u00f0 einslega fyrir \u00fe\u00e1, sem \u00ed \u00e1liti voru; \u00fea\u00f0 m\u00e1tti eigi henda, a\u00f0 \u00e9g hlypi og hef\u00f0i hlaupi\u00f0 til einskis.&#8220;<a name=\"3\"><span class=\"versanumer\">3<\/span><\/a>En ekki var einu sinni T\u00edtus, sem me\u00f0 m\u00e9r var og var gr\u00edskur ma\u00f0ur, neyddur til a\u00f0 l\u00e1ta umskerast.<a name=\"4\"><span class=\"versanumer\">4<\/span><\/a>\u00dea\u00f0 hef\u00f0i \u00fe\u00e1 veri\u00f0 fyrir tilverkna\u00f0 falsbr\u00e6\u00f0ranna, er illu heilli haf\u00f0i veri\u00f0 hleypt inn og laumast h\u00f6f\u00f0u inn til a\u00f0 nj\u00f3sna um frelsi vort, \u00fea\u00f0 er v\u00e9r h\u00f6fum \u00ed Kristi Jes\u00fa, til \u00feess a\u00f0 \u00feeir g\u00e6tu hneppt oss \u00ed \u00fer\u00e6ld\u00f3m.<a name=\"5\"><span class=\"versanumer\">5<\/span><\/a>Undan \u00feeim l\u00e9tum v\u00e9r ekki einu sinni eitt andartak, til \u00feess a\u00f0 sannleiki fagna\u00f0arerindisins skyldi haldast vi\u00f0 hj\u00e1 y\u00f0ur.<a name=\"6\"><span class=\"versanumer\">6<\/span><\/a>Og \u00feeir, sem \u00ed \u00e1liti voru, hva\u00f0 \u00feeir einu sinni voru, skiptir mig engu, Gu\u00f0 fer ekki \u00ed manngreinar\u00e1lit, \u00feeir, sem \u00ed \u00e1liti voru, l\u00f6g\u00f0u ekkert frekara fyrir mig.<a name=\"7\"><span class=\"versanumer\">7<\/span><\/a>\u00devert \u00e1 m\u00f3ti, \u00feeir s\u00e1u, a\u00f0 m\u00e9r var tr\u00faa\u00f0 fyrir fagna\u00f0arerindinu til \u00f3umskorinna manna, eins og P\u00e9tri til umskorinna,<a name=\"8\"><span class=\"versanumer\">8<\/span><\/a>\u00fev\u00ed a\u00f0 s\u00e1, sem hefur eflt P\u00e9tur til postulad\u00f3ms me\u00f0al hinna umskornu, hefur einnig eflt mig til postulad\u00f3ms me\u00f0al hei\u00f0ingjanna.<a name=\"9\"><span class=\"versanumer\">9<\/span><\/a>Og er \u00feeir h\u00f6f\u00f0u komist a\u00f0 raun um, hv\u00edl\u00edk n\u00e1\u00f0 m\u00e9r var veitt, \u00fe\u00e1 r\u00e9ttu \u00feeir Jakob, Kefas og J\u00f3hannes, sem \u00e1litnir voru m\u00e1ttarst\u00f3lparnir, m\u00e9r og Barnabasi h\u00f6nd s\u00edna til br\u00e6\u00f0ralags: Vi\u00f0 skyldum fara til hei\u00f0ingjanna, en \u00feeir til hinna umskornu.<a name=\"10\"><span class=\"versanumer\">10<\/span><\/a>\u00dea\u00f0 eitt var til skili\u00f0, a\u00f0 vi\u00f0 skyldum minnast hinna f\u00e1t\u00e6ku, og einmitt \u00feetta hef \u00e9g l\u00edka kappkosta\u00f0 a\u00f0 gj\u00f6ra.<a name=\"11\"><span class=\"versanumer\">11<\/span><\/a>En \u00feegar Kefas kom til Ant\u00edokk\u00edu, andm\u00e6lti \u00e9g honum upp \u00ed opi\u00f0 ge\u00f0i\u00f0, \u00fev\u00ed hann var sannur a\u00f0 s\u00f6k.<a name=\"12\"><span class=\"versanumer\">12<\/span><\/a>\u00c1\u00f0ur en menn nokkrir komu fr\u00e1 Jakob, haf\u00f0i hann seti\u00f0 a\u00f0 bor\u00f0i me\u00f0 hei\u00f0ingjunum, en er \u00feeir komu, dr\u00f3 hann sig \u00ed hl\u00e9 og t\u00f3k sig \u00fat \u00far af \u00f3tta vi\u00f0 \u00fe\u00e1, sem h\u00e9ldu fram umskurninni.<a name=\"13\"><span class=\"versanumer\">13<\/span><\/a>Hinir Gy\u00f0ingarnir t\u00f3ku einnig a\u00f0 hr\u00e6sna me\u00f0 honum, svo a\u00f0 jafnvel Barnabas l\u00e9t dragast me\u00f0 af hr\u00e6sni \u00feeirra.<a name=\"14\"><span class=\"versanumer\">14<\/span><\/a>En \u00feegar \u00e9g s\u00e1, a\u00f0 \u00feeir gengu ekki beint eftir sannleika fagna\u00f0arerindisins, sag\u00f0i \u00e9g vi\u00f0 Kefas \u00ed allra \u00e1heyrn: \u00dar \u00fev\u00ed a\u00f0 \u00fe\u00fa, sem ert Gy\u00f0ingur, lifir a\u00f0 hei\u00f0ingja si\u00f0um, en eigi Gy\u00f0inga, hvernig ferst \u00fe\u00e9r \u00fe\u00e1 a\u00f0 ney\u00f0a hei\u00f0ingja til a\u00f0 lifa a\u00f0 Gy\u00f0inga si\u00f0um?<a name=\"15\"><span class=\"versanumer\">15<\/span><\/a>V\u00e9r erum f\u00e6ddir Gy\u00f0ingar, ekki syndarar af hei\u00f0nu bergi brotnir.<a name=\"16\"><span class=\"versanumer\">16<\/span><\/a>En v\u00e9r vitum, a\u00f0 ma\u00f0urinn r\u00e9ttl\u00e6tist ekki af l\u00f6gm\u00e1lsverkum, heldur fyrir tr\u00fa \u00e1 Jes\u00fa Krist. Og v\u00e9r t\u00f3kum tr\u00fa \u00e1 Krist Jes\u00fa, til \u00feess a\u00f0 v\u00e9r r\u00e9ttl\u00e6ttumst af tr\u00fa \u00e1 Krist, en ekki af l\u00f6gm\u00e1lsverkum. Enda r\u00e9ttl\u00e6tist enginn lifandi ma\u00f0ur af l\u00f6gm\u00e1lsverkum.<a name=\"17\"><span class=\"versanumer\">17<\/span><\/a>En ef v\u00e9r n\u00fa sj\u00e1lfir reynumst syndarar \u00feegar v\u00e9r leitumst vi\u00f0 a\u00f0 r\u00e9ttl\u00e6tast \u00ed Kristi, er \u00fe\u00e1 Kristur or\u00f0inn \u00fej\u00f3nn syndarinnar? Fjarri fer \u00fev\u00ed.<a name=\"18\"><span class=\"versanumer\">18<\/span><\/a>Fari \u00e9g a\u00f0 byggja upp aftur \u00fea\u00f0, sem \u00e9g braut ni\u00f0ur, \u00fe\u00e1 s\u00fdni \u00e9g og sanna, a\u00f0 \u00e9g er sj\u00e1lfur brotlegur.<a name=\"19\"><span class=\"versanumer\">19<\/span><\/a>\u00dev\u00ed a\u00f0 af v\u00f6ldum l\u00f6gm\u00e1lsins er \u00e9g d\u00e1inn l\u00f6gm\u00e1linu til \u00feess a\u00f0 lifa Gu\u00f0i.<a name=\"20\"><span class=\"versanumer\">20<\/span><\/a>\u00c9g er krossfestur me\u00f0 Kristi. Sj\u00e1lfur lifi \u00e9g ekki framar, heldur lifir Kristur \u00ed m\u00e9r. L\u00edfinu, sem \u00e9g lifi n\u00fa h\u00e9r \u00e1 j\u00f6r\u00f0, lifi \u00e9g \u00ed tr\u00fanni \u00e1 Gu\u00f0s son, sem elska\u00f0i mig og lag\u00f0i sj\u00e1lfan sig \u00ed s\u00f6lurnar fyrir mig.<a name=\"21\"><span class=\"versanumer\">21<\/span><\/a>\u00c9g \u00f3n\u00fdti ekki n\u00e1\u00f0 Gu\u00f0s. Ef r\u00e9ttl\u00e6ting f\u00e6st fyrir l\u00f6gm\u00e1l, \u00fe\u00e1 hefur Kristur d\u00e1i\u00f0 til einskis.<\/p>\n<div class=\"footnote1981\"><b>2.1<\/b> Barnabas Post 4.36+ &#8211; T\u00edtus 2Kor 2.13+<br \/>\n<b>2.4<\/b> Falsbr\u00e6\u00f0ur Post 15.1,24; Gal 1.7<br \/>\n<b>2.5<\/b> Fagna\u00f0arerindi\u00f0 \u00f3brengla\u00f0 Gal 2.14; 5.7; Ef 1.13<br \/>\n<b>2.6<\/b> Manngreinar\u00e1lit 3M\u00f3s 19.15; 5M\u00f3s 10.17; Post 10.34; R\u00f3m 2.11; Ef 6.9; K\u00f3l 3.25; Jak 2.1; 1P\u00e9t 1.17<br \/>\n<b>2.7<\/b> Postuli hei\u00f0ingjanna Post 9.15; 22.21; Gal 1.16; R\u00f3m 1.5-6; 15.15-19<br \/>\n<b>2.10<\/b> Minnast hinna f\u00e1t\u00e6ku Post 11.29-30; 2Kor 8-9<br \/>\n<b>2.12<\/b> Seti\u00f0 a\u00f0 bor\u00f0i me\u00f0 hei\u00f0ingjum Post 10.28; 11.3<br \/>\n<b>2.14<\/b> Sannleikur fagna\u00f0arerindisins Gal 2.5+<br \/>\n<b>2.16<\/b> Enginn r\u00e9ttl\u00e6tist &#8230; Slm 143.2 \u2013 hin sanna r\u00e9ttl\u00e6ting Post 15.10-11; R\u00f3m 3.20,28; 4.5; 9.30; 11.6; Gal 3.11; Ef 2.8<br \/>\n<b>2.19<\/b> L\u00f6gm\u00e1li\u00f0 leiddi til dau\u00f0a R\u00f3m 7.4-6 \u2013 lifa Gu\u00f0i R\u00f3m 6.10-11; 14.8 \u2013 krossfestur me\u00f0 Kristi Gal 6.14<br \/>\n<b>2.20<\/b> Kristur lifir \u00ed m\u00e9r R\u00f3m 8.10; Fil 1.21 \u2013 l\u00edf hinna tr\u00fau\u00f0u 2Kor 10.3; 5.14-15 \u2013 tr\u00fa \u00e1 Gu\u00f0s son Gal 2.16; R\u00f3m 3.22,26; Fil 3.9 \u2013 Kristur elskar J\u00f3h 13.1; 17.23; 1J\u00f3h 3.16 \u2013 lag\u00f0i sj\u00e1lfan sig \u00ed s\u00f6lurnar Gal 1.4; 1T\u00edm 2.6; T\u00edt 2.14<\/div>\n","protected":false},"excerpt":{"rendered":"<p>1S\u00ed\u00f0an f\u00f3r \u00e9g a\u00f0 fj\u00f3rt\u00e1n \u00e1rum li\u00f0num aftur upp til Jer\u00fasalem \u00e1samt Barnabasi og t\u00f3k l\u00edka T\u00edtus me\u00f0 m\u00e9r.2&#8222;\u00c9g f\u00f3r \u00feanga\u00f0 eftir opinberun og lag\u00f0i fram fyrir \u00fe\u00e1 fagna\u00f0arerindi\u00f0, sem \u00e9g pr\u00e9dika me\u00f0al hei\u00f0ingjanna. \u00c9g lag\u00f0i \u00fea\u00f0 einslega fyrir \u00fe\u00e1, sem \u00ed \u00e1liti voru; \u00fea\u00f0 m\u00e1tti eigi henda, a\u00f0 \u00e9g hlypi og hef\u00f0i hlaupi\u00f0 til einskis.&#8220;3En ekki var einu sinni T\u00edtus, sem me\u00f0 m\u00e9r var og var gr\u00edskur ma\u00f0ur, neyddur til a\u00f0 l\u00e1ta umskerast.4\u00dea\u00f0 hef\u00f0i \u00fe\u00e1 veri\u00f0 fyrir tilverkna\u00f0 falsbr\u00e6\u00f0ranna, er illu heilli haf\u00f0i veri\u00f0 hleypt inn og laumast h\u00f6f\u00f0u inn til a\u00f0 nj\u00f3sna um frelsi vort, \u00fea\u00f0 er v\u00e9r <a href=\"https:\/\/biblian.is\/1981\/galatabrefid-2-kafli\/\"> [&#8230;]<\/a><\/p>\n","protected":false},"author":1,"featured_media":0,"parent":0,"menu_order":0,"comment_status":"open","ping_status":"open","template":"bibliukaflar.php","meta":{"footnotes":""},"class_list":["post-2440","page","type-page","status-publish","hentry"],"_links":{"self":[{"href":"https:\/\/biblian.is\/1981\/wp-json\/wp\/v2\/pages\/2440","targetHints":{"allow":["GET"]}}],"collection":[{"href":"https:\/\/biblian.is\/1981\/wp-json\/wp\/v2\/pages"}],"about":[{"href":"https:\/\/biblian.is\/1981\/wp-json\/wp\/v2\/types\/page"}],"author":[{"embeddable":true,"href":"https:\/\/biblian.is\/1981\/wp-json\/wp\/v2\/users\/1"}],"replies":[{"embeddable":true,"href":"https:\/\/biblian.is\/1981\/wp-json\/wp\/v2\/comments?post=2440"}],"version-history":[{"count":0,"href":"https:\/\/biblian.is\/1981\/wp-json\/wp\/v2\/pages\/2440\/revisions"}],"wp:attachment":[{"href":"https:\/\/biblian.is\/1981\/wp-json\/wp\/v2\/media?parent=2440"}],"curies":[{"name":"wp","href":"https:\/\/api.w.org\/{rel}","templated":true}]}}