{"id":2435,"date":"2017-11-18T20:21:47","date_gmt":"2017-11-18T20:21:47","guid":{"rendered":"http:\/\/biblian.is\/1981\/sidara-korintubref-10-kafli\/"},"modified":"2021-06-06T11:10:10","modified_gmt":"2021-06-06T11:10:10","slug":"sidara-korintubref-10-kafli","status":"publish","type":"page","link":"https:\/\/biblian.is\/1981\/sidara-korintubref-10-kafli\/","title":{"rendered":"S\u00ed\u00f0ara Korintubr\u00e9f 10. kafli"},"content":{"rendered":"<p><a name=\"1\"><span class=\"versanumer\">1<\/span><\/a>N\u00fa \u00e1minni \u00e9g sj\u00e1lfur, P\u00e1ll, y\u00f0ur me\u00f0 h\u00f3gv\u00e6r\u00f0 og mildi Krists, \u00e9g, sem \u00ed n\u00e1vist y\u00f0ar \u00e1 a\u00f0 vera au\u00f0mj\u00fakur, en fjarverandi djarfm\u00e1ll vi\u00f0 y\u00f0ur.<a name=\"2\"><span class=\"versanumer\">2<\/span><\/a>\u00c9g bi\u00f0 y\u00f0ur \u00feess, a\u00f0 l\u00e1ta mig ekki \u00feurfa a\u00f0 vera djarfm\u00e1lan, \u00feegar \u00e9g kem, og beita \u00feeim myndugleika, sem \u00e9g \u00e6tla m\u00e9r a\u00f0 beita gagnvart nokkrum, er \u00e1l\u00edta, a\u00f0 v\u00e9r l\u00e1tum stj\u00f3rnast af mannlegum hv\u00f6tum.<a name=\"3\"><span class=\"versanumer\">3<\/span><\/a>\u00de\u00f3tt v\u00e9r lifum jar\u00f0nesku l\u00edfi, \u00fe\u00e1 berjumst v\u00e9r ekki \u00e1 jar\u00f0neskan h\u00e1tt, _<a name=\"4\"><span class=\"versanumer\">4<\/span><\/a>\u00fev\u00ed a\u00f0 vopnin, sem v\u00e9r berjumst me\u00f0, eru ekki jar\u00f0nesk, heldur m\u00e1ttug vopn Gu\u00f0s til a\u00f0 brj\u00f3ta ni\u00f0ur v\u00edgi.<a name=\"5\"><span class=\"versanumer\">5<\/span><\/a>V\u00e9r brj\u00f3tum ni\u00f0ur hugsm\u00ed\u00f0ar og allt, sem hreykir s\u00e9r gegn \u00feekkingunni \u00e1 Gu\u00f0i, og hert\u00f6kum hverja hugsun til hl\u00fd\u00f0ni vi\u00f0 Krist.<a name=\"6\"><span class=\"versanumer\">6<\/span><\/a>Og v\u00e9r erum \u00feess alb\u00fanir a\u00f0 refsa s\u00e9rhverri \u00f3hl\u00fd\u00f0ni, \u00feegar hl\u00fd\u00f0ni y\u00f0ar er fullkomin or\u00f0in.<a name=\"7\"><span class=\"versanumer\">7<\/span><\/a>\u00de\u00e9r horfi\u00f0 \u00e1 hi\u00f0 ytra. Ef einhver treystir \u00fev\u00ed, a\u00f0 hann s\u00e9 Krists, \u00fe\u00e1 hyggi hann betur a\u00f0 og sj\u00e1i, a\u00f0 eins og hann er Krists, \u00feannig erum v\u00e9r \u00fea\u00f0 einnig.<a name=\"8\"><span class=\"versanumer\">8<\/span><\/a>Jafnvel \u00fe\u00f3tt \u00e9g vildi hr\u00f3sa m\u00e9r \u00ed frekara lagi af valdi voru, sem Drottinn hefur gefi\u00f0 til a\u00f0 uppbyggja, en ekki til a\u00f0 ni\u00f0urbrj\u00f3ta y\u00f0ur, \u00fe\u00e1 yr\u00f0i \u00e9g m\u00e9r ekki til skammar.<a name=\"9\"><span class=\"versanumer\">9<\/span><\/a>Ekki m\u00e1 l\u00edta svo \u00fat sem \u00e9g vilji hr\u00e6\u00f0a y\u00f0ur me\u00f0 br\u00e9funum.<a name=\"10\"><span class=\"versanumer\">10<\/span><\/a>Br\u00e9fin, segja menn, eru \u00feung og str\u00f6ng, en sj\u00e1lfur er hann l\u00edtill fyrir mann a\u00f0 sj\u00e1 og enginn tekur mark \u00e1 r\u00e6\u00f0u hans.<a name=\"11\"><span class=\"versanumer\">11<\/span><\/a>S\u00e1, sem sl\u00edkt segir, festi \u00fea\u00f0 \u00ed huga s\u00e9r, a\u00f0 eins og v\u00e9r fjarstaddir t\u00f6lum til y\u00f0ar \u00ed br\u00e9funum, \u00feannig munum v\u00e9r koma fram, \u00feegar v\u00e9r erum hj\u00e1 y\u00f0ur.<a name=\"12\"><span class=\"versanumer\">12<\/span><\/a>Ekki dirfumst v\u00e9r a\u00f0 telja oss til \u00feeirra e\u00f0a bera oss saman vi\u00f0 suma af \u00feeim, er m\u00e6la me\u00f0 sj\u00e1lfum s\u00e9r. \u00deeir m\u00e6la sig vi\u00f0 sj\u00e1lfa sig og bera sig saman vi\u00f0 sj\u00e1lfa sig og eru \u00f3skynsamir.<a name=\"13\"><span class=\"versanumer\">13<\/span><\/a>En v\u00e9r viljum ekki hr\u00f3sa oss \u00e1n vi\u00f0mi\u00f0unar, heldur samkv\u00e6mt \u00feeirri m\u00e6listiku, sem Gu\u00f0 hefur \u00fathluta\u00f0 oss: A\u00f0 n\u00e1 alla lei\u00f0 til y\u00f0ar.<a name=\"14\"><span class=\"versanumer\">14<\/span><\/a>\u00dev\u00ed a\u00f0 v\u00e9r teygjum oss ekki of langt fram, ella hef\u00f0um v\u00e9r ekki komist til y\u00f0ar. En v\u00e9r vorum fyrstir til y\u00f0ar me\u00f0 fagna\u00f0arerindi\u00f0 um Krist.<a name=\"15\"><span class=\"versanumer\">15<\/span><\/a>V\u00e9r h\u00f6fum vora vi\u00f0mi\u00f0un og st\u00e6rum oss ekki af erfi\u00f0i annarra. V\u00e9r h\u00f6fum \u00fe\u00e1 von, a\u00f0 eftir \u00fev\u00ed sem tr\u00fa y\u00f0ar vex, ver\u00f0um v\u00e9r miklir \u00e1 me\u00f0al y\u00f0ar, j\u00e1, st\u00f3rmiklir samkv\u00e6mt m\u00e6listiku vorri.<a name=\"16\"><span class=\"versanumer\">16<\/span><\/a>\u00de\u00e1 getum v\u00e9r bo\u00f0a\u00f0 fagna\u00f0arerindi\u00f0 \u00ed l\u00f6ndum handan vi\u00f0 y\u00f0ur \u00e1n \u00feess a\u00f0 nota annarra m\u00e6listikur e\u00f0a st\u00e6ra oss af \u00fev\u00ed, sem \u00feegar er gj\u00f6rt.<a name=\"17\"><span class=\"versanumer\">17<\/span><\/a>En s\u00e1 sem hr\u00f3sar s\u00e9r, hann hr\u00f3si s\u00e9r \u00ed Drottni.<a name=\"18\"><span class=\"versanumer\">18<\/span><\/a>\u00dev\u00ed a\u00f0 fullgildur er ekki s\u00e1, er m\u00e6lir me\u00f0 sj\u00e1lfum s\u00e9r, heldur s\u00e1, er Drottinn m\u00e6lir me\u00f0.<\/p>\n<div class=\"footnote1981\"><b>10.1<\/b> Au\u00f0mj\u00fakur Matt 11.29; 1Kor 2.3<br \/>\n<b>10.4<\/b> Vopn Gu\u00f0s 2Kor 6.7+<br \/>\n<b>10.5<\/b> Allt sem hreykir s\u00e9r Jes 2.11-18<br \/>\n<b>10.6<\/b> Hl\u00fd\u00f0ni 2Kor 2.9+<br \/>\n<b>10.8<\/b> \u00de\u00f3tt \u00e9g vildi hr\u00f3sa m\u00e9r 2Kor 11.16,18; 12.6; Gal 6.13; Fil 3.4 \u2013 byggja upp, r\u00edfa ni\u00f0ur Jer 1.10; 2Kor 13.10<br \/>\n<b>10.12<\/b> M\u00e6la me\u00f0 sj\u00e1lfum s\u00e9r 2Kor 3.1+<br \/>\n<b>10.13-15<\/b> M\u00e6li sem Gu\u00f0 hefur \u00fathluta\u00f0 R\u00f3m 15.17-21,28-29<br \/>\n<b>10.17<\/b> S\u00e1 sem &#8230; Jer 9.22-23; 1Kor 1.31<\/div>\n","protected":false},"excerpt":{"rendered":"<p>1N\u00fa \u00e1minni \u00e9g sj\u00e1lfur, P\u00e1ll, y\u00f0ur me\u00f0 h\u00f3gv\u00e6r\u00f0 og mildi Krists, \u00e9g, sem \u00ed n\u00e1vist y\u00f0ar \u00e1 a\u00f0 vera au\u00f0mj\u00fakur, en fjarverandi djarfm\u00e1ll vi\u00f0 y\u00f0ur.2\u00c9g bi\u00f0 y\u00f0ur \u00feess, a\u00f0 l\u00e1ta mig ekki \u00feurfa a\u00f0 vera djarfm\u00e1lan, \u00feegar \u00e9g kem, og beita \u00feeim myndugleika, sem \u00e9g \u00e6tla m\u00e9r a\u00f0 beita gagnvart nokkrum, er \u00e1l\u00edta, a\u00f0 v\u00e9r l\u00e1tum stj\u00f3rnast af mannlegum hv\u00f6tum.3\u00de\u00f3tt v\u00e9r lifum jar\u00f0nesku l\u00edfi, \u00fe\u00e1 berjumst v\u00e9r ekki \u00e1 jar\u00f0neskan h\u00e1tt, _4\u00fev\u00ed a\u00f0 vopnin, sem v\u00e9r berjumst me\u00f0, eru ekki jar\u00f0nesk, heldur m\u00e1ttug vopn Gu\u00f0s til a\u00f0 brj\u00f3ta ni\u00f0ur v\u00edgi.5V\u00e9r brj\u00f3tum ni\u00f0ur hugsm\u00ed\u00f0ar og allt, sem hreykir s\u00e9r gegn \u00feekkingunni <a href=\"https:\/\/biblian.is\/1981\/sidara-korintubref-10-kafli\/\"> [&#8230;]<\/a><\/p>\n","protected":false},"author":1,"featured_media":0,"parent":0,"menu_order":0,"comment_status":"open","ping_status":"open","template":"bibliukaflar.php","meta":{"footnotes":""},"class_list":["post-2435","page","type-page","status-publish","hentry"],"_links":{"self":[{"href":"https:\/\/biblian.is\/1981\/wp-json\/wp\/v2\/pages\/2435","targetHints":{"allow":["GET"]}}],"collection":[{"href":"https:\/\/biblian.is\/1981\/wp-json\/wp\/v2\/pages"}],"about":[{"href":"https:\/\/biblian.is\/1981\/wp-json\/wp\/v2\/types\/page"}],"author":[{"embeddable":true,"href":"https:\/\/biblian.is\/1981\/wp-json\/wp\/v2\/users\/1"}],"replies":[{"embeddable":true,"href":"https:\/\/biblian.is\/1981\/wp-json\/wp\/v2\/comments?post=2435"}],"version-history":[{"count":0,"href":"https:\/\/biblian.is\/1981\/wp-json\/wp\/v2\/pages\/2435\/revisions"}],"wp:attachment":[{"href":"https:\/\/biblian.is\/1981\/wp-json\/wp\/v2\/media?parent=2435"}],"curies":[{"name":"wp","href":"https:\/\/api.w.org\/{rel}","templated":true}]}}