{"id":2430,"date":"2017-11-18T20:21:47","date_gmt":"2017-11-18T20:21:47","guid":{"rendered":"http:\/\/biblian.is\/1981\/sidara-korintubref-5-kafli\/"},"modified":"2021-06-06T11:10:13","modified_gmt":"2021-06-06T11:10:13","slug":"sidara-korintubref-5-kafli","status":"publish","type":"page","link":"https:\/\/biblian.is\/1981\/sidara-korintubref-5-kafli\/","title":{"rendered":"S\u00ed\u00f0ara Korintubr\u00e9f 5. kafli"},"content":{"rendered":"<p><a name=\"1\"><span class=\"versanumer\">1<\/span><\/a>V\u00e9r vitum, a\u00f0 \u00fe\u00f3tt vor jar\u00f0neska tjaldb\u00fa\u00f0 ver\u00f0i rifin ni\u00f0ur, \u00fe\u00e1 h\u00f6fum v\u00e9r h\u00fas fr\u00e1 Gu\u00f0i, eil\u00edft h\u00fas \u00e1 himnum, sem eigi er me\u00f0 h\u00f6ndum gj\u00f6rt.<a name=\"2\"><span class=\"versanumer\">2<\/span><\/a>\u00c1 me\u00f0an andv\u00f6rpum v\u00e9r og \u00fer\u00e1um a\u00f0 \u00edkl\u00e6\u00f0ast h\u00fasi voru fr\u00e1 himnum.<a name=\"3\"><span class=\"versanumer\">3<\/span><\/a>\u00deegar v\u00e9r \u00edkl\u00e6\u00f0umst \u00fev\u00ed, munum v\u00e9r ekki standa uppi naktir.<a name=\"4\"><span class=\"versanumer\">4<\/span><\/a>En \u00e1 me\u00f0an v\u00e9r erum \u00ed tjaldb\u00fa\u00f0inni, stynjum v\u00e9r m\u00e6ddir, af \u00fev\u00ed a\u00f0 v\u00e9r viljum ekki afkl\u00e6\u00f0ast, heldur \u00edkl\u00e6\u00f0ast, til \u00feess a\u00f0 hi\u00f0 dau\u00f0lega uppsvelgist af l\u00edfinu.<a name=\"5\"><span class=\"versanumer\">5<\/span><\/a>En s\u00e1, sem hefur gj\u00f6rt oss f\u00e6ra einmitt til \u00feessa, er Gu\u00f0, sem hefur gefi\u00f0 oss anda sinn sem pant.<a name=\"6\"><span class=\"versanumer\">6<\/span><\/a>V\u00e9r erum \u00fev\u00ed \u00e1vallt hughraustir, \u00fe\u00f3tt v\u00e9r vitum, a\u00f0 me\u00f0an v\u00e9r eigum heima \u00ed l\u00edkamanum erum v\u00e9r a\u00f0 heiman fr\u00e1 Drottni,<a name=\"7\"><span class=\"versanumer\">7<\/span><\/a>\u00fev\u00ed a\u00f0 v\u00e9r lifum \u00ed tr\u00fa, en sj\u00e1um ekki.<a name=\"8\"><span class=\"versanumer\">8<\/span><\/a>J\u00e1, v\u00e9r erum hughraustir og langar \u00f6llu fremur til a\u00f0 hverfa burt \u00far l\u00edkamanum og vera heima hj\u00e1 Drottni.<a name=\"9\"><span class=\"versanumer\">9<\/span><\/a>\u00deess vegna kostum v\u00e9r kapps um, hvort sem v\u00e9r erum heima e\u00f0a a\u00f0 heiman, a\u00f0 vera honum \u00fe\u00f3knanlegir.<a name=\"10\"><span class=\"versanumer\">10<\/span><\/a>\u00dev\u00ed a\u00f0 \u00f6llum oss ber a\u00f0 birtast fyrir d\u00f3mst\u00f3li Krists, til \u00feess a\u00f0 s\u00e9rhver f\u00e1i \u00fea\u00f0 endurgoldi\u00f0, sem hann hefur a\u00f0hafst \u00ed l\u00edkamanum, hvort sem \u00fea\u00f0 er gott e\u00f0a illt.<a name=\"11\"><span class=\"versanumer\">11<\/span><\/a>Me\u00f0 \u00fev\u00ed a\u00f0 v\u00e9r n\u00fa vitum, hva\u00f0 \u00fea\u00f0 er a\u00f0 \u00f3ttast Drottin, leitumst v\u00e9r vi\u00f0 a\u00f0 sannf\u00e6ra menn. En Gu\u00f0i erum v\u00e9r kunnir or\u00f0nir, j\u00e1, \u00e9g vona, a\u00f0 v\u00e9r s\u00e9um einnig kunnir or\u00f0nir y\u00f0ur \u00ed hj\u00f6rtum y\u00f0ar.<a name=\"12\"><span class=\"versanumer\">12<\/span><\/a>Ekki erum v\u00e9r enn a\u00f0 m\u00e6la me\u00f0 sj\u00e1lfum oss vi\u00f0 y\u00f0ur, heldur gefum v\u00e9r y\u00f0ur tilefni til a\u00f0 miklast af oss, til \u00feess a\u00f0 \u00fe\u00e9r hafi\u00f0 eitthva\u00f0 gagnvart \u00feeim, er miklast af hinu ytra, en ekki af hjarta\u00feelinu.<a name=\"13\"><span class=\"versanumer\">13<\/span><\/a>\u00dev\u00ed a\u00f0 hvort sem v\u00e9r h\u00f6fum or\u00f0i\u00f0 fr\u00e1vita, \u00fe\u00e1 var \u00fea\u00f0 vegna Gu\u00f0s, e\u00f0a v\u00e9r erum me\u00f0 sj\u00e1lfum oss, \u00fe\u00e1 er \u00fea\u00f0 vegna y\u00f0ar.<a name=\"14\"><span class=\"versanumer\">14<\/span><\/a>K\u00e6rleiki Krists kn\u00fdr oss,<a name=\"15\"><span class=\"versanumer\">15<\/span><\/a>\u00fev\u00ed a\u00f0 v\u00e9r h\u00f6fum \u00e1lykta\u00f0 svo: Ef einn er d\u00e1inn fyrir alla, \u00fe\u00e1 eru \u00feeir allir d\u00e1nir. Og hann er d\u00e1inn fyrir alla, til \u00feess a\u00f0 \u00feeir, sem lifa, lifi ekki framar sj\u00e1lfum s\u00e9r, heldur honum, sem fyrir \u00fe\u00e1 er d\u00e1inn og upprisinn.<a name=\"16\"><span class=\"versanumer\">16<\/span><\/a>\u00deannig metum v\u00e9r h\u00e9\u00f0an \u00ed fr\u00e1 engan a\u00f0 mannlegum h\u00e6tti. \u00de\u00f3tt v\u00e9r og h\u00f6fum \u00feekkt Krist a\u00f0 mannlegum h\u00e6tti, \u00feekkjum v\u00e9r hann n\u00fa ekki framar \u00feannig.<a name=\"17\"><span class=\"versanumer\">17<\/span><\/a>Ef einhver er \u00ed Kristi, er hann skapa\u00f0ur \u00e1 n\u00fd, hi\u00f0 gamla var\u00f0 a\u00f0 engu, sj\u00e1, n\u00fdtt er or\u00f0i\u00f0 til.<a name=\"18\"><span class=\"versanumer\">18<\/span><\/a>Allt er fr\u00e1 Gu\u00f0i, sem s\u00e6tti oss vi\u00f0 sig fyrir Krist og gaf oss \u00fej\u00f3nustu s\u00e1ttargj\u00f6r\u00f0arinnar.<a name=\"19\"><span class=\"versanumer\">19<\/span><\/a>\u00dev\u00ed a\u00f0 \u00fea\u00f0 var Gu\u00f0, sem \u00ed Kristi s\u00e6tti heiminn vi\u00f0 sig, er hann tilreikna\u00f0i \u00feeim ekki afbrot \u00feeirra og f\u00f3l oss a\u00f0 bo\u00f0a or\u00f0 s\u00e1ttargj\u00f6r\u00f0arinnar.<a name=\"20\"><span class=\"versanumer\">20<\/span><\/a>V\u00e9r erum \u00fev\u00ed erindrekar Krists, eins og \u00fea\u00f0 v\u00e6ri Gu\u00f0, sem \u00e1minnti, \u00feegar v\u00e9r \u00e1minnum. V\u00e9r bi\u00f0jum \u00ed Krists sta\u00f0: L\u00e1ti\u00f0 s\u00e6ttast vi\u00f0 Gu\u00f0.<a name=\"21\"><span class=\"versanumer\">21<\/span><\/a>\u00deann sem \u00feekkti ekki synd, gj\u00f6r\u00f0i hann a\u00f0 synd vor vegna, til \u00feess a\u00f0 v\u00e9r skyldum ver\u00f0a r\u00e9ttl\u00e6ti Gu\u00f0s \u00ed honum.<\/p>\n<div class=\"footnote1981\"><b>5.1<\/b> Jar\u00f0nesk tjaldb\u00fa\u00f0 Job 4.19; SSal 9.15; Jes 38.12; 2P\u00e9t 1.13<br \/>\n<b>5.2<\/b> Andv\u00f6rpum R\u00f3m 8.23<br \/>\n<b>5.3-4<\/b> Upprisan 1Kor 15.53-54; 1\u00deess 4.14-17<br \/>\n<b>5.5<\/b> Andinn sem trygging 2Kor 1.22+<br \/>\n<b>5.7<\/b> Lifum \u00ed tr\u00fa \u00e1n \u00feess a\u00f0 sj\u00e1 1Kor 13.12; Heb 11.13<br \/>\n<b>5.8<\/b> Heima hj\u00e1 Drottni Fil 1.21-23<br \/>\n<b>5.10<\/b> D\u00f3mst\u00f3ll Krists R\u00f3m 14.10; 1Kor 3.11-15<br \/>\n<b>5.12<\/b> M\u00e6la me\u00f0 sj\u00e1lfum s\u00e9r 2Kor 3.1+<br \/>\n<b>5.14<\/b> Einn fyrir alla J\u00f3h 11.50; R\u00f3m 5.18 \u2013 allir d\u00e1nir R\u00f3m 6.11<br \/>\n<b>5.15<\/b> D\u00e1inn fyrir alla R\u00f3m 5.6+ &#8211; lifa Kristi R\u00f3m 14.7-8<br \/>\n<b>5.17<\/b> \u00cd samf\u00e9lagi\u00f0 vi\u00f0 Krist R\u00f3m 8.1; 1Kor 1.30; Gal 3.28; Fil 2.5; 1\u00deess 4.16 \u2013 n\u00fdr ma\u00f0ur Gal 6.15; Opb 21.5<br \/>\n<b>5.18-19<\/b> S\u00e1ttarger\u00f0 R\u00f3m 5.10+<br \/>\n<b>5.20<\/b> Erindrekar Jes 52.7; Ef 6.20<br \/>\n<b>5.21<\/b> \u00deekkti ekki synd J\u00f3h 8.46; Heb 4.15; 1P\u00e9t 2.22 \u2013 sekur R\u00f3m 8.3; Gal 3.13 \u2013 r\u00e9ttl\u00e1t \u00ed augum Gu\u00f0s R\u00f3m 1.17; 1Kor 1.30; Fil 3.9<\/div>\n","protected":false},"excerpt":{"rendered":"<p>1V\u00e9r vitum, a\u00f0 \u00fe\u00f3tt vor jar\u00f0neska tjaldb\u00fa\u00f0 ver\u00f0i rifin ni\u00f0ur, \u00fe\u00e1 h\u00f6fum v\u00e9r h\u00fas fr\u00e1 Gu\u00f0i, eil\u00edft h\u00fas \u00e1 himnum, sem eigi er me\u00f0 h\u00f6ndum gj\u00f6rt.2\u00c1 me\u00f0an andv\u00f6rpum v\u00e9r og \u00fer\u00e1um a\u00f0 \u00edkl\u00e6\u00f0ast h\u00fasi voru fr\u00e1 himnum.3\u00deegar v\u00e9r \u00edkl\u00e6\u00f0umst \u00fev\u00ed, munum v\u00e9r ekki standa uppi naktir.4En \u00e1 me\u00f0an v\u00e9r erum \u00ed tjaldb\u00fa\u00f0inni, stynjum v\u00e9r m\u00e6ddir, af \u00fev\u00ed a\u00f0 v\u00e9r viljum ekki afkl\u00e6\u00f0ast, heldur \u00edkl\u00e6\u00f0ast, til \u00feess a\u00f0 hi\u00f0 dau\u00f0lega uppsvelgist af l\u00edfinu.5En s\u00e1, sem hefur gj\u00f6rt oss f\u00e6ra einmitt til \u00feessa, er Gu\u00f0, sem hefur gefi\u00f0 oss anda sinn sem pant.6V\u00e9r erum \u00fev\u00ed \u00e1vallt hughraustir, \u00fe\u00f3tt v\u00e9r vitum, a\u00f0 me\u00f0an <a href=\"https:\/\/biblian.is\/1981\/sidara-korintubref-5-kafli\/\"> [&#8230;]<\/a><\/p>\n","protected":false},"author":1,"featured_media":0,"parent":0,"menu_order":0,"comment_status":"open","ping_status":"open","template":"bibliukaflar.php","meta":{"footnotes":""},"class_list":["post-2430","page","type-page","status-publish","hentry"],"_links":{"self":[{"href":"https:\/\/biblian.is\/1981\/wp-json\/wp\/v2\/pages\/2430","targetHints":{"allow":["GET"]}}],"collection":[{"href":"https:\/\/biblian.is\/1981\/wp-json\/wp\/v2\/pages"}],"about":[{"href":"https:\/\/biblian.is\/1981\/wp-json\/wp\/v2\/types\/page"}],"author":[{"embeddable":true,"href":"https:\/\/biblian.is\/1981\/wp-json\/wp\/v2\/users\/1"}],"replies":[{"embeddable":true,"href":"https:\/\/biblian.is\/1981\/wp-json\/wp\/v2\/comments?post=2430"}],"version-history":[{"count":0,"href":"https:\/\/biblian.is\/1981\/wp-json\/wp\/v2\/pages\/2430\/revisions"}],"wp:attachment":[{"href":"https:\/\/biblian.is\/1981\/wp-json\/wp\/v2\/media?parent=2430"}],"curies":[{"name":"wp","href":"https:\/\/api.w.org\/{rel}","templated":true}]}}