{"id":2425,"date":"2017-11-18T20:21:42","date_gmt":"2017-11-18T20:21:42","guid":{"rendered":"http:\/\/biblian.is\/1981\/fyrra-korintubref-16-kafli\/"},"modified":"2021-06-06T10:56:47","modified_gmt":"2021-06-06T10:56:47","slug":"fyrra-korintubref-16-kafli","status":"publish","type":"page","link":"https:\/\/biblian.is\/1981\/fyrra-korintubref-16-kafli\/","title":{"rendered":"Fyrra Korintubr\u00e9f 16. kafli"},"content":{"rendered":"<p><a name=\"1\"><span class=\"versanumer\">1<\/span><\/a>En hva\u00f0 snertir samskotin til hinna heil\u00f6gu, \u00fe\u00e1 skulu\u00f0 einnig \u00fe\u00e9r fara me\u00f0 \u00feau eins og \u00e9g hef fyrirskipa\u00f0 s\u00f6fnu\u00f0unum \u00ed Galat\u00edu.<a name=\"2\"><span class=\"versanumer\">2<\/span><\/a>Hvern fyrsta dag vikunnar skal hver y\u00f0ar leggja \u00ed sj\u00f3\u00f0 heima hj\u00e1 s\u00e9r \u00fea\u00f0, sem efni leyfa, til \u00feess a\u00f0 ekki ver\u00f0i fyrst fari\u00f0 a\u00f0 efna til samskota, \u00feegar \u00e9g kem.<a name=\"3\"><span class=\"versanumer\">3<\/span><\/a>En \u00feegar \u00e9g svo kem, mun \u00e9g senda \u00fe\u00e1, sem \u00fe\u00e9r telji\u00f0 h\u00e6fa, me\u00f0 l\u00edknargj\u00f6f y\u00f0ar til Jer\u00fasalem, og skrifa me\u00f0 \u00feeim.<a name=\"4\"><span class=\"versanumer\">4<\/span><\/a>En ef betra \u00feykir a\u00f0 \u00e9g fari l\u00edka, \u00fe\u00e1 geta \u00feeir or\u00f0i\u00f0 m\u00e9r samfer\u00f0a.<a name=\"5\"><span class=\"versanumer\">5<\/span><\/a>\u00c9g mun koma til y\u00f0ar, er \u00e9g hef fari\u00f0 um Maked\u00f3n\u00edu, \u00fev\u00ed a\u00f0 um Maked\u00f3n\u00edu legg \u00e9g lei\u00f0 m\u00edna.<a name=\"6\"><span class=\"versanumer\">6<\/span><\/a>\u00c9g mun ef til vill staldra vi\u00f0 hj\u00e1 y\u00f0ur, e\u00f0a jafnvel dveljast vetrarlangt, til \u00feess a\u00f0 \u00fe\u00e9r geti\u00f0 b\u00fai\u00f0 fer\u00f0 m\u00edna, hvert sem \u00e9g \u00fe\u00e1 kann a\u00f0 fara.<a name=\"7\"><span class=\"versanumer\">7<\/span><\/a>\u00dev\u00ed a\u00f0 n\u00fa vil \u00e9g ekki sj\u00e1 y\u00f0ur r\u00e9tt \u00ed svip. \u00c9g vona sem s\u00e9, ef Drottinn lofar, a\u00f0 standa vi\u00f0 hj\u00e1 y\u00f0ur nokkra stund.<a name=\"8\"><span class=\"versanumer\">8<\/span><\/a>\u00c9g stend vi\u00f0 \u00ed Efesus allt til hv\u00edtasunnu,<a name=\"9\"><span class=\"versanumer\">9<\/span><\/a>\u00fev\u00ed a\u00f0 m\u00e9r hafa opnast \u00fear v\u00ed\u00f0ar dyr og verkmiklar og andst\u00e6\u00f0ingarnir eru margir.<a name=\"10\"><span class=\"versanumer\">10<\/span><\/a>Ef T\u00edm\u00f3teus kemur, \u00fe\u00e1 sj\u00e1i\u00f0 til \u00feess, a\u00f0 hann geti \u00f3ttalaust hj\u00e1 y\u00f0ur veri\u00f0, \u00fev\u00ed a\u00f0 hann starfar a\u00f0 verki Drottins eins og \u00e9g.<a name=\"11\"><span class=\"versanumer\">11<\/span><\/a>\u00deess vegna l\u00edtilsvir\u00f0i enginn hann, grei\u00f0i\u00f0 heldur fer\u00f0 hans \u00ed fri\u00f0i, til \u00feess a\u00f0 hann geti komist til m\u00edn. \u00dev\u00ed a\u00f0 \u00e9g v\u00e6nti hans me\u00f0 br\u00e6\u00f0runum.<a name=\"12\"><span class=\"versanumer\">12<\/span><\/a>En hva\u00f0 snertir br\u00f3\u00f0ur Apoll\u00f3s, \u00fe\u00e1 hef \u00e9g mikillega hvatt hann til a\u00f0 ver\u00f0a br\u00e6\u00f0runum samfer\u00f0a til y\u00f0ar. En hann var alls \u00f3f\u00e1anlegur til a\u00f0 fara n\u00fa, en koma mun hann, er hentugleikar hans leyfa.<a name=\"13\"><span class=\"versanumer\">13<\/span><\/a>Vaki\u00f0, standi\u00f0 st\u00f6\u00f0ugir \u00ed tr\u00fanni, veri\u00f0 karlmannlegir og styrkir.<a name=\"14\"><span class=\"versanumer\">14<\/span><\/a>Allt s\u00e9 hj\u00e1 y\u00f0ur \u00ed k\u00e6rleika gj\u00f6rt.<a name=\"15\"><span class=\"versanumer\">15<\/span><\/a>Um eitt bi\u00f0 \u00e9g y\u00f0ur, br\u00e6\u00f0ur. \u00de\u00e9r viti\u00f0 a\u00f0 Stefanas og heimili hans er frumgr\u00f3\u00f0i Akkeu og a\u00f0 \u00feeir hafa helga\u00f0 sig \u00fej\u00f3nustu heilagra.<a name=\"16\"><span class=\"versanumer\">16<\/span><\/a>S\u00fdni\u00f0 sl\u00edkum m\u00f6nnum undirgefni og hverjum \u00feeim er starfar me\u00f0 og leggur \u00e1 sig erfi\u00f0i.<a name=\"17\"><span class=\"versanumer\">17<\/span><\/a>\u00c9g gle\u00f0st yfir n\u00e1vist \u00feeirra Stefanasar, Fort\u00fanatusar og Akka\u00edkusar, af \u00fev\u00ed a\u00f0 \u00feeir hafa b\u00e6tt m\u00e9r upp fjarvist y\u00f0ar.<a name=\"18\"><span class=\"versanumer\">18<\/span><\/a>\u00deeir hafa b\u00e6\u00f0i glatt mig og y\u00f0ur. Hafi\u00f0 m\u00e6tur \u00e1 sl\u00edkum m\u00f6nnum.<a name=\"19\"><span class=\"versanumer\">19<\/span><\/a>S\u00f6fnu\u00f0irnir \u00ed As\u00edu bi\u00f0ja a\u00f0 heilsa y\u00f0ur. Akv\u00edlas og Priska \u00e1samt s\u00f6fnu\u00f0inum \u00ed h\u00fasi \u00feeirra bi\u00f0ja k\u00e6rlega a\u00f0 heilsa y\u00f0ur \u00ed Drottins nafni.<a name=\"20\"><span class=\"versanumer\">20<\/span><\/a>Allir br\u00e6\u00f0urnir bi\u00f0ja a\u00f0 heilsa y\u00f0ur. Heilsi\u00f0 hver \u00f6\u00f0rum me\u00f0 heil\u00f6gum kossi.<a name=\"21\"><span class=\"versanumer\">21<\/span><\/a>Kve\u00f0jan er me\u00f0 eigin hendi minni, P\u00e1ls.<a name=\"22\"><span class=\"versanumer\">22<\/span><\/a>Ef einhver elskar ekki Drottin, hann s\u00e9 b\u00f6lva\u00f0ur. Marana ta!<a name=\"23\"><span class=\"versanumer\">23<\/span><\/a>N\u00e1\u00f0in Drottins Jes\u00fa s\u00e9 me\u00f0 y\u00f0ur.<a name=\"24\"><span class=\"versanumer\">24<\/span><\/a>K\u00e6rleikur minn er me\u00f0 \u00f6llum y\u00f0ur \u00ed Kristi Jes\u00fa.<\/p>\n<div class=\"footnote1981\"><b>16.1<\/b> Samskotin R\u00f3m 15.26+ ; sbr Post 11.29 \u2013 hinir heil\u00f6gu R\u00f3m 1.7+ ; sbr Post 9.13+<br \/>\n<b>16.2<\/b> Fyrsta dag vikunnar Post 20.7+<br \/>\n<b>16.5<\/b> Um Maked\u00f3n\u00edu Post 19.21; sbr 20.1+<br \/>\n<b>16.6<\/b> Vetrarlangt T\u00edt 3.12 \u2013 b\u00faa fer\u00f0 R\u00f3m 15.24<br \/>\n<b>16.7<\/b> Ef Drottinn lofar Post 18.21<br \/>\n<b>16.8<\/b> \u00cd Efesus Post 19.1,10 \u2013 hv\u00edtasunna Post 2.1+<br \/>\n<b>16.9<\/b> Dyr opnast 2Kor 2.12+ ; sbr Post 19.8-10<br \/>\n<b>16.10<\/b> T\u00edm\u00f3teus Post 16.1+ &#8211; til Korintu 1Kor 4.17 \u2013 vinnur fyrir Drottinn Fil 2.20<br \/>\n<b>16.11<\/b> Enginn l\u00edtilsvir\u00f0i hann 1T\u00edm 4.12 \u2013 grei\u00f0a fer\u00f0 1Kor 16.6<br \/>\n<b>16.12<\/b> Apoll\u00f3s Post 18.24+<br \/>\n<b>16.13<\/b> Veri\u00f0 styrk Slm 31.25; Ef 6.10<br \/>\n<b>16.15<\/b> Stefanas og heimili hans 1Kor 1.16 \u2013 frumgr\u00f3\u00f0i R\u00f3m 16.5<br \/>\n<b>16.18<\/b> Hafi\u00f0 m\u00e6tur \u00e1 Fil 2.29; 1\u00deess 5.12; sbr 1T\u00edm 5.17<br \/>\n<b>16.19<\/b> Akv\u00edlas og Priska Post 18.2+ &#8211; s\u00f6fnu\u00f0urinn \u00ed h\u00fasi \u00feeirra R\u00f3m 16.5+<br \/>\n<b>16.20<\/b> Heilsi\u00f0 me\u00f0 kossi R\u00f3m 16.16+<br \/>\n<b>16.21<\/b> Me\u00f0 eigin hendi Gal 6.11+<br \/>\n<b>16.22<\/b> Hann s\u00e9 b\u00f6lva\u00f0ur Gal 1.8,9 \u2013 Marana \u00fea sbr Opb 22.20<\/div>\n","protected":false},"excerpt":{"rendered":"<p>1En hva\u00f0 snertir samskotin til hinna heil\u00f6gu, \u00fe\u00e1 skulu\u00f0 einnig \u00fe\u00e9r fara me\u00f0 \u00feau eins og \u00e9g hef fyrirskipa\u00f0 s\u00f6fnu\u00f0unum \u00ed Galat\u00edu.2Hvern fyrsta dag vikunnar skal hver y\u00f0ar leggja \u00ed sj\u00f3\u00f0 heima hj\u00e1 s\u00e9r \u00fea\u00f0, sem efni leyfa, til \u00feess a\u00f0 ekki ver\u00f0i fyrst fari\u00f0 a\u00f0 efna til samskota, \u00feegar \u00e9g kem.3En \u00feegar \u00e9g svo kem, mun \u00e9g senda \u00fe\u00e1, sem \u00fe\u00e9r telji\u00f0 h\u00e6fa, me\u00f0 l\u00edknargj\u00f6f y\u00f0ar til Jer\u00fasalem, og skrifa me\u00f0 \u00feeim.4En ef betra \u00feykir a\u00f0 \u00e9g fari l\u00edka, \u00fe\u00e1 geta \u00feeir or\u00f0i\u00f0 m\u00e9r samfer\u00f0a.5\u00c9g mun koma til y\u00f0ar, er \u00e9g hef fari\u00f0 um Maked\u00f3n\u00edu, \u00fev\u00ed a\u00f0 um Maked\u00f3n\u00edu <a href=\"https:\/\/biblian.is\/1981\/fyrra-korintubref-16-kafli\/\"> [&#8230;]<\/a><\/p>\n","protected":false},"author":1,"featured_media":0,"parent":0,"menu_order":0,"comment_status":"open","ping_status":"open","template":"bibliukaflar.php","meta":{"footnotes":""},"class_list":["post-2425","page","type-page","status-publish","hentry"],"_links":{"self":[{"href":"https:\/\/biblian.is\/1981\/wp-json\/wp\/v2\/pages\/2425","targetHints":{"allow":["GET"]}}],"collection":[{"href":"https:\/\/biblian.is\/1981\/wp-json\/wp\/v2\/pages"}],"about":[{"href":"https:\/\/biblian.is\/1981\/wp-json\/wp\/v2\/types\/page"}],"author":[{"embeddable":true,"href":"https:\/\/biblian.is\/1981\/wp-json\/wp\/v2\/users\/1"}],"replies":[{"embeddable":true,"href":"https:\/\/biblian.is\/1981\/wp-json\/wp\/v2\/comments?post=2425"}],"version-history":[{"count":0,"href":"https:\/\/biblian.is\/1981\/wp-json\/wp\/v2\/pages\/2425\/revisions"}],"wp:attachment":[{"href":"https:\/\/biblian.is\/1981\/wp-json\/wp\/v2\/media?parent=2425"}],"curies":[{"name":"wp","href":"https:\/\/api.w.org\/{rel}","templated":true}]}}