{"id":2416,"date":"2017-11-18T20:21:42","date_gmt":"2017-11-18T20:21:42","guid":{"rendered":"http:\/\/biblian.is\/1981\/fyrra-korintubref-7-kafli\/"},"modified":"2021-06-06T10:56:49","modified_gmt":"2021-06-06T10:56:49","slug":"fyrra-korintubref-7-kafli","status":"publish","type":"page","link":"https:\/\/biblian.is\/1981\/fyrra-korintubref-7-kafli\/","title":{"rendered":"Fyrra Korintubr\u00e9f 7. kafli"},"content":{"rendered":"<p><a name=\"1\"><span class=\"versanumer\">1<\/span><\/a>En svo a\u00f0 \u00e9g minnist \u00e1 \u00fea\u00f0, sem \u00fe\u00e9r hafi\u00f0 rita\u00f0 um, \u00fe\u00e1 er \u00fea\u00f0 gott fyrir mann a\u00f0 snerta ekki konu.<a name=\"2\"><span class=\"versanumer\">2<\/span><\/a>En vegna saurlifna\u00f0arins hafi hver og einn s\u00edna eiginkonu og hver og ein hafi sinn eiginmann.<a name=\"3\"><span class=\"versanumer\">3<\/span><\/a>Ma\u00f0urinn g\u00e6ti skyldu sinnar gagnvart konunni og s\u00f6mulei\u00f0is konan gagnvart manninum.<a name=\"4\"><span class=\"versanumer\">4<\/span><\/a>Ekki hefur konan vald yfir eigin l\u00edkama, heldur ma\u00f0urinn. S\u00f6mulei\u00f0is hefur og ma\u00f0urinn ekki heldur vald yfir eigin l\u00edkama, heldur konan.<a name=\"5\"><span class=\"versanumer\">5<\/span><\/a>Haldi\u00f0 y\u00f0ur eigi hvort fr\u00e1 \u00f6\u00f0ru, nema \u00fe\u00e1 eftir samkomulagi um stundarsakir, til \u00feess a\u00f0 \u00fe\u00e9r geti\u00f0 haft n\u00e6\u00f0i til b\u00e6nahalds, og taki\u00f0 svo saman aftur, til \u00feess a\u00f0 Satan freisti y\u00f0ar ekki vegna \u00edst\u00f6\u00f0uleysis y\u00f0ar.<a name=\"6\"><span class=\"versanumer\">6<\/span><\/a>\u00deetta segi \u00e9g \u00ed tilhli\u00f0runarskyni, ekki sem skipun.<a name=\"7\"><span class=\"versanumer\">7<\/span><\/a>En \u00feess \u00f3ska \u00e9g, a\u00f0 allir menn v\u00e6ru eins og \u00e9g er sj\u00e1lfur, en hver hefur s\u00edna n\u00e1\u00f0argj\u00f6f fr\u00e1 Gu\u00f0i, einn \u00feessa og annar hina.<a name=\"8\"><span class=\"versanumer\">8<\/span><\/a>Hinum \u00f3kv\u00e6ntu og ekkjunum segi \u00e9g, a\u00f0 \u00feeim er best a\u00f0 halda \u00e1fram a\u00f0 vera ein eins og \u00e9g.<a name=\"9\"><span class=\"versanumer\">9<\/span><\/a>En hafi \u00feau ekki taumhald \u00e1 sj\u00e1lfum s\u00e9r, \u00fe\u00e1 gangi \u00feau \u00ed hj\u00f3naband, \u00fev\u00ed a\u00f0 betra er a\u00f0 ganga \u00ed hj\u00f3naband en a\u00f0 brenna af girnd.<a name=\"10\"><span class=\"versanumer\">10<\/span><\/a>\u00deeim, sem gengi\u00f0 hafa \u00ed hj\u00f3naband, b\u00fd\u00f0 \u00e9g, \u00fe\u00f3 ekki \u00e9g, heldur Drottinn, a\u00f0 konan skuli ekki skilja vi\u00f0 mann sinn,<a name=\"11\"><span class=\"versanumer\">11<\/span><\/a>en hafi h\u00fan skili\u00f0 vi\u00f0 hann, \u00fe\u00e1 s\u00e9 h\u00fan \u00e1fram \u00f3gift e\u00f0a s\u00e6ttist vi\u00f0 manninn, og a\u00f0 ma\u00f0urinn skuli ekki heldur skilja vi\u00f0 konuna.<a name=\"12\"><span class=\"versanumer\">12<\/span><\/a>En vi\u00f0 hina segi \u00e9g, ekki Drottinn: Ef br\u00f3\u00f0ir nokkur \u00e1 vantr\u00faa\u00f0a konu og h\u00fan l\u00e6tur s\u00e9r \u00fea\u00f0 vel l\u00edka a\u00f0 b\u00faa saman vi\u00f0 hann, \u00fe\u00e1 skilji hann ekki vi\u00f0 hana.<a name=\"13\"><span class=\"versanumer\">13<\/span><\/a>Og kona, sem \u00e1 vantr\u00faa\u00f0an mann og hann l\u00e6tur s\u00e9r vel l\u00edka a\u00f0 b\u00faa saman vi\u00f0 hana, skilji ekki vi\u00f0 manninn.<a name=\"14\"><span class=\"versanumer\">14<\/span><\/a>\u00dev\u00ed a\u00f0 vantr\u00faa\u00f0i ma\u00f0urinn er helga\u00f0ur \u00ed konunni og vantr\u00faa\u00f0a konan er helgu\u00f0 \u00ed br\u00f3\u00f0urnum. Annars v\u00e6ru b\u00f6rn y\u00f0ar \u00f3hrein, en n\u00fa eru \u00feau heil\u00f6g.<a name=\"15\"><span class=\"versanumer\">15<\/span><\/a>En ef hinn vantr\u00faa\u00f0i vill skilja, \u00fe\u00e1 f\u00e1i hann skilna\u00f0. Hvorki br\u00f3\u00f0ir n\u00e9 systir eru \u00fer\u00e6lbundin \u00ed sl\u00edkum efnum. Gu\u00f0 hefur kalla\u00f0 y\u00f0ur a\u00f0 lifa \u00ed fri\u00f0i.<a name=\"16\"><span class=\"versanumer\">16<\/span><\/a>\u00dev\u00ed a\u00f0 hva\u00f0 veist \u00fe\u00fa, kona, hvort \u00fe\u00fa munir geta frelsa\u00f0 manninn \u00feinn? E\u00f0a hva\u00f0 veist \u00fe\u00fa, ma\u00f0ur, hvort \u00fe\u00fa munir geta frelsa\u00f0 konuna \u00fe\u00edna?<a name=\"17\"><span class=\"versanumer\">17<\/span><\/a>\u00de\u00f3 skal hver og einn vera \u00ed \u00feeirri st\u00f6\u00f0u, sem Drottinn hefur \u00fathluta\u00f0 honum, eins og hann var, \u00feegar Gu\u00f0 kalla\u00f0i hann. \u00deannig skipa \u00e9g fyrir \u00ed \u00f6llum s\u00f6fnu\u00f0unum.<a name=\"18\"><span class=\"versanumer\">18<\/span><\/a>S\u00e1 sem var umskorinn, \u00feegar hann var kalla\u00f0ur, breyti \u00fev\u00ed ekki. S\u00e1 sem var \u00f3umskorinn, l\u00e1ti ekki umskera sig.<a name=\"19\"><span class=\"versanumer\">19<\/span><\/a>Umskurnin er ekkert og yfirh\u00fa\u00f0in ekkert, heldur \u00fea\u00f0 a\u00f0 halda bo\u00f0or\u00f0 Gu\u00f0s.<a name=\"20\"><span class=\"versanumer\">20<\/span><\/a>Hver og einn s\u00e9 kyrr \u00ed \u00feeirri st\u00f6\u00f0u, sem hann var kalla\u00f0ur \u00ed.<a name=\"21\"><span class=\"versanumer\">21<\/span><\/a>Varst \u00fe\u00fa \u00fer\u00e6ll, er \u00fe\u00fa varst kalla\u00f0ur? Set \u00fea\u00f0 ekki fyrir \u00feig, en gj\u00f6r \u00fe\u00e9r gott \u00far \u00fev\u00ed, en ef \u00fe\u00fa getur or\u00f0i\u00f0 frj\u00e1ls, \u00fe\u00e1 kj\u00f3s \u00fea\u00f0 heldur.<a name=\"22\"><span class=\"versanumer\">22<\/span><\/a>\u00dev\u00ed a\u00f0 s\u00e1 \u00fer\u00e6ll, sem kalla\u00f0ur er \u00ed Drottni, er frelsingi Drottins. \u00c1 sama h\u00e1tt er s\u00e1, sem kalla\u00f0ur er sem frj\u00e1ls, \u00fer\u00e6ll Krists.<a name=\"23\"><span class=\"versanumer\">23<\/span><\/a>\u00de\u00e9r eru\u00f0 ver\u00f0i keyptir, ver\u00f0i\u00f0 ekki \u00fer\u00e6lar manna.<a name=\"24\"><span class=\"versanumer\">24<\/span><\/a>Br\u00e6\u00f0ur, s\u00e9rhver ver\u00f0i frammi fyrir Gu\u00f0i kyrr \u00ed \u00feeirri st\u00e9tt, sem hann var kalla\u00f0ur \u00ed.<a name=\"25\"><span class=\"versanumer\">25<\/span><\/a>Um meyjarnar hef \u00e9g enga skipun fr\u00e1 Drottni. En \u00e1lit mitt l\u00e6t \u00e9g \u00ed lj\u00f3s eins og s\u00e1, er hloti\u00f0 hefur \u00fe\u00e1 n\u00e1\u00f0 af Drottni a\u00f0 vera tr\u00far.<a name=\"26\"><span class=\"versanumer\">26<\/span><\/a>M\u00edn sko\u00f0un er, a\u00f0 vegna yfirstandandi ney\u00f0ar s\u00e9 \u00fea\u00f0 gott fyrir mann a\u00f0 vera \u00feannig.<a name=\"27\"><span class=\"versanumer\">27<\/span><\/a>Ertu vi\u00f0 konu bundinn? Leitast \u00fe\u00e1 ekki vi\u00f0 a\u00f0 ver\u00f0a laus. Ertu laus or\u00f0inn vi\u00f0 konu? Leita \u00fe\u00e1 ekki kvonfangs.<a name=\"28\"><span class=\"versanumer\">28<\/span><\/a>En \u00fe\u00f3tt \u00fe\u00fa kvongist, syndgar \u00fe\u00fa ekki, og ef m\u00e6rin giftist, syndgar h\u00fan ekki. En \u00ferenging munu sl\u00edkir hlj\u00f3ta h\u00e9r \u00e1 j\u00f6r\u00f0, en \u00e9g vildi hl\u00edfa y\u00f0ur.<a name=\"29\"><span class=\"versanumer\">29<\/span><\/a>En \u00fea\u00f0 segi \u00e9g, br\u00e6\u00f0ur, t\u00edminn er or\u00f0inn stuttur. H\u00e9r eftir skulu jafnvel \u00feeir, sem kv\u00e6ntir eru, vera eins og \u00feeir v\u00e6ru \u00fea\u00f0 ekki,<a name=\"30\"><span class=\"versanumer\">30<\/span><\/a>\u00feeir sem gr\u00e1ta, eins og \u00feeir gr\u00e9tu ekki, \u00feeir sem fagna, eins og \u00feeir f\u00f6gnu\u00f0u ekki, \u00feeir sem kaupa, eins og \u00feeir h\u00e9ldu ekki \u00fev\u00ed, sem \u00feeir kaupa,<a name=\"31\"><span class=\"versanumer\">31<\/span><\/a>og \u00feeir sem nota heiminn, eins og \u00feeir f\u00e6r\u00f0u s\u00e9r hann ekki \u00ed nyt. \u00dev\u00ed a\u00f0 heimurinn \u00ed n\u00faverandi mynd l\u00ed\u00f0ur undir lok.<a name=\"32\"><span class=\"versanumer\">32<\/span><\/a>En \u00e9g vil, a\u00f0 \u00fe\u00e9r s\u00e9u\u00f0 \u00e1hyggjulausir. Hinn \u00f3kv\u00e6nti ber fyrir brj\u00f3sti \u00fea\u00f0, sem Drottins er, hversu hann megi Drottni \u00fe\u00f3knast.<a name=\"33\"><span class=\"versanumer\">33<\/span><\/a>En hinn kv\u00e6nti ber fyrir brj\u00f3sti \u00fea\u00f0, sem heimsins er, hversu hann megi \u00fe\u00f3knast konunni,<a name=\"34\"><span class=\"versanumer\">34<\/span><\/a>og er tv\u00edskiptur. Hin \u00f3gifta kona og m\u00e6rin ber fyrir brj\u00f3sti \u00fea\u00f0, sem Drottins er, til \u00feess a\u00f0 h\u00fan megi vera heil\u00f6g, b\u00e6\u00f0i a\u00f0 l\u00edkama og anda. En hin gifta kona ber fyrir brj\u00f3sti \u00fea\u00f0, sem heimsins er, hversu h\u00fan megi \u00fe\u00f3knast manninum.<a name=\"35\"><span class=\"versanumer\">35<\/span><\/a>\u00deetta segi \u00e9g sj\u00e1lfum y\u00f0ur til gagns, ekki til \u00feess a\u00f0 varpa sn\u00f6ru yfir y\u00f0ur, heldur til \u00feess a\u00f0 efla vels\u00e6mi og \u00f3bifanlega fastheldni vi\u00f0 Drottin.<a name=\"36\"><span class=\"versanumer\">36<\/span><\/a>Ef einhver telur sig ekki geta vansalaust b\u00fai\u00f0 me\u00f0 heitmey sinni, enda \u00e1 mannd\u00f3msskei\u00f0i, \u00fe\u00e1 gj\u00f6ri hann sem hann vill, ef ekki ver\u00f0ur hj\u00e1 \u00fev\u00ed komist. Hann syndgar ekki. Giftist \u00feau.<a name=\"37\"><span class=\"versanumer\">37<\/span><\/a>S\u00e1 \u00fear \u00e1 m\u00f3ti, sem er sta\u00f0fastur \u00ed hjarta s\u00ednu og \u00f3\u00fevinga\u00f0ur, en hefur fullt vald \u00e1 vilja s\u00ednum og hefur afr\u00e1\u00f0i\u00f0 \u00ed hjarta s\u00ednu a\u00f0 h\u00fan ver\u00f0i \u00e1fram mey, gj\u00f6rir vel.<a name=\"38\"><span class=\"versanumer\">38<\/span><\/a>\u00deannig gj\u00f6ra \u00fe\u00e1 b\u00e1\u00f0ir vel, s\u00e1 sem kv\u00e6nist mey sinni, og hinn, sem kv\u00e6nist henni ekki, hann gj\u00f6rir betur.<a name=\"39\"><span class=\"versanumer\">39<\/span><\/a>Konan er bundin, me\u00f0an ma\u00f0ur hennar er \u00e1 l\u00edfi. En ef ma\u00f0urinn deyr, er henni frj\u00e1lst a\u00f0 giftast hverjum sem h\u00fan vill, a\u00f0eins a\u00f0 \u00fea\u00f0 s\u00e9 \u00ed Drottni.<a name=\"40\"><span class=\"versanumer\">40<\/span><\/a>\u00de\u00f3 er h\u00fan s\u00e6lli, ef h\u00fan heldur \u00e1fram a\u00f0 vera eins og h\u00fan er, \u00fea\u00f0 er m\u00edn sko\u00f0un. En \u00e9g \u00feykist og hafa anda Gu\u00f0s.<\/p>\n<div class=\"footnote1981\"><b>7.1<\/b> Gott fyrir mann sbr 1M\u00f3s 2.18<br \/>\n<b>7.4<\/b> Karlma\u00f0urinn og konan sbr Ef 5.25<br \/>\n<b>7.7<\/b> Hj\u00f3naband og einl\u00edfi Matt 19.11-12<br \/>\n<b>7.9<\/b> Ganga \u00ed hj\u00f3naband 1T\u00edm 5.14<br \/>\n<b>7.10-11<\/b> Skilja Matt 5.32; 19.9; Mrk 10.9-12; L\u00fak 16.18<br \/>\n<b>7.14<\/b> Helga\u00f0ur R\u00f3m 1.7+ ; 11.16; sbr 1M\u00f3s 2.24; 1Kor 6.16<br \/>\n<b>7.15<\/b> Lifa \u00ed fri\u00f0i R\u00f3m 14.19<br \/>\n<b>7.16<\/b> Frelsa mann sinn &#8230; 1P\u00e9t 3.1<br \/>\n<b>7.17<\/b> \u00cd \u00feeirri st\u00f6\u00f0u 1Kor 7.20,24<br \/>\n<b>7.18<\/b> Breyti ekki 1Makk 1.15<br \/>\n<b>7.19<\/b> Umskurnin er ekkert R\u00f3m 2.25; Gal 5.6; 6.15<br \/>\n<b>7.22<\/b> Kristinn \u00fer\u00e6ll F\u00edlm 16 \u2013 \u00fer\u00e6ll Krists Ef 6.6; 1P\u00e9t 2.16<br \/>\n<b>7.25<\/b> N\u00e1\u00f0 a\u00f0 vera tr\u00far 1T\u00edm 1.12-13<br \/>\n<b>7.28<\/b> Erfitt L\u00fak 12.51-53 og hlst.; 21.23<br \/>\n<b>7.29<\/b> T\u00edminn er naumur R\u00f3m 13.11<br \/>\n<b>7.31<\/b> L\u00ed\u00f0ur undir lok 1J\u00f3h 2.17<br \/>\n<b>7.39<\/b> Me\u00f0an b\u00e6\u00f0i lifa R\u00f3m 7.2-3<\/div>\n","protected":false},"excerpt":{"rendered":"<p>1En svo a\u00f0 \u00e9g minnist \u00e1 \u00fea\u00f0, sem \u00fe\u00e9r hafi\u00f0 rita\u00f0 um, \u00fe\u00e1 er \u00fea\u00f0 gott fyrir mann a\u00f0 snerta ekki konu.2En vegna saurlifna\u00f0arins hafi hver og einn s\u00edna eiginkonu og hver og ein hafi sinn eiginmann.3Ma\u00f0urinn g\u00e6ti skyldu sinnar gagnvart konunni og s\u00f6mulei\u00f0is konan gagnvart manninum.4Ekki hefur konan vald yfir eigin l\u00edkama, heldur ma\u00f0urinn. S\u00f6mulei\u00f0is hefur og ma\u00f0urinn ekki heldur vald yfir eigin l\u00edkama, heldur konan.5Haldi\u00f0 y\u00f0ur eigi hvort fr\u00e1 \u00f6\u00f0ru, nema \u00fe\u00e1 eftir samkomulagi um stundarsakir, til \u00feess a\u00f0 \u00fe\u00e9r geti\u00f0 haft n\u00e6\u00f0i til b\u00e6nahalds, og taki\u00f0 svo saman aftur, til \u00feess a\u00f0 Satan freisti y\u00f0ar ekki vegna <a href=\"https:\/\/biblian.is\/1981\/fyrra-korintubref-7-kafli\/\"> [&#8230;]<\/a><\/p>\n","protected":false},"author":1,"featured_media":0,"parent":0,"menu_order":0,"comment_status":"open","ping_status":"open","template":"bibliukaflar.php","meta":{"footnotes":""},"class_list":["post-2416","page","type-page","status-publish","hentry"],"_links":{"self":[{"href":"https:\/\/biblian.is\/1981\/wp-json\/wp\/v2\/pages\/2416","targetHints":{"allow":["GET"]}}],"collection":[{"href":"https:\/\/biblian.is\/1981\/wp-json\/wp\/v2\/pages"}],"about":[{"href":"https:\/\/biblian.is\/1981\/wp-json\/wp\/v2\/types\/page"}],"author":[{"embeddable":true,"href":"https:\/\/biblian.is\/1981\/wp-json\/wp\/v2\/users\/1"}],"replies":[{"embeddable":true,"href":"https:\/\/biblian.is\/1981\/wp-json\/wp\/v2\/comments?post=2416"}],"version-history":[{"count":0,"href":"https:\/\/biblian.is\/1981\/wp-json\/wp\/v2\/pages\/2416\/revisions"}],"wp:attachment":[{"href":"https:\/\/biblian.is\/1981\/wp-json\/wp\/v2\/media?parent=2416"}],"curies":[{"name":"wp","href":"https:\/\/api.w.org\/{rel}","templated":true}]}}