{"id":2410,"date":"2017-11-18T20:21:42","date_gmt":"2017-11-18T20:21:42","guid":{"rendered":"http:\/\/biblian.is\/1981\/fyrra-korintubref-1-kafli\/"},"modified":"2021-06-06T10:56:44","modified_gmt":"2021-06-06T10:56:44","slug":"fyrra-korintubref-1-kafli","status":"publish","type":"page","link":"https:\/\/biblian.is\/1981\/fyrra-korintubref-1-kafli\/","title":{"rendered":"Fyrra Korintubr\u00e9f 1. kafli"},"content":{"rendered":"<p><a name=\"1\"><span class=\"versanumer\">1<\/span><\/a>P\u00e1ll, kalla\u00f0ur a\u00f0 Gu\u00f0s vilja til a\u00f0 vera postuli Jes\u00fa Krists, og S\u00f3s\u00feenes, br\u00f3\u00f0ir vor, heilsa<a name=\"2\"><span class=\"versanumer\">2<\/span><\/a>s\u00f6fnu\u00f0i Gu\u00f0s \u00ed Korintu, \u00feeim sem helga\u00f0ir eru \u00ed Kristi Jes\u00fa, heilagir a\u00f0 k\u00f6llun til, \u00e1samt \u00f6llum \u00feeim, sem alls sta\u00f0ar \u00e1kalla nafn Drottins vors Jes\u00fa Krists, sem er \u00feeirra Drottinn og vor.<a name=\"3\"><span class=\"versanumer\">3<\/span><\/a>N\u00e1\u00f0 s\u00e9 me\u00f0 y\u00f0ur og fri\u00f0ur fr\u00e1 Gu\u00f0i f\u00f6\u00f0ur vorum og Drottni Jes\u00fa Kristi.<a name=\"4\"><span class=\"versanumer\">4<\/span><\/a>\u00c1vallt \u00feakka \u00e9g Gu\u00f0i m\u00ednum y\u00f0ar vegna fyrir \u00fe\u00e1 n\u00e1\u00f0, sem hann hefur gefi\u00f0 y\u00f0ur \u00ed Kristi Jes\u00fa.<a name=\"5\"><span class=\"versanumer\">5<\/span><\/a>\u00cd honum eru\u00f0 \u00fe\u00e9r au\u00f0ga\u00f0ir or\u00f0nir \u00ed \u00f6llu, \u00ed hvers konar r\u00e6\u00f0u og hvers konar \u00feekkingu.<a name=\"6\"><span class=\"versanumer\">6<\/span><\/a>Vitnisbur\u00f0urinn um Krist er l\u00edka sta\u00f0festur or\u00f0inn \u00e1 me\u00f0al y\u00f0ar,<a name=\"7\"><span class=\"versanumer\">7<\/span><\/a>svo a\u00f0 y\u00f0ur brestur ekki neina n\u00e1\u00f0argj\u00f6f me\u00f0an \u00fe\u00e9r v\u00e6nti\u00f0 opinberunar Drottins vors Jes\u00fa Krists.<a name=\"8\"><span class=\"versanumer\">8<\/span><\/a>Hann mun og gj\u00f6ra y\u00f0ur sta\u00f0fasta allt til enda, \u00f3\u00e1sakanlega \u00e1 degi Drottins vors Jes\u00fa Krists.<a name=\"9\"><span class=\"versanumer\">9<\/span><\/a>Tr\u00far er Gu\u00f0, sem y\u00f0ur hefur kalla\u00f0 til samf\u00e9lags sonar s\u00edns Jes\u00fa Krists, Drottins vors.<a name=\"10\"><span class=\"versanumer\">10<\/span><\/a>En \u00e9g \u00e1minni y\u00f0ur, br\u00e6\u00f0ur, \u00ed nafni Drottins vors Jes\u00fa Krists, a\u00f0 \u00fe\u00e9r s\u00e9u\u00f0 allir samhuga og ekki s\u00e9u flokkadr\u00e6ttir \u00e1 me\u00f0al y\u00f0ar, heldur a\u00f0 \u00fe\u00e9r s\u00e9u\u00f0 fullkomlega sameina\u00f0ir \u00ed sama hugarfari og \u00ed s\u00f6mu sko\u00f0un.<a name=\"11\"><span class=\"versanumer\">11<\/span><\/a>\u00dev\u00ed a\u00f0 m\u00e9r hefur veri\u00f0 tj\u00e1\u00f0 um y\u00f0ur, br\u00e6\u00f0ur m\u00ednir, af heimilism\u00f6nnum Kl\u00f3e, a\u00f0 \u00fer\u00e6tur eigi s\u00e9r sta\u00f0 \u00e1 me\u00f0al y\u00f0ar.<a name=\"12\"><span class=\"versanumer\">12<\/span><\/a>\u00c9g \u00e1 vi\u00f0 \u00feetta, a\u00f0 sumir y\u00f0ar segja: \u00c9g er P\u00e1ls, og a\u00f0rir: \u00c9g er Apoll\u00f3ss, e\u00f0a: \u00c9g er Kefasar, e\u00f0a: \u00c9g er Krists.<a name=\"13\"><span class=\"versanumer\">13<\/span><\/a>Er \u00fe\u00e1 Kristi skipt \u00ed sundur? Mun P\u00e1ll hafa veri\u00f0 krossfestur fyrir y\u00f0ur? E\u00f0a eru\u00f0 \u00fe\u00e9r sk\u00edr\u00f0ir til nafns P\u00e1ls?<a name=\"14\"><span class=\"versanumer\">14<\/span><\/a>\u00c9g \u00feakka Gu\u00f0i fyrir, a\u00f0 \u00e9g hef engan y\u00f0ar sk\u00edrt nema Krispus og Gajus,<a name=\"15\"><span class=\"versanumer\">15<\/span><\/a>til \u00feess a\u00f0 enginn skuli segja, a\u00f0 \u00fe\u00e9r s\u00e9u\u00f0 sk\u00edr\u00f0ir til nafns m\u00edns.<a name=\"16\"><span class=\"versanumer\">16<\/span><\/a>J\u00fa, \u00e9g sk\u00edr\u00f0i l\u00edka Stefanas og heimamenn hans. Annars veit \u00e9g ekki til, a\u00f0 \u00e9g hafi sk\u00edrt neinn annan.<a name=\"17\"><span class=\"versanumer\">17<\/span><\/a>Ekki sendi Kristur mig til a\u00f0 sk\u00edra, heldur til a\u00f0 bo\u00f0a fagna\u00f0arerindi\u00f0, og ekki me\u00f0 or\u00f0speki, til \u00feess a\u00f0 kross Krists missti ekki gildi sitt.<a name=\"18\"><span class=\"versanumer\">18<\/span><\/a>\u00dev\u00ed a\u00f0 or\u00f0 krossins er heimska \u00feeim er glatast, en oss, sem h\u00f3lpnir ver\u00f0um, er \u00fea\u00f0 kraftur Gu\u00f0s.<a name=\"19\"><span class=\"versanumer\">19<\/span><\/a>Rita\u00f0 er: \u00c9g mun ey\u00f0a speki spekinganna, og hyggindi hyggindamannanna mun \u00e9g a\u00f0 engu gj\u00f6ra.<a name=\"20\"><span class=\"versanumer\">20<\/span><\/a>Hvar er vitringur? Hvar fr\u00e6\u00f0ima\u00f0ur? Hvar or\u00f0kappi \u00feessarar aldar? Hefur Gu\u00f0 ekki gj\u00f6rt speki heimsins a\u00f0 heimsku?<a name=\"21\"><span class=\"versanumer\">21<\/span><\/a>\u00dev\u00ed \u00fear e\u00f0 heimurinn me\u00f0 speki sinni \u00feekkti ekki Gu\u00f0 \u00ed speki hans, \u00fe\u00f3kna\u00f0ist Gu\u00f0i a\u00f0 frelsa \u00fe\u00e1, er tr\u00faa, me\u00f0 heimsku pr\u00e9dikunarinnar.<a name=\"22\"><span class=\"versanumer\">22<\/span><\/a>Gy\u00f0ingar heimta t\u00e1kn, og Grikkir leita a\u00f0 speki,<a name=\"23\"><span class=\"versanumer\">23<\/span><\/a>en v\u00e9r pr\u00e9dikum Krist krossfestan, Gy\u00f0ingum hneyksli og hei\u00f0ingjum heimsku,<a name=\"24\"><span class=\"versanumer\">24<\/span><\/a>en hinum k\u00f6llu\u00f0u, b\u00e6\u00f0i Gy\u00f0ingum og Grikkjum, Krist, kraft Gu\u00f0s og speki Gu\u00f0s.<a name=\"25\"><span class=\"versanumer\">25<\/span><\/a>\u00dev\u00ed a\u00f0 heimska Gu\u00f0s er m\u00f6nnum vitrari og veikleiki Gu\u00f0s m\u00f6nnum sterkari.<a name=\"26\"><span class=\"versanumer\">26<\/span><\/a>Br\u00e6\u00f0ur, hyggi\u00f0 a\u00f0 k\u00f6llun y\u00f0ar: \u00de\u00e9r voru\u00f0 ekki margir vitrir a\u00f0 manna d\u00f3mi, ekki margir m\u00e1ttugir, ekki margir st\u00f3r\u00e6tta\u00f0ir.<a name=\"27\"><span class=\"versanumer\">27<\/span><\/a>En Gu\u00f0 hefur \u00fatvali\u00f0 \u00fea\u00f0, sem heimurinn telur heimsku, til a\u00f0 gj\u00f6ra hinum vitru kinnro\u00f0a, og Gu\u00f0 hefur \u00fatvali\u00f0 \u00fea\u00f0, sem heimurinn telur veikleika til a\u00f0 gj\u00f6ra hinu volduga kinnro\u00f0a.<a name=\"28\"><span class=\"versanumer\">28<\/span><\/a>Og hi\u00f0 \u00f3g\u00f6fuga \u00ed heiminum og hi\u00f0 fyrirlitna hefur Gu\u00f0 \u00fatvali\u00f0, \u00fea\u00f0 sem ekkert er, til \u00feess a\u00f0 gj\u00f6ra a\u00f0 engu \u00fea\u00f0, sem eitthva\u00f0 er,<a name=\"29\"><span class=\"versanumer\">29<\/span><\/a>til \u00feess a\u00f0 enginn ma\u00f0ur skuli hr\u00f3sa s\u00e9r fyrir Gu\u00f0i.<a name=\"30\"><span class=\"versanumer\">30<\/span><\/a>Honum er \u00fea\u00f0 a\u00f0 \u00feakka a\u00f0 \u00fe\u00e9r eru\u00f0 \u00ed samf\u00e9lagi vi\u00f0 Krist Jes\u00fa. Hann er or\u00f0inn oss v\u00edsd\u00f3mur fr\u00e1 Gu\u00f0i, b\u00e6\u00f0i r\u00e9ttl\u00e6ti, helgun og endurlausn.<a name=\"31\"><span class=\"versanumer\">31<\/span><\/a>Eins og rita\u00f0 er: S\u00e1, sem hr\u00f3sar s\u00e9r, hr\u00f3si s\u00e9r \u00ed Drottni.<\/p>\n<div class=\"footnote1981\"><b>1.1<\/b> P\u00e1ll postuli R\u00f3m 1.1; 2Kor 1.1; Gal 1.1 o.fl. \u2013 S\u00f3s\u00feenes sbr Post 18.17<br \/>\n<b>1.2<\/b> S\u00f6fnu\u00f0ur Gu\u00f0s sbr 5M\u00f3s 23.1-8 \u2013 helga 1Kor 6.11 \u2013 \u00feeim sem \u00e1kalla Post 9.14+ ; sbr Post 2.21; R\u00f3m 10.13<br \/>\n<b>1.3<\/b> N\u00e1\u00f0 og fri\u00f0ur R\u00f3m 1.7<br \/>\n<b>1.7<\/b> Opinberun Jes\u00fa Krists L\u00fak 17.30; 2\u00deess 1.7; T\u00edt 2.13<br \/>\n<b>1.8<\/b> Dagur Jes\u00fa Krists Fil 1.6; 1\u00deess 3.13; 5.23; sbr Am 5.18; 1Kor 3.13; 5.5<br \/>\n<b>1.9<\/b> Gu\u00f0 er tr\u00far 5M\u00f3s 7.9; 1Kor 10.13; 1\u00deess 5.24 \u2013 samf\u00e9lag sonar hans 1J\u00f3h 1.3<br \/>\n<b>1.10<\/b> Samhuga Fil 2.2<br \/>\n<b>1.12<\/b> \u00c9g fylgi P\u00e1li &#8230; 1Kor 3.4 \u2013 Apoll\u00f3s Post 18.24+ &#8211; Kefas (P\u00e9tur) J\u00f3h 1.42; 1Kor 3.22; 9.5; 15.5; Gal 1.18; 2.9-14; sbr Matt 4.18+<br \/>\n<b>1.14<\/b> Krispus Post 18.8 \u2013 Gajus sbr Post 19.29; R\u00f3m 16.23<br \/>\n<b>1.16<\/b> Heimamenn Stefanusar 1Kor 16.15,17<br \/>\n<b>1.17<\/b> Bo\u00f0a fagna\u00f0arerindi &#8230; sk\u00edra Matt 28.19; J\u00f3h 4.2 \u2013 ekki me\u00f0 l\u00e6r\u00f0u or\u00f0skr\u00fa\u00f0i 1Kor 2.1-5<br \/>\n<b>1.18<\/b> Stefna \u00ed gl\u00f6tun 2Kor 4.3 \u2013 kraftur Gu\u00f0s R\u00f3m 1.16<br \/>\n<b>1.19<\/b> Seki spekinganna Jes 29.14<br \/>\n<b>1.20<\/b> Hvar er vitringur? Jes 19.12 \u2013 hvar fr\u00e6\u00f0ima\u00f0ur? sbr Jes 33.18 \u2013 speki heimsins heimska Jes 44.25<br \/>\n<b>1.21<\/b> \u00deekktu ekki Matt 11.25; R\u00f3m 1.19-21<br \/>\n<b>1.22<\/b> Gy\u00f0ingar heimta t\u00e1kn Matt 12.38; J\u00f3h 4.48 \u2013 Grikkir leita speki Post 17.18,32<br \/>\n<b>1.23<\/b> Gy\u00f0ingum hneyksli R\u00f3m 9.32 \u2013 hei\u00f0ingjum heimska 1Kor 2.14<br \/>\n<b>1.24<\/b> Kristur speki Gu\u00f0s K\u00f3l 2.3<br \/>\n<b>1.25<\/b> Veikleiki Gu\u00f0s 2Kor 13.4<br \/>\n<b>1.26<\/b> Vitur, voldug Matt 11.25; J\u00f3h 7.48; Jak 2.1-5<br \/>\n<b>1.29<\/b> Hr\u00f3sa s\u00e9r R\u00f3m 3.27; Ef 2.9<br \/>\n<b>1.30<\/b> V\u00edsd\u00f3mur, r\u00e9ttl\u00e6ti Jer 23.5-6 \u2013 helgun J\u00f3h 17.19 \u2013 endurlausn 2Kor 5.21<br \/>\n<b>1.31<\/b> S\u00e1, sem &#8230; Jer 9.22-23; 2Kor 10.17<\/div>\n","protected":false},"excerpt":{"rendered":"<p>1P\u00e1ll, kalla\u00f0ur a\u00f0 Gu\u00f0s vilja til a\u00f0 vera postuli Jes\u00fa Krists, og S\u00f3s\u00feenes, br\u00f3\u00f0ir vor, heilsa2s\u00f6fnu\u00f0i Gu\u00f0s \u00ed Korintu, \u00feeim sem helga\u00f0ir eru \u00ed Kristi Jes\u00fa, heilagir a\u00f0 k\u00f6llun til, \u00e1samt \u00f6llum \u00feeim, sem alls sta\u00f0ar \u00e1kalla nafn Drottins vors Jes\u00fa Krists, sem er \u00feeirra Drottinn og vor.3N\u00e1\u00f0 s\u00e9 me\u00f0 y\u00f0ur og fri\u00f0ur fr\u00e1 Gu\u00f0i f\u00f6\u00f0ur vorum og Drottni Jes\u00fa Kristi.4\u00c1vallt \u00feakka \u00e9g Gu\u00f0i m\u00ednum y\u00f0ar vegna fyrir \u00fe\u00e1 n\u00e1\u00f0, sem hann hefur gefi\u00f0 y\u00f0ur \u00ed Kristi Jes\u00fa.5\u00cd honum eru\u00f0 \u00fe\u00e9r au\u00f0ga\u00f0ir or\u00f0nir \u00ed \u00f6llu, \u00ed hvers konar r\u00e6\u00f0u og hvers konar \u00feekkingu.6Vitnisbur\u00f0urinn um Krist er l\u00edka sta\u00f0festur or\u00f0inn \u00e1 <a href=\"https:\/\/biblian.is\/1981\/fyrra-korintubref-1-kafli\/\"> [&#8230;]<\/a><\/p>\n","protected":false},"author":1,"featured_media":0,"parent":0,"menu_order":0,"comment_status":"open","ping_status":"open","template":"bibliukaflar.php","meta":{"footnotes":""},"class_list":["post-2410","page","type-page","status-publish","hentry"],"_links":{"self":[{"href":"https:\/\/biblian.is\/1981\/wp-json\/wp\/v2\/pages\/2410","targetHints":{"allow":["GET"]}}],"collection":[{"href":"https:\/\/biblian.is\/1981\/wp-json\/wp\/v2\/pages"}],"about":[{"href":"https:\/\/biblian.is\/1981\/wp-json\/wp\/v2\/types\/page"}],"author":[{"embeddable":true,"href":"https:\/\/biblian.is\/1981\/wp-json\/wp\/v2\/users\/1"}],"replies":[{"embeddable":true,"href":"https:\/\/biblian.is\/1981\/wp-json\/wp\/v2\/comments?post=2410"}],"version-history":[{"count":0,"href":"https:\/\/biblian.is\/1981\/wp-json\/wp\/v2\/pages\/2410\/revisions"}],"wp:attachment":[{"href":"https:\/\/biblian.is\/1981\/wp-json\/wp\/v2\/media?parent=2410"}],"curies":[{"name":"wp","href":"https:\/\/api.w.org\/{rel}","templated":true}]}}